{"id":7955,"date":"2026-03-16T17:11:05","date_gmt":"2026-03-16T17:11:05","guid":{"rendered":"https:\/\/kiosque.acadienouvelle.com\/acericulture-nb-2026\/croissance-demande-et-territoire-les-dfis-de-lacriculture-au-nouveau-brunswick\/"},"modified":"2026-03-16T17:16:25","modified_gmt":"2026-03-16T17:16:25","slug":"croissance-demande-et-territoire-les-dfis-de-lacriculture-au-nouveau-brunswick","status":"publish","type":"page","link":"https:\/\/kiosque.acadienouvelle.com\/acericulture-nb-2026\/croissance-demande-et-territoire-les-dfis-de-lacriculture-au-nouveau-brunswick\/","title":{"rendered":"Croissance, demande et territoire\u00a0: les d\u00e9fis de l\u2019ac\u00e9riculture au Nouveau-Brunswick"},"content":{"rendered":"\t\t<div data-elementor-type=\"wp-page\" data-elementor-id=\"7955\" class=\"elementor elementor-7955\" data-elementor-post-type=\"page\">\n\t\t\t\t<link rel=\"stylesheet\" href=\"https:\/\/use.fontawesome.com\/releases\/v5.5.0\/css\/all.css\" integrity=\"sha384-B4dIYHKNBt8Bc12p+WXckhzcICo0wtJAoU8YZTY5qE0Id1GSseTk6S+L3BlXeVIU\" crossorigin=\"anonymous\">\r\n\t\t<section class=\"elementor-section elementor-top-section elementor-element elementor-element-50c1b6e elementor-section-height-min-height header_title banner_img elementor-section-boxed elementor-section-height-default elementor-section-items-middle\" data-id=\"50c1b6e\" data-element_type=\"section\" data-e-type=\"section\" data-settings=\"{&quot;background_background&quot;:&quot;classic&quot;}\">\n\t\t\t\t\t\t\t<div class=\"elementor-background-overlay\"><\/div>\n\t\t\t\t\t\t\t<div class=\"elementor-container elementor-column-gap-default\">\n\t\t\t\t\t<div class=\"elementor-column elementor-col-100 elementor-top-column elementor-element elementor-element-3a2d241\" data-id=\"3a2d241\" data-element_type=\"column\" data-e-type=\"column\">\n\t\t\t<div class=\"elementor-widget-wrap elementor-element-populated\">\n\t\t\t\t\t\t<div class=\"elementor-element elementor-element-9673cd2 elementor-widget elementor-widget-heading\" data-id=\"9673cd2\" data-element_type=\"widget\" data-e-type=\"widget\" data-widget_type=\"heading.default\">\n\t\t\t\t<div class=\"elementor-widget-container\">\n\t\t\t\t\t<h2 class=\"elementor-heading-title elementor-size-default\">Croissance, demande et territoire\u00a0: les d\u00e9fis de l\u2019ac\u00e9riculture au Nouveau-Brunswick<\/h2>\t\t\t\t<\/div>\n\t\t\t\t<\/div>\n\t\t\t\t\t<\/div>\n\t\t<\/div>\n\t\t\t\t\t<\/div>\n\t\t<\/section>\n\t\t\t\t<section class=\"elementor-section elementor-top-section elementor-element elementor-element-d9a853a elementor-section-boxed elementor-section-height-default elementor-section-height-default\" data-id=\"d9a853a\" data-element_type=\"section\" data-e-type=\"section\">\n\t\t\t\t\t\t<div class=\"elementor-container elementor-column-gap-default\">\n\t\t\t\t\t<div class=\"elementor-column elementor-col-100 elementor-top-column elementor-element elementor-element-68d9c5a page_contain\" data-id=\"68d9c5a\" data-element_type=\"column\" data-e-type=\"column\" data-settings=\"{&quot;background_background&quot;:&quot;classic&quot;}\">\n\t\t\t<div class=\"elementor-widget-wrap elementor-element-populated\">\n\t\t\t\t\t\t<div class=\"elementor-element elementor-element-50f1f9b elementor-widget elementor-widget-image\" data-id=\"50f1f9b\" data-element_type=\"widget\" data-e-type=\"widget\" data-widget_type=\"image.default\">\n\t\t\t\t<div class=\"elementor-widget-container\">\n\t\t\t\t\t\t\t\t\t\t\t\t<figure class=\"wp-caption\">\n\t\t\t\t\t\t\t\t\t\t<img fetchpriority=\"high\" decoding=\"async\" width=\"1366\" height=\"768\" src=\"https:\/\/kiosque.acadienouvelle.com\/acericulture-nb-2026\/wp-content\/uploads\/sites\/386\/2026\/03\/8-croissance_landing.jpg\" class=\"attachment-full size-full wp-image-7960\" alt=\"\" srcset=\"https:\/\/kiosque.acadienouvelle.com\/acericulture-nb-2026\/wp-content\/uploads\/sites\/386\/2026\/03\/8-croissance_landing.jpg 1366w, https:\/\/kiosque.acadienouvelle.com\/acericulture-nb-2026\/wp-content\/uploads\/sites\/386\/2026\/03\/8-croissance_landing-300x169.jpg 300w, https:\/\/kiosque.acadienouvelle.com\/acericulture-nb-2026\/wp-content\/uploads\/sites\/386\/2026\/03\/8-croissance_landing-1024x576.jpg 1024w, https:\/\/kiosque.acadienouvelle.com\/acericulture-nb-2026\/wp-content\/uploads\/sites\/386\/2026\/03\/8-croissance_landing-768x432.jpg 768w\" sizes=\"(max-width: 1366px) 100vw, 1366px\" \/>\t\t\t\t\t\t\t\t\t\t\t<figcaption class=\"widget-image-caption wp-caption-text\">Un changement des pratiques et des prescriptions de r\u00e9colte s\u2019impose pour prot\u00e9ger les peuplements d\u2019\u00e9rables essentiels \u00e0 la production ac\u00e9ricole.<\/figcaption>\n\t\t\t\t\t\t\t\t\t\t<\/figure>\n\t\t\t\t\t\t\t\t\t<\/div>\n\t\t\t\t<\/div>\n\t\t\t\t<div class=\"elementor-element elementor-element-d0a0a3b mobile_pera elementor-widget elementor-widget-text-editor\" data-id=\"d0a0a3b\" data-element_type=\"widget\" data-e-type=\"widget\" data-widget_type=\"text-editor.default\">\n\t\t\t\t<div class=\"elementor-widget-container\">\n\t\t\t\t\t\t\t\t\t<p>Dans la foul\u00e9e de deux excellentes ann\u00e9es de production, l\u2019industrie du sirop d\u2019\u00e9rable du Nouveau-Brunswick se retrouve \u00e0 l\u2019aube de choix importants. Le directeur g\u00e9n\u00e9ral de l\u2019Association ac\u00e9ricole du Nouveau-Brunswick (AANB), Fr\u00e9d\u00e9rick Dion, estime qu\u2019une vision \u00e0 long terme s\u2019impose afin d\u2019assurer l\u2019avenir de ce secteur strat\u00e9gique.<\/p>\t\t\t\t\t\t\t\t<\/div>\n\t\t\t\t<\/div>\n\t\t\t\t<div class=\"elementor-element elementor-element-8fc8e24 elementor-widget elementor-widget-advertisement\" data-id=\"8fc8e24\" data-element_type=\"widget\" data-e-type=\"widget\" data-widget_type=\"advertisement.default\">\n\t\t\t\t<div class=\"elementor-widget-container\">\n\t\t\t\t\t<div class=\"ads-align-center\"><div data-m32-ad data-options='{\"sizes\":\"[[300,250]]\",\"dfpId\":\"21658289790,27729547\",\"dfpAdUnitPath\":\"acadienouvelle\/cahiers_quarterpage_300x250\"}'><\/div><\/div>\t\t\t\t<\/div>\n\t\t\t\t<\/div>\n\t\t\t\t<div class=\"elementor-element elementor-element-7e43de3 mobile_pera elementor-widget elementor-widget-text-editor\" data-id=\"7e43de3\" data-element_type=\"widget\" data-e-type=\"widget\" data-widget_type=\"text-editor.default\">\n\t\t\t\t<div class=\"elementor-widget-container\">\n\t\t\t\t\t\t\t\t\t<p>Le sirop d\u2019\u00e9rable du Nouveau-Brunswick est pris\u00e9 sur les march\u00e9s mondiaux, mais sa production n\u2019augmente qu\u2019\u00e0 un rythme d\u2019environ 3\u00a0%, alors que la demande mondiale cro\u00eet de pr\u00e8s de 5\u00a0% par ann\u00e9e. Les producteurs de la province ont d\u00e9j\u00e0 am\u00e9lior\u00e9 leur performance gr\u00e2ce \u00e0 l\u2019adoption de nouvelles technologies et \u00e0 des investissements majeurs dans les syst\u00e8mes de r\u00e9colte et de transformation, ce qui a permis d\u2019atteindre des rendements plus \u00e9lev\u00e9s. La prochaine phase de croissance exigera toutefois une augmentation des superficies consacr\u00e9es \u00e0 l\u2019ac\u00e9riculture afin de propulser l\u2019industrie vers un nouveau palier.<\/p>\t\t\t\t\t\t\t\t<\/div>\n\t\t\t\t<\/div>\n\t\t\t\t<div class=\"elementor-element elementor-element-5eb3785 mobile_pera elementor-widget elementor-widget-text-editor\" data-id=\"5eb3785\" data-element_type=\"widget\" data-e-type=\"widget\" data-widget_type=\"text-editor.default\">\n\t\t\t\t<div class=\"elementor-widget-container\">\n\t\t\t\t\t\t\t\t\t<p>L\u2019AANB est d\u2019avis qu\u2019une planification \u00e0 long terme est essentielle pour guider le d\u00e9veloppement de l\u2019industrie au cours des prochaines d\u00e9cennies. Or, le dernier octroi d\u2019hectares suppl\u00e9mentaires de terres de la Couronne destin\u00e9es \u00e0 la production ac\u00e9ricole remonte \u00e0 2023, et rien n\u2019indique pour l\u2019instant que de nouvelles parcelles seront bient\u00f4t accessibles. Une feuille de route \u00e9labor\u00e9e par l\u2019AANB vise \u00e0 sensibiliser les dirigeants politiques et les fonctionnaires provinciaux aux besoins de l\u2019industrie et \u00e0 favoriser sa croissance durable.<\/p>\t\t\t\t\t\t\t\t<\/div>\n\t\t\t\t<\/div>\n\t\t\t\t<div class=\"elementor-element elementor-element-08f3858 mobile_pera elementor-widget elementor-widget-text-editor\" data-id=\"08f3858\" data-element_type=\"widget\" data-e-type=\"widget\" data-widget_type=\"text-editor.default\">\n\t\t\t\t<div class=\"elementor-widget-container\">\n\t\t\t\t\t\t\t\t\t<p>L\u2019AANB croit fermement que les industries ac\u00e9ricole et foresti\u00e8re peuvent cohabiter et partager les ressources foresti\u00e8res de la province. Les m\u00e9thodes de r\u00e9colte du bois doivent toutefois \u00eatre adapt\u00e9es afin de tenir compte des r\u00e9alit\u00e9s et des besoins des deux secteurs. Un changement des pratiques et des prescriptions de r\u00e9colte s\u2019impose pour prot\u00e9ger les peuplements d\u2019\u00e9rables essentiels \u00e0 la production ac\u00e9ricole. Il est \u00e9galement important de rappeler qu\u2019une \u00e9rabli\u00e8re n\u00e9cessite un am\u00e9nagement constant, favorisant la r\u00e9g\u00e9n\u00e9ration et incluant la r\u00e9colte p\u00e9riodique d\u2019un volume significatif de bois, lequel est ensuite dirig\u00e9 vers les usines de transformation. Lorsqu\u2019un bail d\u2019\u00e9rabli\u00e8re est accord\u00e9 sur les terres de la Couronne, l\u2019approvisionnement en bois ne s\u2019interrompt pas\u00a0: il s\u2019effectue plut\u00f4t \u00e0 des intervalles diff\u00e9rents et selon des m\u00e9thodes moins dommageables, assurant le maintien d\u2019\u00e9rabli\u00e8res en sant\u00e9 et productives.<\/p>\t\t\t\t\t\t\t\t<\/div>\n\t\t\t\t<\/div>\n\t\t\t\t<div class=\"elementor-element elementor-element-74263c8 mobile_pera elementor-widget elementor-widget-text-editor\" data-id=\"74263c8\" data-element_type=\"widget\" data-e-type=\"widget\" data-widget_type=\"text-editor.default\">\n\t\t\t\t<div class=\"elementor-widget-container\">\n\t\t\t\t\t\t\t\t\t<p>Afin de r\u00e9pondre \u00e0 la demande croissante et de consolider notre position sur les march\u00e9s, nous devons collectivement reconna\u00eetre que certains peuplements doivent \u00eatre prioritairement destin\u00e9s \u00e0 la production ac\u00e9ricole. Prot\u00e9ger ces peuplements signifie faire un choix strat\u00e9gique\u00a0: celui d\u2019une richesse renouvelable, g\u00e9n\u00e9ratrice de valeur ann\u00e9e apr\u00e8s ann\u00e9e.<\/p>\t\t\t\t\t\t\t\t<\/div>\n\t\t\t\t<\/div>\n\t\t\t\t<div class=\"elementor-element elementor-element-ce6acc3 mobile_pera elementor-widget elementor-widget-text-editor\" data-id=\"ce6acc3\" data-element_type=\"widget\" data-e-type=\"widget\" data-widget_type=\"text-editor.default\">\n\t\t\t\t<div class=\"elementor-widget-container\">\n\t\t\t\t\t\t\t\t\t<p>L\u2019avenir de l\u2019industrie ne d\u00e9pend pas uniquement de notre capacit\u00e9 \u00e0 produire davantage, mais de notre volont\u00e9 d\u2019affecter durablement les bonnes terres au bon usage.<\/p>\t\t\t\t\t\t\t\t<\/div>\n\t\t\t\t<\/div>\n\t\t\t\t<div class=\"elementor-element elementor-element-744d94d mobile_pera elementor-widget elementor-widget-text-editor\" data-id=\"744d94d\" data-element_type=\"widget\" data-e-type=\"widget\" data-widget_type=\"text-editor.default\">\n\t\t\t\t<div class=\"elementor-widget-container\">\n\t\t\t\t\t\t\t\t\t<p><em>Contenu commandit\u00e9<\/em><\/p>\t\t\t\t\t\t\t\t<\/div>\n\t\t\t\t<\/div>\n\t\t\t\t\t<\/div>\n\t\t<\/div>\n\t\t\t\t\t<\/div>\n\t\t<\/section>\n\t\t\t\t<\/div>\n\t\t","protected":false},"excerpt":{"rendered":"<p>Croissance, demande et territoire\u00a0: les d\u00e9fis de l\u2019ac\u00e9riculture au Nouveau-Brunswick Un changement des pratiques et des prescriptions de r\u00e9colte s\u2019impose pour prot\u00e9ger les peuplements d\u2019\u00e9rables essentiels \u00e0 la production ac\u00e9ricole. Dans la foul\u00e9e de deux excellentes ann\u00e9es de production, l\u2019industrie du sirop d\u2019\u00e9rable du Nouveau-Brunswick se retrouve \u00e0 l\u2019aube de choix importants. Le directeur g\u00e9n\u00e9ral [&hellip;]<\/p>\n","protected":false},"author":7,"featured_media":0,"parent":0,"menu_order":8,"comment_status":"closed","ping_status":"closed","template":"","meta":{"site-sidebar-layout":"no-sidebar","site-content-layout":"page-builder","ast-site-content-layout":"default","site-content-style":"default","site-sidebar-style":"default","ast-global-header-display":"","ast-banner-title-visibility":"","ast-main-header-display":"","ast-hfb-above-header-display":"","ast-hfb-below-header-display":"","ast-hfb-mobile-header-display":"","site-post-title":"disabled","ast-breadcrumbs-content":"","ast-featured-img":"disabled","footer-sml-layout":"","ast-disable-related-posts":"","theme-transparent-header-meta":"default","adv-header-id-meta":"","stick-header-meta":"","header-above-stick-meta":"","header-main-stick-meta":"","header-below-stick-meta":"","astra-migrate-meta-layouts":"default","ast-page-background-enabled":"default","ast-page-background-meta":{"desktop":{"background-color":"var(--ast-global-color-4)","background-image":"","background-repeat":"repeat","background-position":"center center","background-size":"auto","background-attachment":"scroll","background-type":"","background-media":"","overlay-type":"","overlay-color":"","overlay-opacity":"","overlay-gradient":""},"tablet":{"background-color":"","background-image":"","background-repeat":"repeat","background-position":"center center","background-size":"auto","background-attachment":"scroll","background-type":"","background-media":"","overlay-type":"","overlay-color":"","overlay-opacity":"","overlay-gradient":""},"mobile":{"background-color":"","background-image":"","background-repeat":"repeat","background-position":"center center","background-size":"auto","background-attachment":"scroll","background-type":"","background-media":"","overlay-type":"","overlay-color":"","overlay-opacity":"","overlay-gradient":""}},"ast-content-background-meta":{"desktop":{"background-color":"var(--ast-global-color-5)","background-image":"","background-repeat":"repeat","background-position":"center center","background-size":"auto","background-attachment":"scroll","background-type":"","background-media":"","overlay-type":"","overlay-color":"","overlay-opacity":"","overlay-gradient":""},"tablet":{"background-color":"var(--ast-global-color-5)","background-image":"","background-repeat":"repeat","background-position":"center center","background-size":"auto","background-attachment":"scroll","background-type":"","background-media":"","overlay-type":"","overlay-color":"","overlay-opacity":"","overlay-gradient":""},"mobile":{"background-color":"var(--ast-global-color-5)","background-image":"","background-repeat":"repeat","background-position":"center center","background-size":"auto","background-attachment":"scroll","background-type":"","background-media":"","overlay-type":"","overlay-color":"","overlay-opacity":"","overlay-gradient":""}},"footnotes":""},"page-categories":[],"class_list":["post-7955","page","type-page","status-publish","hentry"],"_links":{"self":[{"href":"https:\/\/kiosque.acadienouvelle.com\/acericulture-nb-2026\/wp-json\/wp\/v2\/pages\/7955","targetHints":{"allow":["GET"]}}],"collection":[{"href":"https:\/\/kiosque.acadienouvelle.com\/acericulture-nb-2026\/wp-json\/wp\/v2\/pages"}],"about":[{"href":"https:\/\/kiosque.acadienouvelle.com\/acericulture-nb-2026\/wp-json\/wp\/v2\/types\/page"}],"author":[{"embeddable":true,"href":"https:\/\/kiosque.acadienouvelle.com\/acericulture-nb-2026\/wp-json\/wp\/v2\/users\/7"}],"replies":[{"embeddable":true,"href":"https:\/\/kiosque.acadienouvelle.com\/acericulture-nb-2026\/wp-json\/wp\/v2\/comments?post=7955"}],"version-history":[{"count":16,"href":"https:\/\/kiosque.acadienouvelle.com\/acericulture-nb-2026\/wp-json\/wp\/v2\/pages\/7955\/revisions"}],"predecessor-version":[{"id":7975,"href":"https:\/\/kiosque.acadienouvelle.com\/acericulture-nb-2026\/wp-json\/wp\/v2\/pages\/7955\/revisions\/7975"}],"wp:attachment":[{"href":"https:\/\/kiosque.acadienouvelle.com\/acericulture-nb-2026\/wp-json\/wp\/v2\/media?parent=7955"}],"wp:term":[{"taxonomy":"page-categories","embeddable":true,"href":"https:\/\/kiosque.acadienouvelle.com\/acericulture-nb-2026\/wp-json\/wp\/v2\/page-categories?post=7955"}],"curies":[{"name":"wp","href":"https:\/\/api.w.org\/{rel}","templated":true}]}}