{"id":7743,"date":"2026-05-05T17:30:52","date_gmt":"2026-05-05T17:30:52","guid":{"rendered":"https:\/\/kiosque.acadienouvelle.com\/concessionnaire-printemps-2026\/votre-roulotte-est-elle-prete\/"},"modified":"2026-05-06T18:38:24","modified_gmt":"2026-05-06T18:38:24","slug":"votre-roulotte-est-elle-prete","status":"publish","type":"page","link":"https:\/\/kiosque.acadienouvelle.com\/concessionnaire-printemps-2026\/votre-roulotte-est-elle-prete\/","title":{"rendered":"Votre roulotte est-elle pr\u00eate pour la saison?"},"content":{"rendered":"\t\t<div data-elementor-type=\"wp-page\" data-elementor-id=\"7743\" class=\"elementor elementor-7743\" data-elementor-post-type=\"page\">\n\t\t\t\t\t\t<section class=\"elementor-section elementor-top-section elementor-element elementor-element-50c1b6e elementor-section-height-min-height header_title banner_img elementor-section-boxed elementor-section-height-default elementor-section-items-middle\" data-id=\"50c1b6e\" data-element_type=\"section\" data-e-type=\"section\" data-settings=\"{&quot;background_background&quot;:&quot;classic&quot;}\">\n\t\t\t\t\t\t\t<div class=\"elementor-background-overlay\"><\/div>\n\t\t\t\t\t\t\t<div class=\"elementor-container elementor-column-gap-default\">\n\t\t\t\t\t<div class=\"elementor-column elementor-col-100 elementor-top-column elementor-element elementor-element-3a2d241\" data-id=\"3a2d241\" data-element_type=\"column\" data-e-type=\"column\">\n\t\t\t<div class=\"elementor-widget-wrap elementor-element-populated\">\n\t\t\t\t\t\t<div class=\"elementor-element elementor-element-9673cd2 elementor-widget elementor-widget-heading\" data-id=\"9673cd2\" data-element_type=\"widget\" data-e-type=\"widget\" data-widget_type=\"heading.default\">\n\t\t\t\t<div class=\"elementor-widget-container\">\n\t\t\t\t\t<h2 class=\"elementor-heading-title elementor-size-default\">Votre roulotte est-elle pr\u00eate pour la saison?<\/h2>\t\t\t\t<\/div>\n\t\t\t\t<\/div>\n\t\t\t\t\t<\/div>\n\t\t<\/div>\n\t\t\t\t\t<\/div>\n\t\t<\/section>\n\t\t\t\t<section class=\"elementor-section elementor-top-section elementor-element elementor-element-d9a853a elementor-section-boxed elementor-section-height-default elementor-section-height-default\" data-id=\"d9a853a\" data-element_type=\"section\" data-e-type=\"section\">\n\t\t\t\t\t\t<div class=\"elementor-container elementor-column-gap-default\">\n\t\t\t\t\t<div class=\"elementor-column elementor-col-100 elementor-top-column elementor-element elementor-element-68d9c5a page_contain\" data-id=\"68d9c5a\" data-element_type=\"column\" data-e-type=\"column\" data-settings=\"{&quot;background_background&quot;:&quot;classic&quot;}\">\n\t\t\t<div class=\"elementor-widget-wrap elementor-element-populated\">\n\t\t\t\t\t\t<div class=\"elementor-element elementor-element-50f1f9b elementor-widget elementor-widget-image\" data-id=\"50f1f9b\" data-element_type=\"widget\" data-e-type=\"widget\" data-widget_type=\"image.default\">\n\t\t\t\t<div class=\"elementor-widget-container\">\n\t\t\t\t\t\t\t\t\t\t\t\t\t\t\t<img fetchpriority=\"high\" decoding=\"async\" width=\"1366\" height=\"768\" src=\"https:\/\/kiosque.acadienouvelle.com\/concessionnaire-printemps-2026\/wp-content\/uploads\/sites\/399\/2026\/05\/05_iStock-2150368213_land.jpg\" class=\"attachment-full size-full wp-image-7790\" alt=\"\" srcset=\"https:\/\/kiosque.acadienouvelle.com\/concessionnaire-printemps-2026\/wp-content\/uploads\/sites\/399\/2026\/05\/05_iStock-2150368213_land.jpg 1366w, https:\/\/kiosque.acadienouvelle.com\/concessionnaire-printemps-2026\/wp-content\/uploads\/sites\/399\/2026\/05\/05_iStock-2150368213_land-300x169.jpg 300w, https:\/\/kiosque.acadienouvelle.com\/concessionnaire-printemps-2026\/wp-content\/uploads\/sites\/399\/2026\/05\/05_iStock-2150368213_land-1024x576.jpg 1024w, https:\/\/kiosque.acadienouvelle.com\/concessionnaire-printemps-2026\/wp-content\/uploads\/sites\/399\/2026\/05\/05_iStock-2150368213_land-768x432.jpg 768w\" sizes=\"(max-width: 1366px) 100vw, 1366px\" \/>\t\t\t\t\t\t\t\t\t\t\t\t\t\t\t<\/div>\n\t\t\t\t<\/div>\n\t\t<link rel=\"stylesheet\" href=\"https:\/\/use.fontawesome.com\/releases\/v5.5.0\/css\/all.css\" integrity=\"sha384-B4dIYHKNBt8Bc12p+WXckhzcICo0wtJAoU8YZTY5qE0Id1GSseTk6S+L3BlXeVIU\" crossorigin=\"anonymous\">\r\n\t\t<div class=\"elementor-element elementor-element-d0a0a3b mobile_pera elementor-widget elementor-widget-text-editor\" data-id=\"d0a0a3b\" data-element_type=\"widget\" data-e-type=\"widget\" data-widget_type=\"text-editor.default\">\n\t\t\t\t<div class=\"elementor-widget-container\">\n\t\t\t\t\t\t\t\t\tLa plupart des terrains de camping du Nouveau-Brunswick ouvrent leurs portes au mois de mai. Votre roulotte est-elle pr\u00eate pour la saison estivale?\t\t\t\t\t\t\t\t<\/div>\n\t\t\t\t<\/div>\n\t\t\t\t<div class=\"elementor-element elementor-element-78f2626 mobile_pera elementor-widget elementor-widget-text-editor\" data-id=\"78f2626\" data-element_type=\"widget\" data-e-type=\"widget\" data-widget_type=\"text-editor.default\">\n\t\t\t\t<div class=\"elementor-widget-container\">\n\t\t\t\t\t\t\t\t\tTout d\u2019abord, une visite chez votre concessionnaire est de mise pour renouveler la vignette de la roulotte lorsqu\u2019elle est \u00e9chue. Cette inspection annuelle v\u00e9rifie notamment le syst\u00e8me de freinage, l\u2019\u00e9clairage avec les feux de signalisation et pour les freins, le syst\u00e8me d\u2019accouplement, ainsi que les roues et les pneus.\n\t\t\t\t\t\t\t\t<\/div>\n\t\t\t\t<\/div>\n\t\t\t\t<div class=\"elementor-element elementor-element-5290033 mobile_pera elementor-widget elementor-widget-text-editor\" data-id=\"5290033\" data-element_type=\"widget\" data-e-type=\"widget\" data-widget_type=\"text-editor.default\">\n\t\t\t\t<div class=\"elementor-widget-container\">\n\t\t\t\t\t\t\t\t\tLes sp\u00e9cialistes de votre concessionnaire pourront \u00e9galement profiter de votre visite pour effectuer la \u00ab d\u00e9shiv\u00e9risation \u00bb du syst\u00e8me de plomberie. En effet, tous les tuyaux d\u2019eau d\u2019une roulotte sont commun\u00e9ment remplis d\u2019antigel pour les prot\u00e9ger en hiver et ce liquide doit \u00eatre retir\u00e9 de fa\u00e7on s\u00e9curitaire. Votre concessionnaire en profite habituellement pour v\u00e9rifier si des bris seraient survenus pour \u00e9viter des fuites d\u2019eau inattendues. Vous pouvez en plus demander une v\u00e9rification visuelle de l\u2019ext\u00e9rieur de la roulotte pour l\u2019\u00e9tanch\u00e9it\u00e9 de tous les joints autour des portes, des fen\u00eatres et des panneaux. Une inspection du toit est aussi de mise quelques fois par ann\u00e9e pour soigneusement examiner le calfeutrant et rep\u00e9rer toutes les fissures avant qu\u2019elles n\u2019occasionnent une fuite d\u2019eau.\n\t\t\t\t\t\t\t\t<\/div>\n\t\t\t\t<\/div>\n\t\t\t\t<div class=\"elementor-element elementor-element-efa7ab8 elementor-widget elementor-widget-advertisement\" data-id=\"efa7ab8\" data-element_type=\"widget\" data-e-type=\"widget\" data-widget_type=\"advertisement.default\">\n\t\t\t\t<div class=\"elementor-widget-container\">\n\t\t\t\t\t<div class=\"ads-align-center\"><div style=\"min-width:320px\"  data-m32-ad data-options='{\"sizes\":\"[[320,480]]\",\"dfpId\":\"21658289790,27729547\",\"dfpAdUnitPath\":\"acadienouvelle\/cahiers_halfpage_320x480\"}'><\/div><\/div>\t\t\t\t<\/div>\n\t\t\t\t<\/div>\n\t\t\t\t<div class=\"elementor-element elementor-element-6b5fefa mobile_pera elementor-widget elementor-widget-text-editor\" data-id=\"6b5fefa\" data-element_type=\"widget\" data-e-type=\"widget\" data-widget_type=\"text-editor.default\">\n\t\t\t\t<div class=\"elementor-widget-container\">\n\t\t\t\t\t\t\t\t\tDe votre c\u00f4t\u00e9, vous pouvez profiter de la venue du beau temps pour nettoyer \u00e0 fond l\u2019int\u00e9rieur et l\u2019ext\u00e9rieur de la roulotte. Un coup d\u2019aspirateur \u00e9limine la poussi\u00e8re et les quelques fils d\u2019araign\u00e9e qui se seraient accumul\u00e9s depuis l\u2019automne. Lorsque vous laverez les armoires, profitez-en pour inspecter votre ensemble de vaisselle afin de v\u00e9rifier si rien n\u2019a \u00e9t\u00e9 abim\u00e9 depuis votre derni\u00e8re sortie.\n\t\t\t\t\t\t\t\t<\/div>\n\t\t\t\t<\/div>\n\t\t\t\t<div class=\"elementor-element elementor-element-5de0707 mobile_pera elementor-widget elementor-widget-text-editor\" data-id=\"5de0707\" data-element_type=\"widget\" data-e-type=\"widget\" data-widget_type=\"text-editor.default\">\n\t\t\t\t<div class=\"elementor-widget-container\">\n\t\t\t\t\t\t\t\t\tAvant de partir pour votre premi\u00e8re nuit\u00e9e, v\u00e9rifiez que tout fonctionne bien : le r\u00e9frig\u00e9rateur, la cuisini\u00e8re, le barbecue, le ventilateur, le chauffage, etc. Enfin, faites remplir votre bonbonne de propane et vous serez pr\u00eat pour une nouvelle saison de camping dans votre roulotte!\t\t\t\t\t\t\t\t<\/div>\n\t\t\t\t<\/div>\n\t\t\t\t\t<\/div>\n\t\t<\/div>\n\t\t\t\t\t<\/div>\n\t\t<\/section>\n\t\t\t\t<\/div>\n\t\t","protected":false},"excerpt":{"rendered":"<p>Votre roulotte est-elle pr\u00eate pour la saison? La plupart des terrains de camping du Nouveau-Brunswick ouvrent leurs portes au mois de mai. Votre roulotte est-elle pr\u00eate pour la saison estivale?Tout d\u2019abord, une visite chez votre concessionnaire est de mise pour renouveler la vignette de la roulotte lorsqu\u2019elle est \u00e9chue. Cette inspection annuelle v\u00e9rifie notamment le [&hellip;]<\/p>\n","protected":false},"author":1,"featured_media":0,"parent":0,"menu_order":5,"comment_status":"closed","ping_status":"closed","template":"","meta":{"site-sidebar-layout":"no-sidebar","site-content-layout":"page-builder","ast-site-content-layout":"default","site-content-style":"default","site-sidebar-style":"default","ast-global-header-display":"","ast-banner-title-visibility":"","ast-main-header-display":"","ast-hfb-above-header-display":"","ast-hfb-below-header-display":"","ast-hfb-mobile-header-display":"","site-post-title":"disabled","ast-breadcrumbs-content":"","ast-featured-img":"disabled","footer-sml-layout":"","ast-disable-related-posts":"","theme-transparent-header-meta":"default","adv-header-id-meta":"","stick-header-meta":"","header-above-stick-meta":"","header-main-stick-meta":"","header-below-stick-meta":"","astra-migrate-meta-layouts":"default","ast-page-background-enabled":"default","ast-page-background-meta":{"desktop":{"background-color":"var(--ast-global-color-4)","background-image":"","background-repeat":"repeat","background-position":"center center","background-size":"auto","background-attachment":"scroll","background-type":"","background-media":"","overlay-type":"","overlay-color":"","overlay-opacity":"","overlay-gradient":""},"tablet":{"background-color":"","background-image":"","background-repeat":"repeat","background-position":"center center","background-size":"auto","background-attachment":"scroll","background-type":"","background-media":"","overlay-type":"","overlay-color":"","overlay-opacity":"","overlay-gradient":""},"mobile":{"background-color":"","background-image":"","background-repeat":"repeat","background-position":"center center","background-size":"auto","background-attachment":"scroll","background-type":"","background-media":"","overlay-type":"","overlay-color":"","overlay-opacity":"","overlay-gradient":""}},"ast-content-background-meta":{"desktop":{"background-color":"var(--ast-global-color-5)","background-image":"","background-repeat":"repeat","background-position":"center center","background-size":"auto","background-attachment":"scroll","background-type":"","background-media":"","overlay-type":"","overlay-color":"","overlay-opacity":"","overlay-gradient":""},"tablet":{"background-color":"var(--ast-global-color-5)","background-image":"","background-repeat":"repeat","background-position":"center center","background-size":"auto","background-attachment":"scroll","background-type":"","background-media":"","overlay-type":"","overlay-color":"","overlay-opacity":"","overlay-gradient":""},"mobile":{"background-color":"var(--ast-global-color-5)","background-image":"","background-repeat":"repeat","background-position":"center center","background-size":"auto","background-attachment":"scroll","background-type":"","background-media":"","overlay-type":"","overlay-color":"","overlay-opacity":"","overlay-gradient":""}},"footnotes":""},"page-categories":[],"class_list":["post-7743","page","type-page","status-publish","hentry"],"_links":{"self":[{"href":"https:\/\/kiosque.acadienouvelle.com\/concessionnaire-printemps-2026\/wp-json\/wp\/v2\/pages\/7743","targetHints":{"allow":["GET"]}}],"collection":[{"href":"https:\/\/kiosque.acadienouvelle.com\/concessionnaire-printemps-2026\/wp-json\/wp\/v2\/pages"}],"about":[{"href":"https:\/\/kiosque.acadienouvelle.com\/concessionnaire-printemps-2026\/wp-json\/wp\/v2\/types\/page"}],"author":[{"embeddable":true,"href":"https:\/\/kiosque.acadienouvelle.com\/concessionnaire-printemps-2026\/wp-json\/wp\/v2\/users\/1"}],"replies":[{"embeddable":true,"href":"https:\/\/kiosque.acadienouvelle.com\/concessionnaire-printemps-2026\/wp-json\/wp\/v2\/comments?post=7743"}],"version-history":[{"count":4,"href":"https:\/\/kiosque.acadienouvelle.com\/concessionnaire-printemps-2026\/wp-json\/wp\/v2\/pages\/7743\/revisions"}],"predecessor-version":[{"id":7793,"href":"https:\/\/kiosque.acadienouvelle.com\/concessionnaire-printemps-2026\/wp-json\/wp\/v2\/pages\/7743\/revisions\/7793"}],"wp:attachment":[{"href":"https:\/\/kiosque.acadienouvelle.com\/concessionnaire-printemps-2026\/wp-json\/wp\/v2\/media?parent=7743"}],"wp:term":[{"taxonomy":"page-categories","embeddable":true,"href":"https:\/\/kiosque.acadienouvelle.com\/concessionnaire-printemps-2026\/wp-json\/wp\/v2\/page-categories?post=7743"}],"curies":[{"name":"wp","href":"https:\/\/api.w.org\/{rel}","templated":true}]}}