{"id":110,"date":"2021-09-17T08:44:07","date_gmt":"2021-09-17T08:44:07","guid":{"rendered":"https:\/\/kiosque.acadienouvelle.com\/acericulture\/?page_id=110"},"modified":"2026-01-19T17:50:51","modified_gmt":"2026-01-19T17:50:51","slug":"gabarit-landing-page","status":"publish","type":"page","link":"https:\/\/kiosque.acadienouvelle.com\/destination-soleil-2026\/gabarit-landing-page\/","title":{"rendered":"Conseils pr\u00e9cieux lorsque vous partez en voyage!"},"content":{"rendered":"\t\t<div data-elementor-type=\"wp-page\" data-elementor-id=\"110\" class=\"elementor elementor-110\" data-elementor-post-type=\"page\">\n\t\t\t\t\t\t<section class=\"elementor-section elementor-top-section elementor-element elementor-element-50c1b6e elementor-section-height-min-height header_title banner_img elementor-section-boxed elementor-section-height-default elementor-section-items-middle\" data-id=\"50c1b6e\" data-element_type=\"section\" data-e-type=\"section\" data-settings=\"{&quot;background_background&quot;:&quot;classic&quot;}\">\n\t\t\t\t\t\t\t<div class=\"elementor-background-overlay\"><\/div>\n\t\t\t\t\t\t\t<div class=\"elementor-container elementor-column-gap-default\">\n\t\t\t\t\t<div class=\"elementor-column elementor-col-100 elementor-top-column elementor-element elementor-element-3a2d241\" data-id=\"3a2d241\" data-element_type=\"column\" data-e-type=\"column\">\n\t\t\t<div class=\"elementor-widget-wrap elementor-element-populated\">\n\t\t\t\t\t\t<div class=\"elementor-element elementor-element-9673cd2 elementor-widget elementor-widget-heading\" data-id=\"9673cd2\" data-element_type=\"widget\" data-e-type=\"widget\" data-widget_type=\"heading.default\">\n\t\t\t\t<div class=\"elementor-widget-container\">\n\t\t\t\t\t<h2 class=\"elementor-heading-title elementor-size-default\">Conseils pr\u00e9cieux lorsque vous partez en voyage!\n<\/h2>\t\t\t\t<\/div>\n\t\t\t\t<\/div>\n\t\t\t\t\t<\/div>\n\t\t<\/div>\n\t\t\t\t\t<\/div>\n\t\t<\/section>\n\t\t\t\t<section class=\"elementor-section elementor-top-section elementor-element elementor-element-d9a853a elementor-section-boxed elementor-section-height-default elementor-section-height-default\" data-id=\"d9a853a\" data-element_type=\"section\" data-e-type=\"section\">\n\t\t\t\t\t\t<div class=\"elementor-container elementor-column-gap-default\">\n\t\t\t\t\t<div class=\"elementor-column elementor-col-100 elementor-top-column elementor-element elementor-element-68d9c5a page_contain\" data-id=\"68d9c5a\" data-element_type=\"column\" data-e-type=\"column\" data-settings=\"{&quot;background_background&quot;:&quot;classic&quot;}\">\n\t\t\t<div class=\"elementor-widget-wrap elementor-element-populated\">\n\t\t\t\t\t\t<div class=\"elementor-element elementor-element-50f1f9b elementor-widget elementor-widget-image\" data-id=\"50f1f9b\" data-element_type=\"widget\" data-e-type=\"widget\" data-widget_type=\"image.default\">\n\t\t\t\t<div class=\"elementor-widget-container\">\n\t\t\t\t\t\t\t\t\t\t\t\t<figure class=\"wp-caption\">\n\t\t\t\t\t\t\t\t\t\t<img fetchpriority=\"high\" decoding=\"async\" width=\"1366\" height=\"768\" src=\"https:\/\/kiosque.acadienouvelle.com\/destination-soleil-2026\/wp-content\/uploads\/sites\/378\/2026\/01\/Back.jpg\" class=\"attachment-full size-full wp-image-7739\" alt=\"\" srcset=\"https:\/\/kiosque.acadienouvelle.com\/destination-soleil-2026\/wp-content\/uploads\/sites\/378\/2026\/01\/Back.jpg 1366w, https:\/\/kiosque.acadienouvelle.com\/destination-soleil-2026\/wp-content\/uploads\/sites\/378\/2026\/01\/Back-300x169.jpg 300w, https:\/\/kiosque.acadienouvelle.com\/destination-soleil-2026\/wp-content\/uploads\/sites\/378\/2026\/01\/Back-1024x576.jpg 1024w, https:\/\/kiosque.acadienouvelle.com\/destination-soleil-2026\/wp-content\/uploads\/sites\/378\/2026\/01\/Back-768x432.jpg 768w\" sizes=\"(max-width: 1366px) 100vw, 1366px\" \/>\t\t\t\t\t\t\t\t\t\t\t<figcaption class=\"widget-image-caption wp-caption-text\"><\/figcaption>\n\t\t\t\t\t\t\t\t\t\t<\/figure>\n\t\t\t\t\t\t\t\t\t<\/div>\n\t\t\t\t<\/div>\n\t\t<link rel=\"stylesheet\" href=\"https:\/\/use.fontawesome.com\/releases\/v5.5.0\/css\/all.css\" integrity=\"sha384-B4dIYHKNBt8Bc12p+WXckhzcICo0wtJAoU8YZTY5qE0Id1GSseTk6S+L3BlXeVIU\" crossorigin=\"anonymous\">\r\n\t\t<div class=\"elementor-element elementor-element-d0a0a3b mobile_pera elementor-widget elementor-widget-text-editor\" data-id=\"d0a0a3b\" data-element_type=\"widget\" data-e-type=\"widget\" data-widget_type=\"text-editor.default\">\n\t\t\t\t<div class=\"elementor-widget-container\">\n\t\t\t\t\t\t\t\t\t<p>Il n\u2019y a rien comme des vacances pour d\u00e9couvrir de nouveaux paysages et s\u2019impr\u00e9gner de la culture locale. Mais il y a aussi plusieurs \u00e9l\u00e9ments \u00e0 consid\u00e9rer \u2014 voici quelques conseils \u00e0 garder en t\u00eate lors de la planification d\u2019un voyage \u00e0 l\u2019\u00e9tranger.<\/p>\t\t\t\t\t\t\t\t<\/div>\n\t\t\t\t<\/div>\n\t\t\t\t<div class=\"elementor-element elementor-element-8225c75 elementor-widget elementor-widget-advertisement\" data-id=\"8225c75\" data-element_type=\"widget\" data-e-type=\"widget\" data-widget_type=\"advertisement.default\">\n\t\t\t\t<div class=\"elementor-widget-container\">\n\t\t\t\t\t<div class=\"ads-align-center\"><div data-m32-ad data-options='{\"sizes\":\"[[300,100]]\",\"dfpId\":\"21658289790,27729547\",\"dfpAdUnitPath\":\"acadienouvelle\/cahiers_onefifthpage_300x100\"}'><\/div><\/div>\t\t\t\t<\/div>\n\t\t\t\t<\/div>\n\t\t\t\t<div class=\"elementor-element elementor-element-74263c8 mobile_pera elementor-widget elementor-widget-text-editor\" data-id=\"74263c8\" data-element_type=\"widget\" data-e-type=\"widget\" data-widget_type=\"text-editor.default\">\n\t\t\t\t<div class=\"elementor-widget-container\">\n\t\t\t\t\t\t\t\t\t<ul>\n<li><b>V\u00e9rifiez ce que vous devez apporter.<\/b> Certains pays ont des restrictions qui ne sont pas toujours \u00e9videntes au premier abord. Il est recommand\u00e9 de v\u00e9rifier attentivement les exigences de chaque destination, surtout si vous voyagez avec un animal de compagnie ou des m\u00e9dicaments sur ordonnance. Et bien s\u00fbr, n\u2019oubliez pas de v\u00e9rifier les exigences en mati\u00e8re de visa et de passeport.<\/li>\n<li><b>R\u00e9servez vos attractions \u00e0 l\u2019avance.<\/b> Les attractions touristiques peuvent se remplir \u00e9tonnamment vite, surtout les lieux embl\u00e9matiques comme le Louvre \u00e0 Paris ou le Machu Picchu au P\u00e9rou. Plusieurs voyageurs trouvent utile de r\u00e9server en ligne ou avec l\u2019aide d\u2019un agent de voyage \u2014 cela peut aussi permettre de profiter de tarifs avantageux.<\/li>\n<li><b>Gardez vos bagages l\u00e9gers.<\/b> Certains recommandent de r\u00e9duire de moiti\u00e9 ce qu\u2019on pr\u00e9voit d\u2019emporter au d\u00e9part. Par exemple, pensez \u00e0 apporter une liseuse \u00e9lectronique au lieu de plusieurs livres ou magazines. Si possible, limitez-vous aux bagages \u00e0 main et \u00e9vitez d\u2019enregistrer des valises si vous prenez l\u2019avion.<\/li>\n<li><b>\u00c9changez des devises \u00e0 la maison.<\/b> Les taux de change sont g\u00e9n\u00e9ralement plus avantageux au Canada que dans le pays de destination. Mais il est bon d\u2019appeler la banque ou le bureau de change avant de s\u2019y rendre pour s\u2019assurer <br>qu\u2019ils ont la devise souhait\u00e9e en stock.<\/li>\n<li><b>Attention aux frais d\u2019itin\u00e9rance.<\/b> Les fournisseurs de services cellulaires doivent informer leurs clients lorsqu\u2019ils sont en itin\u00e9rance \u00e0 l\u2019\u00e9tranger, et ils ne peuvent pas facturer plus de cent dollars par cycle de facturation, \u00e0 moins que le client n\u2019y ait consenti.<\/li>\n<\/ul>\t\t\t\t\t\t\t\t<\/div>\n\t\t\t\t<\/div>\n\t\t\t\t<div class=\"elementor-element elementor-element-a87efdf mobile_pera elementor-widget elementor-widget-text-editor\" data-id=\"a87efdf\" data-element_type=\"widget\" data-e-type=\"widget\" data-widget_type=\"text-editor.default\">\n\t\t\t\t<div class=\"elementor-widget-container\">\n\t\t\t\t\t\t\t\t\t<p>Examinez attentivement vos factures au retour et communiquez avec votre fournisseur en cas de frais inattendus. Si le probl\u00e8me n\u2019est pas r\u00e9gl\u00e9, sachez que vous avez le droit de d\u00e9poser une plainte.<\/p>\t\t\t\t\t\t\t\t<\/div>\n\t\t\t\t<\/div>\n\t\t\t\t<div class=\"elementor-element elementor-element-283352f mobile_pera elementor-widget elementor-widget-text-editor\" data-id=\"283352f\" data-element_type=\"widget\" data-e-type=\"widget\" data-widget_type=\"text-editor.default\">\n\t\t\t\t<div class=\"elementor-widget-container\">\n\t\t\t\t\t\t\t\t\t<p><strong>Pour en savoir plus, visitez le site fr.foryourlife.ca\/voyage.<\/strong><\/p>\t\t\t\t\t\t\t\t<\/div>\n\t\t\t\t<\/div>\n\t\t\t\t<div class=\"elementor-element elementor-element-c753a68 mobile_pera elementor-widget elementor-widget-text-editor\" data-id=\"c753a68\" data-element_type=\"widget\" data-e-type=\"widget\" data-widget_type=\"text-editor.default\">\n\t\t\t\t<div class=\"elementor-widget-container\">\n\t\t\t\t\t\t\t\t\t<p>Source : \u00c9dition Nouvelles<\/p>\t\t\t\t\t\t\t\t<\/div>\n\t\t\t\t<\/div>\n\t\t\t\t\t<\/div>\n\t\t<\/div>\n\t\t\t\t\t<\/div>\n\t\t<\/section>\n\t\t\t\t<\/div>\n\t\t","protected":false},"excerpt":{"rendered":"<p>Conseils pr\u00e9cieux lorsque vous partez en voyage! Il n\u2019y a rien comme des vacances pour d\u00e9couvrir de nouveaux paysages et s\u2019impr\u00e9gner de la culture locale. Mais il y a aussi plusieurs \u00e9l\u00e9ments \u00e0 consid\u00e9rer \u2014 voici quelques conseils \u00e0 garder en t\u00eate lors de la planification d\u2019un voyage \u00e0 l\u2019\u00e9tranger. V\u00e9rifiez ce que vous devez [&hellip;]<\/p>\n","protected":false},"author":1,"featured_media":0,"parent":0,"menu_order":2,"comment_status":"closed","ping_status":"closed","template":"","meta":{"site-sidebar-layout":"no-sidebar","site-content-layout":"page-builder","ast-site-content-layout":"default","site-content-style":"default","site-sidebar-style":"default","ast-global-header-display":"","ast-banner-title-visibility":"","ast-main-header-display":"","ast-hfb-above-header-display":"","ast-hfb-below-header-display":"","ast-hfb-mobile-header-display":"","site-post-title":"disabled","ast-breadcrumbs-content":"","ast-featured-img":"disabled","footer-sml-layout":"","ast-disable-related-posts":"","theme-transparent-header-meta":"default","adv-header-id-meta":"","stick-header-meta":"","header-above-stick-meta":"","header-main-stick-meta":"","header-below-stick-meta":"","astra-migrate-meta-layouts":"default","ast-page-background-enabled":"default","ast-page-background-meta":{"desktop":{"background-color":"var(--ast-global-color-4)","background-image":"","background-repeat":"repeat","background-position":"center center","background-size":"auto","background-attachment":"scroll","background-type":"","background-media":"","overlay-type":"","overlay-color":"","overlay-opacity":"","overlay-gradient":""},"tablet":{"background-color":"","background-image":"","background-repeat":"repeat","background-position":"center center","background-size":"auto","background-attachment":"scroll","background-type":"","background-media":"","overlay-type":"","overlay-color":"","overlay-opacity":"","overlay-gradient":""},"mobile":{"background-color":"","background-image":"","background-repeat":"repeat","background-position":"center center","background-size":"auto","background-attachment":"scroll","background-type":"","background-media":"","overlay-type":"","overlay-color":"","overlay-opacity":"","overlay-gradient":""}},"ast-content-background-meta":{"desktop":{"background-color":"var(--ast-global-color-5)","background-image":"","background-repeat":"repeat","background-position":"center center","background-size":"auto","background-attachment":"scroll","background-type":"","background-media":"","overlay-type":"","overlay-color":"","overlay-opacity":"","overlay-gradient":""},"tablet":{"background-color":"var(--ast-global-color-5)","background-image":"","background-repeat":"repeat","background-position":"center center","background-size":"auto","background-attachment":"scroll","background-type":"","background-media":"","overlay-type":"","overlay-color":"","overlay-opacity":"","overlay-gradient":""},"mobile":{"background-color":"var(--ast-global-color-5)","background-image":"","background-repeat":"repeat","background-position":"center center","background-size":"auto","background-attachment":"scroll","background-type":"","background-media":"","overlay-type":"","overlay-color":"","overlay-opacity":"","overlay-gradient":""}},"footnotes":""},"page-categories":[],"class_list":["post-110","page","type-page","status-publish","hentry"],"_links":{"self":[{"href":"https:\/\/kiosque.acadienouvelle.com\/destination-soleil-2026\/wp-json\/wp\/v2\/pages\/110","targetHints":{"allow":["GET"]}}],"collection":[{"href":"https:\/\/kiosque.acadienouvelle.com\/destination-soleil-2026\/wp-json\/wp\/v2\/pages"}],"about":[{"href":"https:\/\/kiosque.acadienouvelle.com\/destination-soleil-2026\/wp-json\/wp\/v2\/types\/page"}],"author":[{"embeddable":true,"href":"https:\/\/kiosque.acadienouvelle.com\/destination-soleil-2026\/wp-json\/wp\/v2\/users\/1"}],"replies":[{"embeddable":true,"href":"https:\/\/kiosque.acadienouvelle.com\/destination-soleil-2026\/wp-json\/wp\/v2\/comments?post=110"}],"version-history":[{"count":392,"href":"https:\/\/kiosque.acadienouvelle.com\/destination-soleil-2026\/wp-json\/wp\/v2\/pages\/110\/revisions"}],"predecessor-version":[{"id":7810,"href":"https:\/\/kiosque.acadienouvelle.com\/destination-soleil-2026\/wp-json\/wp\/v2\/pages\/110\/revisions\/7810"}],"wp:attachment":[{"href":"https:\/\/kiosque.acadienouvelle.com\/destination-soleil-2026\/wp-json\/wp\/v2\/media?parent=110"}],"wp:term":[{"taxonomy":"page-categories","embeddable":true,"href":"https:\/\/kiosque.acadienouvelle.com\/destination-soleil-2026\/wp-json\/wp\/v2\/page-categories?post=110"}],"curies":[{"name":"wp","href":"https:\/\/api.w.org\/{rel}","templated":true}]}}