{"id":7784,"date":"2026-03-19T16:09:57","date_gmt":"2026-03-19T16:09:57","guid":{"rendered":"https:\/\/kiosque.acadienouvelle.com\/les-specialistes-01-2026\/testaments-et-procuration-quelques-termes-de-base-connaitre\/"},"modified":"2026-03-27T14:38:35","modified_gmt":"2026-03-27T14:38:35","slug":"testaments-et-procuration-quelques-termes-de-base-connaitre","status":"publish","type":"page","link":"https:\/\/kiosque.acadienouvelle.com\/les-specialistes-01-2026\/testaments-et-procuration-quelques-termes-de-base-connaitre\/","title":{"rendered":"Quelques trucs pour \u00e9conomiser"},"content":{"rendered":"\t\t<div data-elementor-type=\"wp-page\" data-elementor-id=\"7784\" class=\"elementor elementor-7784\" data-elementor-post-type=\"page\">\n\t\t\t\t\t\t<section class=\"elementor-section elementor-top-section elementor-element elementor-element-50c1b6e elementor-section-height-min-height header_title banner_img elementor-section-boxed elementor-section-height-default elementor-section-items-middle\" data-id=\"50c1b6e\" data-element_type=\"section\" data-e-type=\"section\" data-settings=\"{&quot;background_background&quot;:&quot;classic&quot;}\">\n\t\t\t\t\t\t\t<div class=\"elementor-background-overlay\"><\/div>\n\t\t\t\t\t\t\t<div class=\"elementor-container elementor-column-gap-default\">\n\t\t\t\t\t<div class=\"elementor-column elementor-col-100 elementor-top-column elementor-element elementor-element-3a2d241\" data-id=\"3a2d241\" data-element_type=\"column\" data-e-type=\"column\">\n\t\t\t<div class=\"elementor-widget-wrap elementor-element-populated\">\n\t\t\t\t\t\t<div class=\"elementor-element elementor-element-9673cd2 elementor-widget elementor-widget-heading\" data-id=\"9673cd2\" data-element_type=\"widget\" data-e-type=\"widget\" data-widget_type=\"heading.default\">\n\t\t\t\t<div class=\"elementor-widget-container\">\n\t\t\t\t\t<h2 class=\"elementor-heading-title elementor-size-default\">Quelques trucs pour \u00e9conomiser<\/h2>\t\t\t\t<\/div>\n\t\t\t\t<\/div>\n\t\t\t\t\t<\/div>\n\t\t<\/div>\n\t\t\t\t\t<\/div>\n\t\t<\/section>\n\t\t\t\t<section class=\"elementor-section elementor-top-section elementor-element elementor-element-e8d7144 elementor-section-boxed elementor-section-height-default elementor-section-height-default\" data-id=\"e8d7144\" data-element_type=\"section\" data-e-type=\"section\">\n\t\t\t\t\t\t<div class=\"elementor-container elementor-column-gap-default\">\n\t\t\t\t\t<div class=\"elementor-column elementor-col-100 elementor-top-column elementor-element elementor-element-293da25\" data-id=\"293da25\" data-element_type=\"column\" data-e-type=\"column\">\n\t\t\t<div class=\"elementor-widget-wrap elementor-element-populated\">\n\t\t\t\t<link rel=\"stylesheet\" href=\"https:\/\/use.fontawesome.com\/releases\/v5.5.0\/css\/all.css\" integrity=\"sha384-B4dIYHKNBt8Bc12p+WXckhzcICo0wtJAoU8YZTY5qE0Id1GSseTk6S+L3BlXeVIU\" crossorigin=\"anonymous\">\r\n\t\t<div class=\"elementor-element elementor-element-ab76c4a elementor-widget elementor-widget-advertisement\" data-id=\"ab76c4a\" data-element_type=\"widget\" data-e-type=\"widget\" data-widget_type=\"advertisement.default\">\n\t\t\t\t<div class=\"elementor-widget-container\">\n\t\t\t\t\t<div class=\"ads-align-center\"><div data-m32-ad data-options='{\"sizes\":\"[[300,600]]\",\"dfpId\":\"21658289790,27729547\",\"dfpAdUnitPath\":\"acadienouvelle\/cahiers_fullpage_300x600\"}'><\/div><\/div>\t\t\t\t<\/div>\n\t\t\t\t<\/div>\n\t\t\t\t\t<\/div>\n\t\t<\/div>\n\t\t\t\t\t<\/div>\n\t\t<\/section>\n\t\t\t\t<section class=\"elementor-section elementor-top-section elementor-element elementor-element-d9a853a elementor-section-boxed elementor-section-height-default elementor-section-height-default\" data-id=\"d9a853a\" data-element_type=\"section\" data-e-type=\"section\">\n\t\t\t\t\t\t<div class=\"elementor-container elementor-column-gap-default\">\n\t\t\t\t\t<div class=\"elementor-column elementor-col-100 elementor-top-column elementor-element elementor-element-68d9c5a page_contain\" data-id=\"68d9c5a\" data-element_type=\"column\" data-e-type=\"column\" data-settings=\"{&quot;background_background&quot;:&quot;classic&quot;}\">\n\t\t\t<div class=\"elementor-widget-wrap elementor-element-populated\">\n\t\t\t\t\t\t<div class=\"elementor-element elementor-element-50f1f9b elementor-widget elementor-widget-image\" data-id=\"50f1f9b\" data-element_type=\"widget\" data-e-type=\"widget\" data-widget_type=\"image.default\">\n\t\t\t\t<div class=\"elementor-widget-container\">\n\t\t\t\t\t\t\t\t\t\t\t\t<figure class=\"wp-caption\">\n\t\t\t\t\t\t\t\t\t\t<img fetchpriority=\"high\" decoding=\"async\" width=\"1366\" height=\"768\" src=\"https:\/\/kiosque.acadienouvelle.com\/les-specialistes-01-2026\/wp-content\/uploads\/sites\/387\/2026\/03\/3_quelques_trucs_landing.jpg\" class=\"attachment-full size-full wp-image-7790\" alt=\"\" srcset=\"https:\/\/kiosque.acadienouvelle.com\/les-specialistes-01-2026\/wp-content\/uploads\/sites\/387\/2026\/03\/3_quelques_trucs_landing.jpg 1366w, https:\/\/kiosque.acadienouvelle.com\/les-specialistes-01-2026\/wp-content\/uploads\/sites\/387\/2026\/03\/3_quelques_trucs_landing-300x169.jpg 300w, https:\/\/kiosque.acadienouvelle.com\/les-specialistes-01-2026\/wp-content\/uploads\/sites\/387\/2026\/03\/3_quelques_trucs_landing-1024x576.jpg 1024w, https:\/\/kiosque.acadienouvelle.com\/les-specialistes-01-2026\/wp-content\/uploads\/sites\/387\/2026\/03\/3_quelques_trucs_landing-768x432.jpg 768w\" sizes=\"(max-width: 1366px) 100vw, 1366px\" \/>\t\t\t\t\t\t\t\t\t\t\t<figcaption class=\"widget-image-caption wp-caption-text\"><\/figcaption>\n\t\t\t\t\t\t\t\t\t\t<\/figure>\n\t\t\t\t\t\t\t\t\t<\/div>\n\t\t\t\t<\/div>\n\t\t\t\t<div class=\"elementor-element elementor-element-d0a0a3b mobile_pera elementor-widget elementor-widget-text-editor\" data-id=\"d0a0a3b\" data-element_type=\"widget\" data-e-type=\"widget\" data-widget_type=\"text-editor.default\">\n\t\t\t\t<div class=\"elementor-widget-container\">\n\t\t\t\t\t\t\t\t\t<p>Ces derniers temps, l\u2019inflation et l\u2019augmentation du co\u00fbt de la vie conscientisent tout le monde \u00e0 l\u2019importance de contr\u00f4ler ses d\u00e9penses. Voici donc quelques pistes \u00e0 explorer pour mieux planifier et faire quelques \u00e9conomies.<\/p>\t\t\t\t\t\t\t\t<\/div>\n\t\t\t\t<\/div>\n\t\t\t\t<div class=\"elementor-element elementor-element-0b6ad93 mobile_pera elementor-widget elementor-widget-text-editor\" data-id=\"0b6ad93\" data-element_type=\"widget\" data-e-type=\"widget\" data-widget_type=\"text-editor.default\">\n\t\t\t\t<div class=\"elementor-widget-container\">\n\t\t\t\t\t\t\t\t\t<p><b>Magasinez vos services<\/b><\/p>\t\t\t\t\t\t\t\t<\/div>\n\t\t\t\t<\/div>\n\t\t\t\t<div class=\"elementor-element elementor-element-74263c8 mobile_pera elementor-widget elementor-widget-text-editor\" data-id=\"74263c8\" data-element_type=\"widget\" data-e-type=\"widget\" data-widget_type=\"text-editor.default\">\n\t\t\t\t<div class=\"elementor-widget-container\">\n\t\t\t\t\t\t\t\t\t<p>\u00c0 quand remonte la derni\u00e8re fois o\u00f9 vous avez analys\u00e9 votre plan de t\u00e9l\u00e9phone cellulaire, de service Internet, de t\u00e9l\u00e9vision et autres services du genre\u2009? Une discussion avec votre fournisseur pourrait mener \u00e0 un autre plan plus avantageux que celui que vous aviez choisi il y a quelques ann\u00e9es ou qui r\u00e9pondrait mieux \u00e0 vos besoins actuels. <\/p>\t\t\t\t\t\t\t\t<\/div>\n\t\t\t\t<\/div>\n\t\t\t\t<div class=\"elementor-element elementor-element-bd2984b mobile_pera elementor-widget elementor-widget-text-editor\" data-id=\"bd2984b\" data-element_type=\"widget\" data-e-type=\"widget\" data-widget_type=\"text-editor.default\">\n\t\t\t\t<div class=\"elementor-widget-container\">\n\t\t\t\t\t\t\t\t\t<p>Quand avez-vous r\u00e9vis\u00e9 votre police d\u2019assurance maison et automobile\u2009? Vos circonstances ont peut-\u00eatre chang\u00e9 et des changements pourraient r\u00e9duire vos paiements ou vous offrir une couverture plus appropri\u00e9e pour le m\u00eame prix.<\/p>\t\t\t\t\t\t\t\t<\/div>\n\t\t\t\t<\/div>\n\t\t\t\t<div class=\"elementor-element elementor-element-90e6d92 mobile_pera elementor-widget elementor-widget-text-editor\" data-id=\"90e6d92\" data-element_type=\"widget\" data-e-type=\"widget\" data-widget_type=\"text-editor.default\">\n\t\t\t\t<div class=\"elementor-widget-container\">\n\t\t\t\t\t\t\t\t\t<p>N\u2019h\u00e9sitez pas non plus \u00e0 examiner r\u00e9guli\u00e8rement chacun des services de divertissement auxquels vous souscrivez pour d\u00e9terminer si votre utilisation r\u00e9elle en vaut le prix mensuel ou annuel.<\/p>\t\t\t\t\t\t\t\t<\/div>\n\t\t\t\t<\/div>\n\t\t\t\t<div class=\"elementor-element elementor-element-352a2df mobile_pera elementor-widget elementor-widget-text-editor\" data-id=\"352a2df\" data-element_type=\"widget\" data-e-type=\"widget\" data-widget_type=\"text-editor.default\">\n\t\t\t\t<div class=\"elementor-widget-container\">\n\t\t\t\t\t\t\t\t\t<p><b>Quelques \u00e9conomies au menu<\/b><\/p>\t\t\t\t\t\t\t\t<\/div>\n\t\t\t\t<\/div>\n\t\t\t\t<div class=\"elementor-element elementor-element-f400f20 mobile_pera elementor-widget elementor-widget-text-editor\" data-id=\"f400f20\" data-element_type=\"widget\" data-e-type=\"widget\" data-widget_type=\"text-editor.default\">\n\t\t\t\t<div class=\"elementor-widget-container\">\n\t\t\t\t\t\t\t\t\t<p>Une part importante des budgets familiaux est consacr\u00e9e \u00e0 la nourriture, alors examinez vos achats pour voir si quelques changements pourraient vous aider \u00e0 \u00e9conomiser. Privil\u00e9giez les fruits et l\u00e9gumes de saison quand ils sont offerts \u00e0 bon prix ou optez pour les versions congel\u00e9es hors saison. Profitez des aubaines en vous assurant que vous allez r\u00e9ellement consommer le produit en question. Ajoutez un repas \u00e0 base de l\u00e9gumineuse \u00e0 votre menu de temps en temps, puisque celles-ci coutent g\u00e9n\u00e9ralement moins cher que la viande. Choisissez la meilleure valeur en examinant les \u00e9tiquettes des \u00e9tag\u00e8res qui pr\u00e9cisent le co\u00fbt au poids afin de mieux comparer les diff\u00e9rentes marques.<\/p>\t\t\t\t\t\t\t\t<\/div>\n\t\t\t\t<\/div>\n\t\t\t\t<div class=\"elementor-element elementor-element-5e3eaf2 mobile_pera elementor-widget elementor-widget-text-editor\" data-id=\"5e3eaf2\" data-element_type=\"widget\" data-e-type=\"widget\" data-widget_type=\"text-editor.default\">\n\t\t\t\t<div class=\"elementor-widget-container\">\n\t\t\t\t\t\t\t\t\t<p>Soyez \u00e9galement conscient des gaspillages. Si vous finissez souvent par jeter des \u00e9pinards fl\u00e9tris au compost, peut-\u00eatre que vous pouvez choisir un paquet plus petit ou en acheter seulement \u00e0 l\u2019occasion. <\/p>\t\t\t\t\t\t\t\t<\/div>\n\t\t\t\t<\/div>\n\t\t\t\t<div class=\"elementor-element elementor-element-3398ff5 mobile_pera elementor-widget elementor-widget-text-editor\" data-id=\"3398ff5\" data-element_type=\"widget\" data-e-type=\"widget\" data-widget_type=\"text-editor.default\">\n\t\t\t\t<div class=\"elementor-widget-container\">\n\t\t\t\t\t\t\t\t\t<p>Chaque d\u00e9cision d\u2019achat a un impact dans vos d\u00e9penses mensuelles et s\u2019y attarder vous permettra de mieux planifier et d\u2019\u00e9conomiser pour demain\u2009!<\/p>\t\t\t\t\t\t\t\t<\/div>\n\t\t\t\t<\/div>\n\t\t\t\t\t<\/div>\n\t\t<\/div>\n\t\t\t\t\t<\/div>\n\t\t<\/section>\n\t\t\t\t<\/div>\n\t\t","protected":false},"excerpt":{"rendered":"<p>Quelques trucs pour \u00e9conomiser Ces derniers temps, l\u2019inflation et l\u2019augmentation du co\u00fbt de la vie conscientisent tout le monde \u00e0 l\u2019importance de contr\u00f4ler ses d\u00e9penses. Voici donc quelques pistes \u00e0 explorer pour mieux planifier et faire quelques \u00e9conomies. Magasinez vos services \u00c0 quand remonte la derni\u00e8re fois o\u00f9 vous avez analys\u00e9 votre plan de t\u00e9l\u00e9phone [&hellip;]<\/p>\n","protected":false},"author":7,"featured_media":0,"parent":0,"menu_order":3,"comment_status":"closed","ping_status":"closed","template":"","meta":{"site-sidebar-layout":"no-sidebar","site-content-layout":"page-builder","ast-site-content-layout":"default","site-content-style":"default","site-sidebar-style":"default","ast-global-header-display":"","ast-banner-title-visibility":"","ast-main-header-display":"","ast-hfb-above-header-display":"","ast-hfb-below-header-display":"","ast-hfb-mobile-header-display":"","site-post-title":"disabled","ast-breadcrumbs-content":"","ast-featured-img":"disabled","footer-sml-layout":"","ast-disable-related-posts":"","theme-transparent-header-meta":"default","adv-header-id-meta":"","stick-header-meta":"","header-above-stick-meta":"","header-main-stick-meta":"","header-below-stick-meta":"","astra-migrate-meta-layouts":"default","ast-page-background-enabled":"default","ast-page-background-meta":{"desktop":{"background-color":"var(--ast-global-color-4)","background-image":"","background-repeat":"repeat","background-position":"center center","background-size":"auto","background-attachment":"scroll","background-type":"","background-media":"","overlay-type":"","overlay-color":"","overlay-opacity":"","overlay-gradient":""},"tablet":{"background-color":"","background-image":"","background-repeat":"repeat","background-position":"center center","background-size":"auto","background-attachment":"scroll","background-type":"","background-media":"","overlay-type":"","overlay-color":"","overlay-opacity":"","overlay-gradient":""},"mobile":{"background-color":"","background-image":"","background-repeat":"repeat","background-position":"center center","background-size":"auto","background-attachment":"scroll","background-type":"","background-media":"","overlay-type":"","overlay-color":"","overlay-opacity":"","overlay-gradient":""}},"ast-content-background-meta":{"desktop":{"background-color":"var(--ast-global-color-5)","background-image":"","background-repeat":"repeat","background-position":"center center","background-size":"auto","background-attachment":"scroll","background-type":"","background-media":"","overlay-type":"","overlay-color":"","overlay-opacity":"","overlay-gradient":""},"tablet":{"background-color":"var(--ast-global-color-5)","background-image":"","background-repeat":"repeat","background-position":"center center","background-size":"auto","background-attachment":"scroll","background-type":"","background-media":"","overlay-type":"","overlay-color":"","overlay-opacity":"","overlay-gradient":""},"mobile":{"background-color":"var(--ast-global-color-5)","background-image":"","background-repeat":"repeat","background-position":"center center","background-size":"auto","background-attachment":"scroll","background-type":"","background-media":"","overlay-type":"","overlay-color":"","overlay-opacity":"","overlay-gradient":""}},"footnotes":""},"page-categories":[],"class_list":["post-7784","page","type-page","status-publish","hentry"],"_links":{"self":[{"href":"https:\/\/kiosque.acadienouvelle.com\/les-specialistes-01-2026\/wp-json\/wp\/v2\/pages\/7784","targetHints":{"allow":["GET"]}}],"collection":[{"href":"https:\/\/kiosque.acadienouvelle.com\/les-specialistes-01-2026\/wp-json\/wp\/v2\/pages"}],"about":[{"href":"https:\/\/kiosque.acadienouvelle.com\/les-specialistes-01-2026\/wp-json\/wp\/v2\/types\/page"}],"author":[{"embeddable":true,"href":"https:\/\/kiosque.acadienouvelle.com\/les-specialistes-01-2026\/wp-json\/wp\/v2\/users\/7"}],"replies":[{"embeddable":true,"href":"https:\/\/kiosque.acadienouvelle.com\/les-specialistes-01-2026\/wp-json\/wp\/v2\/comments?post=7784"}],"version-history":[{"count":20,"href":"https:\/\/kiosque.acadienouvelle.com\/les-specialistes-01-2026\/wp-json\/wp\/v2\/pages\/7784\/revisions"}],"predecessor-version":[{"id":7907,"href":"https:\/\/kiosque.acadienouvelle.com\/les-specialistes-01-2026\/wp-json\/wp\/v2\/pages\/7784\/revisions\/7907"}],"wp:attachment":[{"href":"https:\/\/kiosque.acadienouvelle.com\/les-specialistes-01-2026\/wp-json\/wp\/v2\/media?parent=7784"}],"wp:term":[{"taxonomy":"page-categories","embeddable":true,"href":"https:\/\/kiosque.acadienouvelle.com\/les-specialistes-01-2026\/wp-json\/wp\/v2\/page-categories?post=7784"}],"curies":[{"name":"wp","href":"https:\/\/api.w.org\/{rel}","templated":true}]}}