{"id":7782,"date":"2026-01-19T18:53:10","date_gmt":"2026-01-19T18:53:10","guid":{"rendered":"https:\/\/kiosque.acadienouvelle.com\/mon-avenir-2026\/?page_id=7782"},"modified":"2026-01-19T20:25:35","modified_gmt":"2026-01-19T20:25:35","slug":"universite-moncton","status":"publish","type":"page","link":"https:\/\/kiosque.acadienouvelle.com\/mon-avenir-2026\/universite-moncton\/","title":{"rendered":"Universit\u00e9 de Moncton : Nouveau programme de bourses :  \u00ab plus d\u2019\u00e9quit\u00e9, plus d\u2019occasions! \u00bb"},"content":{"rendered":"\t\t<div data-elementor-type=\"wp-page\" data-elementor-id=\"7782\" class=\"elementor elementor-7782\" data-elementor-post-type=\"page\">\n\t\t\t\t\t\t<section class=\"elementor-section elementor-top-section elementor-element elementor-element-50c1b6e elementor-section-height-min-height header_title banner_img elementor-section-boxed elementor-section-height-default elementor-section-items-middle\" data-id=\"50c1b6e\" data-element_type=\"section\" data-e-type=\"section\" data-settings=\"{&quot;background_background&quot;:&quot;classic&quot;}\">\n\t\t\t\t\t\t\t<div class=\"elementor-background-overlay\"><\/div>\n\t\t\t\t\t\t\t<div class=\"elementor-container elementor-column-gap-default\">\n\t\t\t\t\t<div class=\"elementor-column elementor-col-100 elementor-top-column elementor-element elementor-element-3a2d241\" data-id=\"3a2d241\" data-element_type=\"column\" data-e-type=\"column\">\n\t\t\t<div class=\"elementor-widget-wrap elementor-element-populated\">\n\t\t\t\t\t\t<div class=\"elementor-element elementor-element-9673cd2 elementor-widget elementor-widget-heading\" data-id=\"9673cd2\" data-element_type=\"widget\" data-e-type=\"widget\" data-widget_type=\"heading.default\">\n\t\t\t\t<div class=\"elementor-widget-container\">\n\t\t\t\t\t<h2 class=\"elementor-heading-title elementor-size-default\">Universit\u00e9 de Moncton<\/h2>\t\t\t\t<\/div>\n\t\t\t\t<\/div>\n\t\t\t\t<div class=\"elementor-element elementor-element-e383931 elementor-widget elementor-widget-heading\" data-id=\"e383931\" data-element_type=\"widget\" data-e-type=\"widget\" data-widget_type=\"heading.default\">\n\t\t\t\t<div class=\"elementor-widget-container\">\n\t\t\t\t\t<h2 class=\"elementor-heading-title elementor-size-default\">Nouveau programme de bourses : \u00ab plus d\u2019\u00e9quit\u00e9, plus d\u2019occasions! \u00bb<\/h2>\t\t\t\t<\/div>\n\t\t\t\t<\/div>\n\t\t\t\t\t<\/div>\n\t\t<\/div>\n\t\t\t\t\t<\/div>\n\t\t<\/section>\n\t\t\t\t<section class=\"elementor-section elementor-top-section elementor-element elementor-element-d9a853a elementor-section-boxed elementor-section-height-default elementor-section-height-default\" data-id=\"d9a853a\" data-element_type=\"section\" data-e-type=\"section\">\n\t\t\t\t\t\t<div class=\"elementor-container elementor-column-gap-default\">\n\t\t\t\t\t<div class=\"elementor-column elementor-col-100 elementor-top-column elementor-element elementor-element-68d9c5a page_contain\" data-id=\"68d9c5a\" data-element_type=\"column\" data-e-type=\"column\" data-settings=\"{&quot;background_background&quot;:&quot;classic&quot;}\">\n\t\t\t<div class=\"elementor-widget-wrap elementor-element-populated\">\n\t\t\t\t\t\t<div class=\"elementor-element elementor-element-50f1f9b elementor-widget elementor-widget-image\" data-id=\"50f1f9b\" data-element_type=\"widget\" data-e-type=\"widget\" data-widget_type=\"image.default\">\n\t\t\t\t<div class=\"elementor-widget-container\">\n\t\t\t\t\t\t\t\t\t\t\t\t<figure class=\"wp-caption\">\n\t\t\t\t\t\t\t\t\t\t<img fetchpriority=\"high\" decoding=\"async\" width=\"1366\" height=\"768\" src=\"https:\/\/kiosque.acadienouvelle.com\/mon-avenir-2026\/wp-content\/uploads\/sites\/377\/2026\/01\/03_personnalites_land.jpg\" class=\"attachment-full size-full wp-image-7728\" alt=\"\" srcset=\"https:\/\/kiosque.acadienouvelle.com\/mon-avenir-2026\/wp-content\/uploads\/sites\/377\/2026\/01\/03_personnalites_land.jpg 1366w, https:\/\/kiosque.acadienouvelle.com\/mon-avenir-2026\/wp-content\/uploads\/sites\/377\/2026\/01\/03_personnalites_land-300x169.jpg 300w, https:\/\/kiosque.acadienouvelle.com\/mon-avenir-2026\/wp-content\/uploads\/sites\/377\/2026\/01\/03_personnalites_land-1024x576.jpg 1024w, https:\/\/kiosque.acadienouvelle.com\/mon-avenir-2026\/wp-content\/uploads\/sites\/377\/2026\/01\/03_personnalites_land-768x432.jpg 768w\" sizes=\"(max-width: 1366px) 100vw, 1366px\" \/>\t\t\t\t\t\t\t\t\t\t\t<figcaption class=\"widget-image-caption wp-caption-text\">Les personnalit\u00e9s qui ont assist\u00e9 \u00e0 la conf\u00e9rence de presse, dont le Dr Denis Prud\u2019homme (3e \u00e0 partir de la gauche). Gracieuset\u00e9<\/figcaption>\n\t\t\t\t\t\t\t\t\t\t<\/figure>\n\t\t\t\t\t\t\t\t\t<\/div>\n\t\t\t\t<\/div>\n\t\t<link rel=\"stylesheet\" href=\"https:\/\/use.fontawesome.com\/releases\/v5.5.0\/css\/all.css\" integrity=\"sha384-B4dIYHKNBt8Bc12p+WXckhzcICo0wtJAoU8YZTY5qE0Id1GSseTk6S+L3BlXeVIU\" crossorigin=\"anonymous\">\r\n\t\t<div class=\"elementor-element elementor-element-6b2599e elementor-widget elementor-widget-advertisement\" data-id=\"6b2599e\" data-element_type=\"widget\" data-e-type=\"widget\" data-widget_type=\"advertisement.default\">\n\t\t\t\t<div class=\"elementor-widget-container\">\n\t\t\t\t\t<div class=\"ads-align-center\"><div data-m32-ad data-options='{\"sizes\":\"[[300,250]]\",\"dfpId\":\"21658289790,27729547\",\"dfpAdUnitPath\":\"acadienouvelle\/cahiers_quarterpage_300x250\"}'><\/div><\/div>\t\t\t\t<\/div>\n\t\t\t\t<\/div>\n\t\t\t\t<div class=\"elementor-element elementor-element-d0a0a3b mobile_pera elementor-widget elementor-widget-text-editor\" data-id=\"d0a0a3b\" data-element_type=\"widget\" data-e-type=\"widget\" data-widget_type=\"text-editor.default\">\n\t\t\t\t<div class=\"elementor-widget-container\">\n\t\t\t\t\t\t\t\t\tEn conf\u00e9rence de presse, le lundi \n24 novembre 2025, au campus de Shippagan, une refonte majeure du programme de bourses \u00e0 l\u2019Universit\u00e9 de Moncton et les plans strat\u00e9giques de recrutement \u00e9tudiant ont \u00e9t\u00e9 annonc\u00e9s. Ces initiatives s\u2019inscrivent dans la strat\u00e9gie Cap sur l\u2019avenir 2023-2028, qui place la r\u00e9ussite \net la diversit\u00e9 des talents au c\u0153ur \nde notre mission. \t\t\t\t\t\t\t\t<\/div>\n\t\t\t\t<\/div>\n\t\t\t\t<div class=\"elementor-element elementor-element-d9ea614 mobile_pera elementor-widget elementor-widget-text-editor\" data-id=\"d9ea614\" data-element_type=\"widget\" data-e-type=\"widget\" data-widget_type=\"text-editor.default\">\n\t\t\t\t<div class=\"elementor-widget-container\">\n\t\t\t\t\t\t\t\t\t<p><b>La refonte du programme repose sur quatre objectifs : attirer les meilleures candidatures, r\u00e9duire le fardeau financier des \u00e9tudiants internationaux, all\u00e9ger les charges financi\u00e8res des personnes inscrites aux cycles sup\u00e9rieurs et diversifier la distribution des bourses.<\/b><\/p>\t\t\t\t\t\t\t\t<\/div>\n\t\t\t\t<\/div>\n\t\t\t\t<div class=\"elementor-element elementor-element-aeb734e elementor-widget elementor-widget-advertisement\" data-id=\"aeb734e\" data-element_type=\"widget\" data-e-type=\"widget\" data-widget_type=\"advertisement.default\">\n\t\t\t\t<div class=\"elementor-widget-container\">\n\t\t\t\t\t<div class=\"ads-align-center\"><div data-m32-ad data-options='{\"sizes\":\"[[300,600]]\",\"dfpId\":\"21658289790,27729547\",\"dfpAdUnitPath\":\"acadienouvelle\/cahiers_fullpage_300x600\"}'><\/div><\/div>\t\t\t\t<\/div>\n\t\t\t\t<\/div>\n\t\t\t\t<div class=\"elementor-element elementor-element-7b16b59 mobile_pera elementor-widget elementor-widget-text-editor\" data-id=\"7b16b59\" data-element_type=\"widget\" data-e-type=\"widget\" data-widget_type=\"text-editor.default\">\n\t\t\t\t<div class=\"elementor-widget-container\">\n\t\t\t\t\t\t\t\t\tSelon l\u2019Universit\u00e9, la refonte comporte \u00e9galement des avantages tels que des bourses cumulables, une recherche facilit\u00e9e, une meilleure repr\u00e9sentation et une meilleure accessibilit\u00e9 pour tous les profils d\u2019\u00e9tudiants. L\u2019accent est mis aussi sur les \u00e9l\u00e8ves du Nouveau-Brunswick avec am\u00e9lioration de l\u2019acc\u00e8s pour les \u00e9tudiants des autres provinces et internationaux.\t\t\t\t\t\t\t\t<\/div>\n\t\t\t\t<\/div>\n\t\t\t\t<div class=\"elementor-element elementor-element-0b6ad93 mobile_pera elementor-widget elementor-widget-text-editor\" data-id=\"0b6ad93\" data-element_type=\"widget\" data-e-type=\"widget\" data-widget_type=\"text-editor.default\">\n\t\t\t\t<div class=\"elementor-widget-container\">\n\t\t\t\t\t\t\t\t\t<p><b>Le fonds de bourses<\/b><\/p>\t\t\t\t\t\t\t\t<\/div>\n\t\t\t\t<\/div>\n\t\t\t\t<div class=\"elementor-element elementor-element-74263c8 mobile_pera elementor-widget elementor-widget-text-editor\" data-id=\"74263c8\" data-element_type=\"widget\" data-e-type=\"widget\" data-widget_type=\"text-editor.default\">\n\t\t\t\t<div class=\"elementor-widget-container\">\n\t\t\t\t\t\t\t\t\tSachez que le fonds des bourses de recrutement a augment\u00e9 de 1,4 \u00e0 \n2,3 millions $, soit une hausse de 64 %. Les bourses de distinction acad\u00e9mique ont \u00e9galement \u00e9t\u00e9 bonifi\u00e9es. Notons que l\u2019Universit\u00e9 a cr\u00e9\u00e9 un nouveau programme de bourses allant jusqu\u2019\u00e0 3000 $ pour jeunes leaders, intitul\u00e9 Leadership bleu et or. Il vise les jeunes qui sont engag\u00e9s dans leurs \u00e9coles, leurs communaut\u00e9s, et qui d\u00e9sirent continuer leur implication \u00e0 l\u2019Universit\u00e9 de Moncton.\t\t\t\t\t\t\t\t<\/div>\n\t\t\t\t<\/div>\n\t\t\t\t<div class=\"elementor-element elementor-element-281552f mobile_pera elementor-widget elementor-widget-text-editor\" data-id=\"281552f\" data-element_type=\"widget\" data-e-type=\"widget\" data-widget_type=\"text-editor.default\">\n\t\t\t\t<div class=\"elementor-widget-container\">\n\t\t\t\t\t\t\t\t\tParmi les autres nouveaut\u00e9s, il y a les bourses Premier d\u00e9part jusqu\u2019\u00e0 3000 $, destin\u00e9es aux francophones vivant en milieu minoritaire qui doivent d\u00e9m\u00e9nager pour poursuivre leurs \u00e9tudes en fran\u00e7ais. Les bourses Acc\u00e8s aux \u00e9tudes universitaires sont \u00e9galement nouvelles. \t\t\t\t\t\t\t\t<\/div>\n\t\t\t\t<\/div>\n\t\t\t\t<div class=\"elementor-element elementor-element-693291f mobile_pera elementor-widget elementor-widget-text-editor\" data-id=\"693291f\" data-element_type=\"widget\" data-e-type=\"widget\" data-widget_type=\"text-editor.default\">\n\t\t\t\t<div class=\"elementor-widget-container\">\n\t\t\t\t\t\t\t\t\t\u00ab Avec ces actions, nous voulons attirer les meilleures candidatures, r\u00e9duire le fardeau financier et offrir des conditions optimales pour la r\u00e9ussite. Nous investissons dans les talents, car l\u2019avenir se b\u00e2tit ici \u00bb, a indiqu\u00e9 le recteur et vice-chancelier, \nDr Denis Prud\u2019homme.\t\t\t\t\t\t\t\t<\/div>\n\t\t\t\t<\/div>\n\t\t\t\t\t<\/div>\n\t\t<\/div>\n\t\t\t\t\t<\/div>\n\t\t<\/section>\n\t\t\t\t<\/div>\n\t\t","protected":false},"excerpt":{"rendered":"<p>Universit\u00e9 de Moncton Nouveau programme de bourses : \u00ab plus d\u2019\u00e9quit\u00e9, plus d\u2019occasions! \u00bb Les personnalit\u00e9s qui ont assist\u00e9 \u00e0 la conf\u00e9rence de presse, dont le Dr Denis Prud\u2019homme (3e \u00e0 partir de la gauche). Gracieuset\u00e9 En conf\u00e9rence de presse, le lundi 24 novembre 2025, au campus de Shippagan, une refonte majeure du programme de [&hellip;]<\/p>\n","protected":false},"author":1,"featured_media":0,"parent":0,"menu_order":3,"comment_status":"closed","ping_status":"closed","template":"","meta":{"site-sidebar-layout":"no-sidebar","site-content-layout":"page-builder","ast-site-content-layout":"default","site-content-style":"default","site-sidebar-style":"default","ast-global-header-display":"","ast-banner-title-visibility":"","ast-main-header-display":"","ast-hfb-above-header-display":"","ast-hfb-below-header-display":"","ast-hfb-mobile-header-display":"","site-post-title":"disabled","ast-breadcrumbs-content":"","ast-featured-img":"disabled","footer-sml-layout":"","ast-disable-related-posts":"","theme-transparent-header-meta":"default","adv-header-id-meta":"","stick-header-meta":"","header-above-stick-meta":"","header-main-stick-meta":"","header-below-stick-meta":"","astra-migrate-meta-layouts":"default","ast-page-background-enabled":"default","ast-page-background-meta":{"desktop":{"background-color":"var(--ast-global-color-4)","background-image":"","background-repeat":"repeat","background-position":"center center","background-size":"auto","background-attachment":"scroll","background-type":"","background-media":"","overlay-type":"","overlay-color":"","overlay-opacity":"","overlay-gradient":""},"tablet":{"background-color":"","background-image":"","background-repeat":"repeat","background-position":"center center","background-size":"auto","background-attachment":"scroll","background-type":"","background-media":"","overlay-type":"","overlay-color":"","overlay-opacity":"","overlay-gradient":""},"mobile":{"background-color":"","background-image":"","background-repeat":"repeat","background-position":"center center","background-size":"auto","background-attachment":"scroll","background-type":"","background-media":"","overlay-type":"","overlay-color":"","overlay-opacity":"","overlay-gradient":""}},"ast-content-background-meta":{"desktop":{"background-color":"var(--ast-global-color-5)","background-image":"","background-repeat":"repeat","background-position":"center center","background-size":"auto","background-attachment":"scroll","background-type":"","background-media":"","overlay-type":"","overlay-color":"","overlay-opacity":"","overlay-gradient":""},"tablet":{"background-color":"var(--ast-global-color-5)","background-image":"","background-repeat":"repeat","background-position":"center center","background-size":"auto","background-attachment":"scroll","background-type":"","background-media":"","overlay-type":"","overlay-color":"","overlay-opacity":"","overlay-gradient":""},"mobile":{"background-color":"var(--ast-global-color-5)","background-image":"","background-repeat":"repeat","background-position":"center center","background-size":"auto","background-attachment":"scroll","background-type":"","background-media":"","overlay-type":"","overlay-color":"","overlay-opacity":"","overlay-gradient":""}},"footnotes":""},"page-categories":[],"class_list":["post-7782","page","type-page","status-publish","hentry"],"_links":{"self":[{"href":"https:\/\/kiosque.acadienouvelle.com\/mon-avenir-2026\/wp-json\/wp\/v2\/pages\/7782","targetHints":{"allow":["GET"]}}],"collection":[{"href":"https:\/\/kiosque.acadienouvelle.com\/mon-avenir-2026\/wp-json\/wp\/v2\/pages"}],"about":[{"href":"https:\/\/kiosque.acadienouvelle.com\/mon-avenir-2026\/wp-json\/wp\/v2\/types\/page"}],"author":[{"embeddable":true,"href":"https:\/\/kiosque.acadienouvelle.com\/mon-avenir-2026\/wp-json\/wp\/v2\/users\/1"}],"replies":[{"embeddable":true,"href":"https:\/\/kiosque.acadienouvelle.com\/mon-avenir-2026\/wp-json\/wp\/v2\/comments?post=7782"}],"version-history":[{"count":19,"href":"https:\/\/kiosque.acadienouvelle.com\/mon-avenir-2026\/wp-json\/wp\/v2\/pages\/7782\/revisions"}],"predecessor-version":[{"id":7832,"href":"https:\/\/kiosque.acadienouvelle.com\/mon-avenir-2026\/wp-json\/wp\/v2\/pages\/7782\/revisions\/7832"}],"wp:attachment":[{"href":"https:\/\/kiosque.acadienouvelle.com\/mon-avenir-2026\/wp-json\/wp\/v2\/media?parent=7782"}],"wp:term":[{"taxonomy":"page-categories","embeddable":true,"href":"https:\/\/kiosque.acadienouvelle.com\/mon-avenir-2026\/wp-json\/wp\/v2\/page-categories?post=7782"}],"curies":[{"name":"wp","href":"https:\/\/api.w.org\/{rel}","templated":true}]}}