{"id":7765,"date":"2026-01-22T15:01:12","date_gmt":"2026-01-22T15:01:12","guid":{"rendered":"https:\/\/kiosque.acadienouvelle.com\/mon-portefeuille-2026\/chances-importantes-pour-2026\/"},"modified":"2026-01-22T16:00:12","modified_gmt":"2026-01-22T16:00:12","slug":"chances-importantes-pour-2026","status":"publish","type":"page","link":"https:\/\/kiosque.acadienouvelle.com\/mon-portefeuille-2026\/chances-importantes-pour-2026\/","title":{"rendered":"\u00c9ch\u00e9ances importantes pour 2026"},"content":{"rendered":"\t\t<div data-elementor-type=\"wp-page\" data-elementor-id=\"7765\" class=\"elementor elementor-7765\" data-elementor-post-type=\"page\">\n\t\t\t\t\t\t<section class=\"elementor-section elementor-top-section elementor-element elementor-element-50c1b6e elementor-section-height-min-height header_title banner_img elementor-section-boxed elementor-section-height-default elementor-section-items-middle\" data-id=\"50c1b6e\" data-element_type=\"section\" data-e-type=\"section\" data-settings=\"{&quot;background_background&quot;:&quot;classic&quot;}\">\n\t\t\t\t\t\t\t<div class=\"elementor-background-overlay\"><\/div>\n\t\t\t\t\t\t\t<div class=\"elementor-container elementor-column-gap-default\">\n\t\t\t\t\t<div class=\"elementor-column elementor-col-100 elementor-top-column elementor-element elementor-element-3a2d241\" data-id=\"3a2d241\" data-element_type=\"column\" data-e-type=\"column\">\n\t\t\t<div class=\"elementor-widget-wrap elementor-element-populated\">\n\t\t\t\t\t\t<div class=\"elementor-element elementor-element-9673cd2 elementor-widget elementor-widget-heading\" data-id=\"9673cd2\" data-element_type=\"widget\" data-e-type=\"widget\" data-widget_type=\"heading.default\">\n\t\t\t\t<div class=\"elementor-widget-container\">\n\t\t\t\t\t<h2 class=\"elementor-heading-title elementor-size-default\">\u00c9ch\u00e9ances importantes pour 2026\n<\/h2>\t\t\t\t<\/div>\n\t\t\t\t<\/div>\n\t\t\t\t\t<\/div>\n\t\t<\/div>\n\t\t\t\t\t<\/div>\n\t\t<\/section>\n\t\t\t\t<section class=\"elementor-section elementor-top-section elementor-element elementor-element-d9a853a elementor-section-boxed elementor-section-height-default elementor-section-height-default\" data-id=\"d9a853a\" data-element_type=\"section\" data-e-type=\"section\">\n\t\t\t\t\t\t<div class=\"elementor-container elementor-column-gap-default\">\n\t\t\t\t\t<div class=\"elementor-column elementor-col-100 elementor-top-column elementor-element elementor-element-68d9c5a page_contain\" data-id=\"68d9c5a\" data-element_type=\"column\" data-e-type=\"column\" data-settings=\"{&quot;background_background&quot;:&quot;classic&quot;}\">\n\t\t\t<div class=\"elementor-widget-wrap elementor-element-populated\">\n\t\t\t\t\t\t<div class=\"elementor-element elementor-element-50f1f9b elementor-widget elementor-widget-image\" data-id=\"50f1f9b\" data-element_type=\"widget\" data-e-type=\"widget\" data-widget_type=\"image.default\">\n\t\t\t\t<div class=\"elementor-widget-container\">\n\t\t\t\t\t\t\t\t\t\t\t\t<figure class=\"wp-caption\">\n\t\t\t\t\t\t\t\t\t\t<img fetchpriority=\"high\" decoding=\"async\" width=\"1366\" height=\"768\" src=\"https:\/\/kiosque.acadienouvelle.com\/mon-portefeuille-2026\/wp-content\/uploads\/sites\/379\/2026\/01\/1_echeances_landing-1.jpg\" class=\"attachment-full size-full wp-image-7767\" alt=\"\" srcset=\"https:\/\/kiosque.acadienouvelle.com\/mon-portefeuille-2026\/wp-content\/uploads\/sites\/379\/2026\/01\/1_echeances_landing-1.jpg 1366w, https:\/\/kiosque.acadienouvelle.com\/mon-portefeuille-2026\/wp-content\/uploads\/sites\/379\/2026\/01\/1_echeances_landing-1-300x169.jpg 300w, https:\/\/kiosque.acadienouvelle.com\/mon-portefeuille-2026\/wp-content\/uploads\/sites\/379\/2026\/01\/1_echeances_landing-1-1024x576.jpg 1024w, https:\/\/kiosque.acadienouvelle.com\/mon-portefeuille-2026\/wp-content\/uploads\/sites\/379\/2026\/01\/1_echeances_landing-1-768x432.jpg 768w\" sizes=\"(max-width: 1366px) 100vw, 1366px\" \/>\t\t\t\t\t\t\t\t\t\t\t<figcaption class=\"widget-image-caption wp-caption-text\"><\/figcaption>\n\t\t\t\t\t\t\t\t\t\t<\/figure>\n\t\t\t\t\t\t\t\t\t<\/div>\n\t\t\t\t<\/div>\n\t\t<link rel=\"stylesheet\" href=\"https:\/\/use.fontawesome.com\/releases\/v5.5.0\/css\/all.css\" integrity=\"sha384-B4dIYHKNBt8Bc12p+WXckhzcICo0wtJAoU8YZTY5qE0Id1GSseTk6S+L3BlXeVIU\" crossorigin=\"anonymous\">\r\n\t\t<div class=\"elementor-element elementor-element-0b6ad93 mobile_pera elementor-widget elementor-widget-text-editor\" data-id=\"0b6ad93\" data-element_type=\"widget\" data-e-type=\"widget\" data-widget_type=\"text-editor.default\">\n\t\t\t\t<div class=\"elementor-widget-container\">\n\t\t\t\t\t\t\t\t\t<p><b>2 MARS :\u00a0<\/b><b style=\"font-style: inherit;\">Date limite des\u00a0<\/b><b style=\"font-style: inherit;\">cotisations REER<\/b><\/p>\t\t\t\t\t\t\t\t<\/div>\n\t\t\t\t<\/div>\n\t\t\t\t<div class=\"elementor-element elementor-element-d0a0a3b mobile_pera elementor-widget elementor-widget-text-editor\" data-id=\"d0a0a3b\" data-element_type=\"widget\" data-e-type=\"widget\" data-widget_type=\"text-editor.default\">\n\t\t\t\t<div class=\"elementor-widget-container\">\n\t\t\t\t\t\t\t\t\t<p>La date limite pour que vos cotisations REER soient admissibles pour l\u2019ann\u00e9e d\u2019imposition 2025 est le 2 mars 2026. Reportez-vous \u00e0 votre avis de cotisation ou acc\u00e9dez \u00e0 la section \u00ab Mon dossier \u00bb sur le site Web de l\u2019Agence du revenu du Canada (ARC) pour conna\u00eetre votre plafond de cotisation REER pour l\u2019ann\u00e9e d\u2019imposition 2025.<\/p>\t\t\t\t\t\t\t\t<\/div>\n\t\t\t\t<\/div>\n\t\t\t\t<div class=\"elementor-element elementor-element-d776cab elementor-widget elementor-widget-advertisement\" data-id=\"d776cab\" data-element_type=\"widget\" data-e-type=\"widget\" data-widget_type=\"advertisement.default\">\n\t\t\t\t<div class=\"elementor-widget-container\">\n\t\t\t\t\t<div class=\"ads-align-center\"><div data-m32-ad data-options='{\"sizes\":\"[[300,100]]\",\"dfpId\":\"21658289790,27729547\",\"dfpAdUnitPath\":\"acadienouvelle\/cahiers_onefifthpage_300x100\"}'><\/div><\/div>\t\t\t\t<\/div>\n\t\t\t\t<\/div>\n\t\t\t\t<div class=\"elementor-element elementor-element-004ba88 mobile_pera elementor-widget elementor-widget-text-editor\" data-id=\"004ba88\" data-element_type=\"widget\" data-e-type=\"widget\" data-widget_type=\"text-editor.default\">\n\t\t\t\t<div class=\"elementor-widget-container\">\n\t\t\t\t\t\t\t\t\t<p><b>30 AVRIL :\u00a0<\/b><b style=\"font-style: inherit;\">Date limite pour la production des d\u00e9clarations de revenus des particuliers<\/b><\/p>\t\t\t\t\t\t\t\t<\/div>\n\t\t\t\t<\/div>\n\t\t\t\t<div class=\"elementor-element elementor-element-8696329 mobile_pera elementor-widget elementor-widget-text-editor\" data-id=\"8696329\" data-element_type=\"widget\" data-e-type=\"widget\" data-widget_type=\"text-editor.default\">\n\t\t\t\t<div class=\"elementor-widget-container\">\n\t\t\t\t\t\t\t\t\t<p>La date limite pour produire votre d\u00e9claration de revenus des particuliers de 2025 est le 30 avril 2026, sauf si vous \u00eates travailleur ou travailleuse autonome. Cependant, l\u2019ARC encourage les contribuables qui ont droit au cr\u00e9dit pour la TPS ou \u00e0 l\u2019Allocation canadienne pour enfants \u00e0 ne pas retarder la production de leur d\u00e9claration de revenus afin que leurs droits aux prestations pour l\u2019ann\u00e9e 2026-2027 soient d\u00e9termin\u00e9s correctement.<\/p>\t\t\t\t\t\t\t\t<\/div>\n\t\t\t\t<\/div>\n\t\t\t\t<div class=\"elementor-element elementor-element-32e1114 mobile_pera elementor-widget elementor-widget-text-editor\" data-id=\"32e1114\" data-element_type=\"widget\" data-e-type=\"widget\" data-widget_type=\"text-editor.default\">\n\t\t\t\t<div class=\"elementor-widget-container\">\n\t\t\t\t\t\t\t\t\t<p><b>15 JUIN :\u00a0<\/b><b style=\"font-style: inherit;\">Date limite pour\u00a0<\/b><b style=\"font-style: inherit;\">la production des d\u00e9clarations de revenus des travailleurs et travailleuses autonomes<\/b><\/p>\t\t\t\t\t\t\t\t<\/div>\n\t\t\t\t<\/div>\n\t\t\t\t<div class=\"elementor-element elementor-element-9305622 mobile_pera elementor-widget elementor-widget-text-editor\" data-id=\"9305622\" data-element_type=\"widget\" data-e-type=\"widget\" data-widget_type=\"text-editor.default\">\n\t\t\t\t<div class=\"elementor-widget-container\">\n\t\t\t\t\t\t\t\t\t<p>Si vous travaillez \u00e0 votre compte, la date limite pour produire votre d\u00e9claration de revenus de 2025 est le 15 juin 2026. L\u2019imp\u00f4t \u00e0 payer reste toutefois exigible le 30 avril 2026.<\/p>\t\t\t\t\t\t\t\t<\/div>\n\t\t\t\t<\/div>\n\t\t\t\t<div class=\"elementor-element elementor-element-26c74a5 mobile_pera elementor-widget elementor-widget-text-editor\" data-id=\"26c74a5\" data-element_type=\"widget\" data-e-type=\"widget\" data-widget_type=\"text-editor.default\">\n\t\t\t\t<div class=\"elementor-widget-container\">\n\t\t\t\t\t\t\t\t\t<p><b>Devoir payer ses imp\u00f4ts par acomptes provisionnels<\/b><\/p>\t\t\t\t\t\t\t\t<\/div>\n\t\t\t\t<\/div>\n\t\t\t\t<div class=\"elementor-element elementor-element-9f6a738 mobile_pera elementor-widget elementor-widget-text-editor\" data-id=\"9f6a738\" data-element_type=\"widget\" data-e-type=\"widget\" data-widget_type=\"text-editor.default\">\n\t\t\t\t<div class=\"elementor-widget-container\">\n\t\t\t\t\t\t\t\t\t<p>La plupart des personnes qui doivent payer des acomptes provisionnels d\u2019imp\u00f4t pour 2025 doivent le faire au plus tard \u00e0 ces dates limites de paiement :<\/p>\t\t\t\t\t\t\t\t<\/div>\n\t\t\t\t<\/div>\n\t\t\t\t<div class=\"elementor-element elementor-element-74263c8 mobile_pera elementor-widget elementor-widget-text-editor\" data-id=\"74263c8\" data-element_type=\"widget\" data-e-type=\"widget\" data-widget_type=\"text-editor.default\">\n\t\t\t\t<div class=\"elementor-widget-container\">\n\t\t\t\t\t\t\t\t\t<ul><li>15 mars<\/li><li>15 juin<\/li><li>15 septembre<\/li><li>15 d\u00e9cembre<\/li><\/ul>\t\t\t\t\t\t\t\t<\/div>\n\t\t\t\t<\/div>\n\t\t\t\t\t<\/div>\n\t\t<\/div>\n\t\t\t\t\t<\/div>\n\t\t<\/section>\n\t\t\t\t<\/div>\n\t\t","protected":false},"excerpt":{"rendered":"<p>\u00c9ch\u00e9ances importantes pour 2026 2 MARS :\u00a0Date limite des\u00a0cotisations REER La date limite pour que vos cotisations REER soient admissibles pour l\u2019ann\u00e9e d\u2019imposition 2025 est le 2 mars 2026. Reportez-vous \u00e0 votre avis de cotisation ou acc\u00e9dez \u00e0 la section \u00ab Mon dossier \u00bb sur le site Web de l\u2019Agence du revenu du Canada (ARC) [&hellip;]<\/p>\n","protected":false},"author":7,"featured_media":0,"parent":0,"menu_order":2,"comment_status":"closed","ping_status":"closed","template":"","meta":{"site-sidebar-layout":"no-sidebar","site-content-layout":"page-builder","ast-site-content-layout":"default","site-content-style":"default","site-sidebar-style":"default","ast-global-header-display":"","ast-banner-title-visibility":"","ast-main-header-display":"","ast-hfb-above-header-display":"","ast-hfb-below-header-display":"","ast-hfb-mobile-header-display":"","site-post-title":"disabled","ast-breadcrumbs-content":"","ast-featured-img":"disabled","footer-sml-layout":"","ast-disable-related-posts":"","theme-transparent-header-meta":"default","adv-header-id-meta":"","stick-header-meta":"","header-above-stick-meta":"","header-main-stick-meta":"","header-below-stick-meta":"","astra-migrate-meta-layouts":"default","ast-page-background-enabled":"default","ast-page-background-meta":{"desktop":{"background-color":"var(--ast-global-color-4)","background-image":"","background-repeat":"repeat","background-position":"center center","background-size":"auto","background-attachment":"scroll","background-type":"","background-media":"","overlay-type":"","overlay-color":"","overlay-opacity":"","overlay-gradient":""},"tablet":{"background-color":"","background-image":"","background-repeat":"repeat","background-position":"center center","background-size":"auto","background-attachment":"scroll","background-type":"","background-media":"","overlay-type":"","overlay-color":"","overlay-opacity":"","overlay-gradient":""},"mobile":{"background-color":"","background-image":"","background-repeat":"repeat","background-position":"center center","background-size":"auto","background-attachment":"scroll","background-type":"","background-media":"","overlay-type":"","overlay-color":"","overlay-opacity":"","overlay-gradient":""}},"ast-content-background-meta":{"desktop":{"background-color":"var(--ast-global-color-5)","background-image":"","background-repeat":"repeat","background-position":"center center","background-size":"auto","background-attachment":"scroll","background-type":"","background-media":"","overlay-type":"","overlay-color":"","overlay-opacity":"","overlay-gradient":""},"tablet":{"background-color":"var(--ast-global-color-5)","background-image":"","background-repeat":"repeat","background-position":"center center","background-size":"auto","background-attachment":"scroll","background-type":"","background-media":"","overlay-type":"","overlay-color":"","overlay-opacity":"","overlay-gradient":""},"mobile":{"background-color":"var(--ast-global-color-5)","background-image":"","background-repeat":"repeat","background-position":"center center","background-size":"auto","background-attachment":"scroll","background-type":"","background-media":"","overlay-type":"","overlay-color":"","overlay-opacity":"","overlay-gradient":""}},"footnotes":""},"page-categories":[],"class_list":["post-7765","page","type-page","status-publish","hentry"],"_links":{"self":[{"href":"https:\/\/kiosque.acadienouvelle.com\/mon-portefeuille-2026\/wp-json\/wp\/v2\/pages\/7765","targetHints":{"allow":["GET"]}}],"collection":[{"href":"https:\/\/kiosque.acadienouvelle.com\/mon-portefeuille-2026\/wp-json\/wp\/v2\/pages"}],"about":[{"href":"https:\/\/kiosque.acadienouvelle.com\/mon-portefeuille-2026\/wp-json\/wp\/v2\/types\/page"}],"author":[{"embeddable":true,"href":"https:\/\/kiosque.acadienouvelle.com\/mon-portefeuille-2026\/wp-json\/wp\/v2\/users\/7"}],"replies":[{"embeddable":true,"href":"https:\/\/kiosque.acadienouvelle.com\/mon-portefeuille-2026\/wp-json\/wp\/v2\/comments?post=7765"}],"version-history":[{"count":31,"href":"https:\/\/kiosque.acadienouvelle.com\/mon-portefeuille-2026\/wp-json\/wp\/v2\/pages\/7765\/revisions"}],"predecessor-version":[{"id":7800,"href":"https:\/\/kiosque.acadienouvelle.com\/mon-portefeuille-2026\/wp-json\/wp\/v2\/pages\/7765\/revisions\/7800"}],"wp:attachment":[{"href":"https:\/\/kiosque.acadienouvelle.com\/mon-portefeuille-2026\/wp-json\/wp\/v2\/media?parent=7765"}],"wp:term":[{"taxonomy":"page-categories","embeddable":true,"href":"https:\/\/kiosque.acadienouvelle.com\/mon-portefeuille-2026\/wp-json\/wp\/v2\/page-categories?post=7765"}],"curies":[{"name":"wp","href":"https:\/\/api.w.org\/{rel}","templated":true}]}}