{"id":7801,"date":"2026-01-22T16:02:21","date_gmt":"2026-01-22T16:02:21","guid":{"rendered":"https:\/\/kiosque.acadienouvelle.com\/mon-portefeuille-2026\/le-reer-demeure-une-avenue-intressante\/"},"modified":"2026-01-22T19:00:33","modified_gmt":"2026-01-22T19:00:33","slug":"le-reer-demeure-une-avenue-intressante","status":"publish","type":"page","link":"https:\/\/kiosque.acadienouvelle.com\/mon-portefeuille-2026\/le-reer-demeure-une-avenue-intressante\/","title":{"rendered":"Le REER demeure une avenue int\u00e9ressante!"},"content":{"rendered":"\t\t<div data-elementor-type=\"wp-page\" data-elementor-id=\"7801\" class=\"elementor elementor-7801\" data-elementor-post-type=\"page\">\n\t\t\t\t\t\t<section class=\"elementor-section elementor-top-section elementor-element elementor-element-50c1b6e elementor-section-height-min-height header_title banner_img elementor-section-boxed elementor-section-height-default elementor-section-items-middle\" data-id=\"50c1b6e\" data-element_type=\"section\" data-e-type=\"section\" data-settings=\"{&quot;background_background&quot;:&quot;classic&quot;}\">\n\t\t\t\t\t\t\t<div class=\"elementor-background-overlay\"><\/div>\n\t\t\t\t\t\t\t<div class=\"elementor-container elementor-column-gap-default\">\n\t\t\t\t\t<div class=\"elementor-column elementor-col-100 elementor-top-column elementor-element elementor-element-3a2d241\" data-id=\"3a2d241\" data-element_type=\"column\" data-e-type=\"column\">\n\t\t\t<div class=\"elementor-widget-wrap elementor-element-populated\">\n\t\t\t\t\t\t<div class=\"elementor-element elementor-element-9673cd2 elementor-widget elementor-widget-heading\" data-id=\"9673cd2\" data-element_type=\"widget\" data-e-type=\"widget\" data-widget_type=\"heading.default\">\n\t\t\t\t<div class=\"elementor-widget-container\">\n\t\t\t\t\t<h2 class=\"elementor-heading-title elementor-size-default\">Le REER demeure une avenue int\u00e9ressante!<\/h2>\t\t\t\t<\/div>\n\t\t\t\t<\/div>\n\t\t\t\t\t<\/div>\n\t\t<\/div>\n\t\t\t\t\t<\/div>\n\t\t<\/section>\n\t\t\t\t<section class=\"elementor-section elementor-top-section elementor-element elementor-element-d9a853a elementor-section-boxed elementor-section-height-default elementor-section-height-default\" data-id=\"d9a853a\" data-element_type=\"section\" data-e-type=\"section\">\n\t\t\t\t\t\t<div class=\"elementor-container elementor-column-gap-default\">\n\t\t\t\t\t<div class=\"elementor-column elementor-col-100 elementor-top-column elementor-element elementor-element-68d9c5a page_contain\" data-id=\"68d9c5a\" data-element_type=\"column\" data-e-type=\"column\" data-settings=\"{&quot;background_background&quot;:&quot;classic&quot;}\">\n\t\t\t<div class=\"elementor-widget-wrap elementor-element-populated\">\n\t\t\t\t\t\t<div class=\"elementor-element elementor-element-50f1f9b elementor-widget elementor-widget-image\" data-id=\"50f1f9b\" data-element_type=\"widget\" data-e-type=\"widget\" data-widget_type=\"image.default\">\n\t\t\t\t<div class=\"elementor-widget-container\">\n\t\t\t\t\t\t\t\t\t\t\t\t<figure class=\"wp-caption\">\n\t\t\t\t\t\t\t\t\t\t<img fetchpriority=\"high\" decoding=\"async\" width=\"1366\" height=\"768\" src=\"https:\/\/kiosque.acadienouvelle.com\/mon-portefeuille-2026\/wp-content\/uploads\/sites\/379\/2026\/01\/2_reer_landing.jpg\" class=\"attachment-full size-full wp-image-7802\" alt=\"\" srcset=\"https:\/\/kiosque.acadienouvelle.com\/mon-portefeuille-2026\/wp-content\/uploads\/sites\/379\/2026\/01\/2_reer_landing.jpg 1366w, https:\/\/kiosque.acadienouvelle.com\/mon-portefeuille-2026\/wp-content\/uploads\/sites\/379\/2026\/01\/2_reer_landing-300x169.jpg 300w, https:\/\/kiosque.acadienouvelle.com\/mon-portefeuille-2026\/wp-content\/uploads\/sites\/379\/2026\/01\/2_reer_landing-1024x576.jpg 1024w, https:\/\/kiosque.acadienouvelle.com\/mon-portefeuille-2026\/wp-content\/uploads\/sites\/379\/2026\/01\/2_reer_landing-768x432.jpg 768w\" sizes=\"(max-width: 1366px) 100vw, 1366px\" \/>\t\t\t\t\t\t\t\t\t\t\t<figcaption class=\"widget-image-caption wp-caption-text\"><\/figcaption>\n\t\t\t\t\t\t\t\t\t\t<\/figure>\n\t\t\t\t\t\t\t\t\t<\/div>\n\t\t\t\t<\/div>\n\t\t<link rel=\"stylesheet\" href=\"https:\/\/use.fontawesome.com\/releases\/v5.5.0\/css\/all.css\" integrity=\"sha384-B4dIYHKNBt8Bc12p+WXckhzcICo0wtJAoU8YZTY5qE0Id1GSseTk6S+L3BlXeVIU\" crossorigin=\"anonymous\">\r\n\t\t<div class=\"elementor-element elementor-element-d0a0a3b mobile_pera elementor-widget elementor-widget-text-editor\" data-id=\"d0a0a3b\" data-element_type=\"widget\" data-e-type=\"widget\" data-widget_type=\"text-editor.default\">\n\t\t\t\t<div class=\"elementor-widget-container\">\n\t\t\t\t\t\t\t\t\t<p><b>Nous vous rappelons qu\u2019un REER<\/b> est un r\u00e9gime d\u2019\u00e9pargne-retraite que vous avez \u00e9tabli et que nous avons enregistr\u00e9, auquel vous ou votre \u00e9poux ou conjoint de fait cotisez. Les cotisations d\u00e9ductibles \u00e0 un REER peuvent \u00eatre utilis\u00e9es pour r\u00e9duire votre imp\u00f4t. Tout revenu accumul\u00e9 dans le r\u00e9gime est habituellement exon\u00e9r\u00e9 d\u2019imp\u00f4t pendant la p\u00e9riode o\u00f9 les fonds demeurent dans le r\u00e9gime. Toutefois, vous devez g\u00e9n\u00e9ralement payer de l\u2019imp\u00f4t lorsque vous recevez des montants du r\u00e9gime.<\/p>\t\t\t\t\t\t\t\t<\/div>\n\t\t\t\t<\/div>\n\t\t\t\t<div class=\"elementor-element elementor-element-28f8416 mobile_pera elementor-widget elementor-widget-text-editor\" data-id=\"28f8416\" data-element_type=\"widget\" data-e-type=\"widget\" data-widget_type=\"text-editor.default\">\n\t\t\t\t<div class=\"elementor-widget-container\">\n\t\t\t\t\t\t\t\t\t<p><b>2 mars 2026<\/b> : Date limite pour cotiser.<\/p>\t\t\t\t\t\t\t\t<\/div>\n\t\t\t\t<\/div>\n\t\t\t\t<div class=\"elementor-element elementor-element-0b6ad93 mobile_pera elementor-widget elementor-widget-text-editor\" data-id=\"0b6ad93\" data-element_type=\"widget\" data-e-type=\"widget\" data-widget_type=\"text-editor.default\">\n\t\t\t\t<div class=\"elementor-widget-container\">\n\t\t\t\t\t\t\t\t\t<p><b>Pour y souscrire<\/b><\/p>\t\t\t\t\t\t\t\t<\/div>\n\t\t\t\t<\/div>\n\t\t\t\t<div class=\"elementor-element elementor-element-74263c8 mobile_pera elementor-widget elementor-widget-text-editor\" data-id=\"74263c8\" data-element_type=\"widget\" data-e-type=\"widget\" data-widget_type=\"text-editor.default\">\n\t\t\t\t<div class=\"elementor-widget-container\">\n\t\t\t\t\t\t\t\t\t<p>Vous souscrivez \u00e0 un r\u00e9gime enregistr\u00e9 d\u2019\u00e9pargne-retraite par l\u2019entremise d\u2019une institution financi\u00e8re comme une banque, une soci\u00e9t\u00e9 de fiducie, une caisse populaire ou une compagnie d\u2019assurance. Votre institution financi\u00e8re ou votre conseiller financier vous informera des diff\u00e9rents types de REER et de placements que vous pouvez obtenir.<\/p>\t\t\t\t\t\t\t\t<\/div>\n\t\t\t\t<\/div>\n\t\t\t\t<div class=\"elementor-element elementor-element-20f091b mobile_pera elementor-widget elementor-widget-text-editor\" data-id=\"20f091b\" data-element_type=\"widget\" data-e-type=\"widget\" data-widget_type=\"text-editor.default\">\n\t\t\t\t<div class=\"elementor-widget-container\">\n\t\t\t\t\t\t\t\t\t<p>Vous voulez peut-\u00eatre souscrire \u00e0 un REER au profit de votre \u00e9poux ou conjoint de fait. Ce type de plan fait en sorte que le revenu de retraite est r\u00e9parti plus \u00e9galement entre vous et votre \u00e9poux ou conjoint de fait. Cela est plus avantageux lorsque le conjoint qui a le revenu le plus \u00e9lev\u00e9 cotise \u00e0 un REER pour l\u2019\u00e9poux ou conjoint de fait au revenu moins \u00e9lev\u00e9.<\/p>\t\t\t\t\t\t\t\t<\/div>\n\t\t\t\t<\/div>\n\t\t\t\t<div class=\"elementor-element elementor-element-9830894 mobile_pera elementor-widget elementor-widget-text-editor\" data-id=\"9830894\" data-element_type=\"widget\" data-e-type=\"widget\" data-widget_type=\"text-editor.default\">\n\t\t\t\t<div class=\"elementor-widget-container\">\n\t\t\t\t\t\t\t\t\t<p>Vous voulez peut-\u00eatre souscrire \u00e0 un <b>REER autog\u00e9r\u00e9<\/b> si vous pr\u00e9f\u00e9rez constituer et g\u00e9rer les propres composantes de votre portefeuille en vendant et en achetant diff\u00e9rentes cat\u00e9gories de placements. Pour en savoir plus sur les placements admissibles, consultez REER autog\u00e9r\u00e9s. Si vous consid\u00e9rez ce type de REER, veuillez communiquer avec votre institution financi\u00e8re.<\/p>\t\t\t\t\t\t\t\t<\/div>\n\t\t\t\t<\/div>\n\t\t\t\t<div class=\"elementor-element elementor-element-166374c box_pera elementor-widget elementor-widget-text-editor\" data-id=\"166374c\" data-element_type=\"widget\" data-e-type=\"widget\" data-widget_type=\"text-editor.default\">\n\t\t\t\t<div class=\"elementor-widget-container\">\n\t\t\t\t\t\t\t\t\t<h1><b>Le CELI : \u00c9pargner et investir \u00e0 l\u2019abri de l\u2019imp\u00f4t! <\/b><\/h1>\n<p>Le compte d\u2019\u00e9pargne libre d\u2019imp\u00f4t (CELI) est un compte d\u2019\u00e9pargne enregistr\u00e9 qui fonctionne comme un compte de placement. Vous pouvez y d\u00e9tenir de l\u2019\u00e9pargne en argent comptant ou des placements qui g\u00e9n\u00e8rent un revenu non imposable. Les CELI sont supervis\u00e9s par le gouvernement du Canada, mais administr\u00e9s par les banques et institutions financi\u00e8res canadiennes. Toute cotisation que vous versez \u00e0 votre CELI et tout revenu que vous gagnez en int\u00e9r\u00eats, dividendes ou gains en capital sont g\u00e9n\u00e9ralement libres d\u2019imp\u00f4t, m\u00eame lorsque vous les retirez. Toutefois, contrairement \u00e0 un REER, les cotisations que vous versez \u00e0 un CELI ne sont pas d\u00e9ductibles d\u2019imp\u00f4t.<\/p>\n<p><span style=\"color: var( --e-global-color-text ); font-style: inherit; font-weight: inherit;\">&nbsp;<\/span><\/p>\n<p><b>Trois principaux types de CELI que vous pouvez ouvrir :<\/b><\/p>\n<p><b>&nbsp;<\/b><\/p>\n<p>D\u00e9p\u00f4t : un compte d\u00e9tenu aupr\u00e8s d\u2019une banque ou d\u2019une coop\u00e9rative de cr\u00e9dit (comme une caisse populaire) qui fonctionne comme un compte d\u2019\u00e9pargne ou un certificat de placement garanti (CPG).<\/p>\n<p>Contrat de rente : une entente avec une compagnie d\u2019assurance qui offre des paiements garantis sur un placement forfaitaire pour une p\u00e9riode pr\u00e9d\u00e9termin\u00e9e.<\/p>\n<div>&nbsp;<\/div>\n<div>\n<div>Arrangement en fiducie : une entente dans le cadre de laquelle une institution financi\u00e8re d\u00e9tient vos placements en fiducie pour vous (habituellement dans un compte de fonds commun de placement ou un compte de n\u00e9gociation).<\/div>\n<\/div>\n<div>&nbsp;<\/div>\n<div>\n<div><b>Comment \u00e7a fonctionne?<\/b><\/div>\n<\/div>\n<div><b>&nbsp;<\/b><\/div>\n<div>\n<div>Lorsque vous ouvrez un CELI, il est important de comprendre les notions de base pour g\u00e9rer vos cotisations et vos retraits.<\/div>\n<div>&nbsp;<\/div>\n<div>\n<ol>\n<li>Vous pouvez cotiser \u00e0 votre CELI en tout temps, tant que vous avez des droits de cotisation disponibles dans votre compte. Sinon, vous serez impos\u00e9.<\/li>\n<li>Vous pouvez retirer des fonds sans \u00eatre impos\u00e9 lorsque vous le souhaitez.<\/li>\n<li>Vous pouvez cotiser de nouveau \u00e0 votre CELI (remplacer votre retrait) l\u2019ann\u00e9e civile suivante ou lorsque vous avez suffisamment de droits de cotisation disponibles.<\/li>\n<\/ol>\n<div>&nbsp;<\/div>\n<div>\n<div>Source : Agence du revenu du Canada<\/div>\n<\/div>\n<\/div>\n<\/div>\t\t\t\t\t\t\t\t<\/div>\n\t\t\t\t<\/div>\n\t\t\t\t\t<\/div>\n\t\t<\/div>\n\t\t\t\t\t<\/div>\n\t\t<\/section>\n\t\t\t\t<\/div>\n\t\t","protected":false},"excerpt":{"rendered":"<p>Le REER demeure une avenue int\u00e9ressante! Nous vous rappelons qu\u2019un REER est un r\u00e9gime d\u2019\u00e9pargne-retraite que vous avez \u00e9tabli et que nous avons enregistr\u00e9, auquel vous ou votre \u00e9poux ou conjoint de fait cotisez. Les cotisations d\u00e9ductibles \u00e0 un REER peuvent \u00eatre utilis\u00e9es pour r\u00e9duire votre imp\u00f4t. Tout revenu accumul\u00e9 dans le r\u00e9gime est habituellement [&hellip;]<\/p>\n","protected":false},"author":7,"featured_media":0,"parent":0,"menu_order":3,"comment_status":"closed","ping_status":"closed","template":"","meta":{"site-sidebar-layout":"no-sidebar","site-content-layout":"page-builder","ast-site-content-layout":"default","site-content-style":"default","site-sidebar-style":"default","ast-global-header-display":"","ast-banner-title-visibility":"","ast-main-header-display":"","ast-hfb-above-header-display":"","ast-hfb-below-header-display":"","ast-hfb-mobile-header-display":"","site-post-title":"disabled","ast-breadcrumbs-content":"","ast-featured-img":"disabled","footer-sml-layout":"","ast-disable-related-posts":"","theme-transparent-header-meta":"default","adv-header-id-meta":"","stick-header-meta":"","header-above-stick-meta":"","header-main-stick-meta":"","header-below-stick-meta":"","astra-migrate-meta-layouts":"default","ast-page-background-enabled":"default","ast-page-background-meta":{"desktop":{"background-color":"var(--ast-global-color-4)","background-image":"","background-repeat":"repeat","background-position":"center center","background-size":"auto","background-attachment":"scroll","background-type":"","background-media":"","overlay-type":"","overlay-color":"","overlay-opacity":"","overlay-gradient":""},"tablet":{"background-color":"","background-image":"","background-repeat":"repeat","background-position":"center center","background-size":"auto","background-attachment":"scroll","background-type":"","background-media":"","overlay-type":"","overlay-color":"","overlay-opacity":"","overlay-gradient":""},"mobile":{"background-color":"","background-image":"","background-repeat":"repeat","background-position":"center center","background-size":"auto","background-attachment":"scroll","background-type":"","background-media":"","overlay-type":"","overlay-color":"","overlay-opacity":"","overlay-gradient":""}},"ast-content-background-meta":{"desktop":{"background-color":"var(--ast-global-color-5)","background-image":"","background-repeat":"repeat","background-position":"center center","background-size":"auto","background-attachment":"scroll","background-type":"","background-media":"","overlay-type":"","overlay-color":"","overlay-opacity":"","overlay-gradient":""},"tablet":{"background-color":"var(--ast-global-color-5)","background-image":"","background-repeat":"repeat","background-position":"center center","background-size":"auto","background-attachment":"scroll","background-type":"","background-media":"","overlay-type":"","overlay-color":"","overlay-opacity":"","overlay-gradient":""},"mobile":{"background-color":"var(--ast-global-color-5)","background-image":"","background-repeat":"repeat","background-position":"center center","background-size":"auto","background-attachment":"scroll","background-type":"","background-media":"","overlay-type":"","overlay-color":"","overlay-opacity":"","overlay-gradient":""}},"footnotes":""},"page-categories":[],"class_list":["post-7801","page","type-page","status-publish","hentry"],"_links":{"self":[{"href":"https:\/\/kiosque.acadienouvelle.com\/mon-portefeuille-2026\/wp-json\/wp\/v2\/pages\/7801","targetHints":{"allow":["GET"]}}],"collection":[{"href":"https:\/\/kiosque.acadienouvelle.com\/mon-portefeuille-2026\/wp-json\/wp\/v2\/pages"}],"about":[{"href":"https:\/\/kiosque.acadienouvelle.com\/mon-portefeuille-2026\/wp-json\/wp\/v2\/types\/page"}],"author":[{"embeddable":true,"href":"https:\/\/kiosque.acadienouvelle.com\/mon-portefeuille-2026\/wp-json\/wp\/v2\/users\/7"}],"replies":[{"embeddable":true,"href":"https:\/\/kiosque.acadienouvelle.com\/mon-portefeuille-2026\/wp-json\/wp\/v2\/comments?post=7801"}],"version-history":[{"count":36,"href":"https:\/\/kiosque.acadienouvelle.com\/mon-portefeuille-2026\/wp-json\/wp\/v2\/pages\/7801\/revisions"}],"predecessor-version":[{"id":7943,"href":"https:\/\/kiosque.acadienouvelle.com\/mon-portefeuille-2026\/wp-json\/wp\/v2\/pages\/7801\/revisions\/7943"}],"wp:attachment":[{"href":"https:\/\/kiosque.acadienouvelle.com\/mon-portefeuille-2026\/wp-json\/wp\/v2\/media?parent=7801"}],"wp:term":[{"taxonomy":"page-categories","embeddable":true,"href":"https:\/\/kiosque.acadienouvelle.com\/mon-portefeuille-2026\/wp-json\/wp\/v2\/page-categories?post=7801"}],"curies":[{"name":"wp","href":"https:\/\/api.w.org\/{rel}","templated":true}]}}