{"id":7871,"date":"2025-11-11T20:56:36","date_gmt":"2025-11-11T20:56:36","guid":{"rendered":"https:\/\/kiosque.acadienouvelle.com\/philanthropie-2025\/?page_id=7871"},"modified":"2025-11-13T18:47:45","modified_gmt":"2025-11-13T18:47:45","slug":"releve-science-infirmiere","status":"publish","type":"page","link":"https:\/\/kiosque.acadienouvelle.com\/philanthropie-2025\/releve-science-infirmiere\/","title":{"rendered":"Un c\u0153ur tourn\u00e9 vers la rel\u00e8ve en science infirmi\u00e8re"},"content":{"rendered":"\t\t<div data-elementor-type=\"wp-page\" data-elementor-id=\"7871\" class=\"elementor elementor-7871\" data-elementor-post-type=\"page\">\n\t\t\t\t\t\t<section class=\"elementor-section elementor-top-section elementor-element elementor-element-50c1b6e elementor-section-height-min-height header_title banner_img elementor-section-boxed elementor-section-height-default elementor-section-items-middle\" data-id=\"50c1b6e\" data-element_type=\"section\" data-e-type=\"section\" data-settings=\"{&quot;background_background&quot;:&quot;classic&quot;}\">\n\t\t\t\t\t\t\t<div class=\"elementor-background-overlay\"><\/div>\n\t\t\t\t\t\t\t<div class=\"elementor-container elementor-column-gap-default\">\n\t\t\t\t\t<div class=\"elementor-column elementor-col-100 elementor-top-column elementor-element elementor-element-3a2d241\" data-id=\"3a2d241\" data-element_type=\"column\" data-e-type=\"column\">\n\t\t\t<div class=\"elementor-widget-wrap elementor-element-populated\">\n\t\t\t\t\t\t<div class=\"elementor-element elementor-element-9673cd2 elementor-widget elementor-widget-heading\" data-id=\"9673cd2\" data-element_type=\"widget\" data-e-type=\"widget\" data-widget_type=\"heading.default\">\n\t\t\t\t<div class=\"elementor-widget-container\">\n\t\t\t\t\t<h2 class=\"elementor-heading-title elementor-size-default\">Un c\u0153ur tourn\u00e9 vers la rel\u00e8ve en science infirmi\u00e8re<\/h2>\t\t\t\t<\/div>\n\t\t\t\t<\/div>\n\t\t\t\t\t<\/div>\n\t\t<\/div>\n\t\t\t\t\t<\/div>\n\t\t<\/section>\n\t\t\t\t<section class=\"elementor-section elementor-top-section elementor-element elementor-element-d9a853a elementor-section-boxed elementor-section-height-default elementor-section-height-default\" data-id=\"d9a853a\" data-element_type=\"section\" data-e-type=\"section\">\n\t\t\t\t\t\t<div class=\"elementor-container elementor-column-gap-default\">\n\t\t\t\t\t<div class=\"elementor-column elementor-col-100 elementor-top-column elementor-element elementor-element-68d9c5a page_contain\" data-id=\"68d9c5a\" data-element_type=\"column\" data-e-type=\"column\" data-settings=\"{&quot;background_background&quot;:&quot;classic&quot;}\">\n\t\t\t<div class=\"elementor-widget-wrap elementor-element-populated\">\n\t\t\t\t\t\t<div class=\"elementor-element elementor-element-50f1f9b elementor-widget elementor-widget-image\" data-id=\"50f1f9b\" data-element_type=\"widget\" data-e-type=\"widget\" data-widget_type=\"image.default\">\n\t\t\t\t<div class=\"elementor-widget-container\">\n\t\t\t\t\t\t\t\t\t\t\t\t<figure class=\"wp-caption\">\n\t\t\t\t\t\t\t\t\t\t<img fetchpriority=\"high\" decoding=\"async\" width=\"1366\" height=\"768\" src=\"https:\/\/kiosque.acadienouvelle.com\/philanthropie-2025\/wp-content\/uploads\/sites\/366\/2025\/11\/08_Signature-Fonds-Odette-Landry_land.jpg\" class=\"attachment-full size-full wp-image-7726\" alt=\"\" srcset=\"https:\/\/kiosque.acadienouvelle.com\/philanthropie-2025\/wp-content\/uploads\/sites\/366\/2025\/11\/08_Signature-Fonds-Odette-Landry_land.jpg 1366w, https:\/\/kiosque.acadienouvelle.com\/philanthropie-2025\/wp-content\/uploads\/sites\/366\/2025\/11\/08_Signature-Fonds-Odette-Landry_land-300x169.jpg 300w, https:\/\/kiosque.acadienouvelle.com\/philanthropie-2025\/wp-content\/uploads\/sites\/366\/2025\/11\/08_Signature-Fonds-Odette-Landry_land-1024x576.jpg 1024w, https:\/\/kiosque.acadienouvelle.com\/philanthropie-2025\/wp-content\/uploads\/sites\/366\/2025\/11\/08_Signature-Fonds-Odette-Landry_land-768x432.jpg 768w\" sizes=\"(max-width: 1366px) 100vw, 1366px\" \/>\t\t\t\t\t\t\t\t\t\t\t<figcaption class=\"widget-image-caption wp-caption-text\">De gauche \u00e0 droite : Jeanne Farrah, directrice g\u00e9n\u00e9rale, Philanthropie et relations avec les alumni, Dr Denis Prud\u2019homme, recteur et  vice-chancelier, Odette Landry, donatrice et L\u00e9onard Goguen, donateur.<\/figcaption>\n\t\t\t\t\t\t\t\t\t\t<\/figure>\n\t\t\t\t\t\t\t\t\t<\/div>\n\t\t\t\t<\/div>\n\t\t<link rel=\"stylesheet\" href=\"https:\/\/use.fontawesome.com\/releases\/v5.5.0\/css\/all.css\" integrity=\"sha384-B4dIYHKNBt8Bc12p+WXckhzcICo0wtJAoU8YZTY5qE0Id1GSseTk6S+L3BlXeVIU\" crossorigin=\"anonymous\">\r\n\t\t<div class=\"elementor-element elementor-element-d0a0a3b mobile_pera elementor-widget elementor-widget-text-editor\" data-id=\"d0a0a3b\" data-element_type=\"widget\" data-e-type=\"widget\" data-widget_type=\"text-editor.default\">\n\t\t\t\t<div class=\"elementor-widget-container\">\n\t\t\t\t\t\t\t\t\tC\u2019est avec \u00e9motion qu\u2019Odette Landry est revenue \u00e0 l\u2019Universit\u00e9 de Moncton pour poser un geste concret en faveur de la rel\u00e8ve en sant\u00e9. Ancienne professeure \u00e0 l\u2019\u00c9cole de science infirmi\u00e8re et dipl\u00f4m\u00e9e de l\u2019Universit\u00e9, Mme Landry a consacr\u00e9 sa carri\u00e8re au domaine de la sant\u00e9. Depuis sa retraite, elle collabore avec des associations environnementales provinciales et nationales afin de promouvoir des mesures qui prot\u00e8gent la sant\u00e9 des individus et des collectivit\u00e9s.\n\t\t\t\t\t\t\t\t<\/div>\n\t\t\t\t<\/div>\n\t\t\t\t<div class=\"elementor-element elementor-element-08269a7 elementor-widget elementor-widget-advertisement\" data-id=\"08269a7\" data-element_type=\"widget\" data-e-type=\"widget\" data-widget_type=\"advertisement.default\">\n\t\t\t\t<div class=\"elementor-widget-container\">\n\t\t\t\t\t<div class=\"ads-align-center\"><div data-m32-ad data-options='{\"sizes\":\"[[300,600]]\",\"dfpId\":\"21658289790,27729547\",\"dfpAdUnitPath\":\"acadienouvelle\/cahiers_fullpage_300x600\"}'><\/div><\/div>\t\t\t\t<\/div>\n\t\t\t\t<\/div>\n\t\t\t\t<div class=\"elementor-element elementor-element-dc07e7c mobile_pera elementor-widget elementor-widget-text-editor\" data-id=\"dc07e7c\" data-element_type=\"widget\" data-e-type=\"widget\" data-widget_type=\"text-editor.default\">\n\t\t\t\t<div class=\"elementor-widget-container\">\n\t\t\t\t\t\t\t\t\tConstatant les d\u00e9fis que rencontrent les personnes \u00e9tudiantes, mais aussi leur passion et leur engagement envers les communaut\u00e9s, elle a souhait\u00e9 passer \u00e0 l\u2019action. Avec son conjoint L\u00e9onard Goguen, elle a cr\u00e9\u00e9 un fonds de bourses en science infirmi\u00e8re, destin\u00e9 \u00e0 appuyer \u00e0 la fois les personnes \u00e9tudiantes aux cycles sup\u00e9rieurs et les initiatives p\u00e9dagogiques qui enrichissent la formation pratique.\t\t\t\t\t\t\t\t<\/div>\n\t\t\t\t<\/div>\n\t\t\t\t<div class=\"elementor-element elementor-element-90ec786 mobile_pera elementor-widget elementor-widget-text-editor\" data-id=\"90ec786\" data-element_type=\"widget\" data-e-type=\"widget\" data-widget_type=\"text-editor.default\">\n\t\t\t\t<div class=\"elementor-widget-container\">\n\t\t\t\t\t\t\t\t\t\u00ab J\u2019ai toujours \u00e9t\u00e9 convaincue que, pour assurer des soins de qualit\u00e9 au Nouveau-Brunswick, il faut soutenir celles et ceux qui se pr\u00e9parent \u00e0 cette profession exigeante et essentielle \u00bb, affirme-t-elle.\n\t\t\t\t\t\t\t\t<\/div>\n\t\t\t\t<\/div>\n\t\t\t\t<div class=\"elementor-element elementor-element-e4d1127 mobile_pera elementor-widget elementor-widget-text-editor\" data-id=\"e4d1127\" data-element_type=\"widget\" data-e-type=\"widget\" data-widget_type=\"text-editor.default\">\n\t\t\t\t<div class=\"elementor-widget-container\">\n\t\t\t\t\t\t\t\t\tSon engagement incarne l\u2019esprit de la campagne Donnez pour la rel\u00e8ve en sant\u00e9, qui vise \u00e0 former ici pour soigner ici. \n\t\t\t\t\t\t\t\t<\/div>\n\t\t\t\t<\/div>\n\t\t\t\t<div class=\"elementor-element elementor-element-13cf63a mobile_pera elementor-widget elementor-widget-text-editor\" data-id=\"13cf63a\" data-element_type=\"widget\" data-e-type=\"widget\" data-widget_type=\"text-editor.default\">\n\t\t\t\t<div class=\"elementor-widget-container\">\n\t\t\t\t\t\t\t\t\tGr\u00e2ce \u00e0 son g\u00e9n\u00e9reux don, Mme Landry acc\u00e8de au plus haut niveau de reconnaissance accord\u00e9 aux donatrices et donateurs au sein de l\u2019Ordre des R\u00e9gentes et des R\u00e9gents : celui d\u2019Ambassadrice. Cette distinction souligne la g\u00e9n\u00e9rosit\u00e9 des personnes qui offrent un appui financier substantiel \u00e0 l\u2019Universit\u00e9 de Moncton.\n\t\t\t\t\t\t\t\t<\/div>\n\t\t\t\t<\/div>\n\t\t\t\t<div class=\"elementor-element elementor-element-042e75e mobile_pera elementor-widget elementor-widget-text-editor\" data-id=\"042e75e\" data-element_type=\"widget\" data-e-type=\"widget\" data-widget_type=\"text-editor.default\">\n\t\t\t\t<div class=\"elementor-widget-container\">\n\t\t\t\t\t\t\t\t\t\u00ab La contribution que nous faisons, L\u00e9onard et moi, est une pierre \u00e0 l\u2019\u00e9difice du savoir. Mais cet \u00e9difice sera solide seulement si chacun y apporte sa part. \u00bb\n\t\t\t\t\t\t\t\t<\/div>\n\t\t\t\t<\/div>\n\t\t\t\t<div class=\"elementor-element elementor-element-56d1834 mobile_pera elementor-widget elementor-widget-text-editor\" data-id=\"56d1834\" data-element_type=\"widget\" data-e-type=\"widget\" data-widget_type=\"text-editor.default\">\n\t\t\t\t<div class=\"elementor-widget-container\">\n\t\t\t\t\t\t\t\t\tContenu commandit\u00e9\t\t\t\t\t\t\t\t<\/div>\n\t\t\t\t<\/div>\n\t\t\t\t<div class=\"elementor-element elementor-element-25cd9b3 elementor-widget elementor-widget-heading\" data-id=\"25cd9b3\" data-element_type=\"widget\" data-e-type=\"widget\" data-widget_type=\"heading.default\">\n\t\t\t\t<div class=\"elementor-widget-container\">\n\t\t\t\t\t<h2 class=\"elementor-heading-title elementor-size-default\">FORMER ICI, SOIGNER ICI<span style=\"font-style: inherit\"><\/span><\/h2>\t\t\t\t<\/div>\n\t\t\t\t<\/div>\n\t\t\t\t<div class=\"elementor-element elementor-element-6a94bbb elementor-widget elementor-widget-heading\" data-id=\"6a94bbb\" data-element_type=\"widget\" data-e-type=\"widget\" data-widget_type=\"heading.default\">\n\t\t\t\t<div class=\"elementor-widget-container\">\n\t\t\t\t\t<h6 class=\"elementor-heading-title elementor-size-default\">Objectif&nbsp;: 2 M$<\/h6>\t\t\t\t<\/div>\n\t\t\t\t<\/div>\n\t\t\t\t<div class=\"elementor-element elementor-element-74263c8 mobile_pera elementor-widget elementor-widget-text-editor\" data-id=\"74263c8\" data-element_type=\"widget\" data-e-type=\"widget\" data-widget_type=\"text-editor.default\">\n\t\t\t\t<div class=\"elementor-widget-container\">\n\t\t\t\t\t\t\t\t\tAlors que nos syst\u00e8mes de sant\u00e9 sont mis \u00e0 rude \u00e9preuve et que les besoins des communaut\u00e9s s\u2019intensifient, il est plus essentiel que jamais de miser sur une formation locale, accessible et de qualit\u00e9. \n\t\t\t\t\t\t\t\t<\/div>\n\t\t\t\t<\/div>\n\t\t\t\t<div class=\"elementor-element elementor-element-7ab3e3f mobile_pera elementor-widget elementor-widget-text-editor\" data-id=\"7ab3e3f\" data-element_type=\"widget\" data-e-type=\"widget\" data-widget_type=\"text-editor.default\">\n\t\t\t\t<div class=\"elementor-widget-container\">\n\t\t\t\t\t\t\t\t\t<p>C\u2019est dans ce contexte que l\u2019Universit\u00e9 de Moncton, en collaboration avec le Centre de formation m\u00e9dicale du Nouveau-Brunswick (CFMNB), a lanc\u00e9 la campagne de collecte de fonds <b>Donnez pour la rel\u00e8ve en sant\u00e9<\/b>.<\/p>\t\t\t\t\t\t\t\t<\/div>\n\t\t\t\t<\/div>\n\t\t\t\t<div class=\"elementor-element elementor-element-05eaf65 mobile_pera elementor-widget elementor-widget-text-editor\" data-id=\"05eaf65\" data-element_type=\"widget\" data-e-type=\"widget\" data-widget_type=\"text-editor.default\">\n\t\t\t\t<div class=\"elementor-widget-container\">\n\t\t\t\t\t\t\t\t\tCelle-ci a \u00e9t\u00e9 inaugur\u00e9e le 3\u202foctobre dernier, \u00e0 l\u2019occasion du banquet soulignant le 60e anniversaire de la formation universitaire des infirmi\u00e8res et infirmiers francophones du Nouveau-Brunswick, ainsi que les 30\u202fans de formation sur les campus d\u2019Edmundston et de Shippagan (sur le site de Bathurst).\u202f\n\t\t\t\t\t\t\t\t<\/div>\n\t\t\t\t<\/div>\n\t\t\t\t<div class=\"elementor-element elementor-element-90a8aa3 mobile_pera elementor-widget elementor-widget-text-editor\" data-id=\"90a8aa3\" data-element_type=\"widget\" data-e-type=\"widget\" data-widget_type=\"text-editor.default\">\n\t\t\t\t<div class=\"elementor-widget-container\">\n\t\t\t\t\t\t\t\t\t\u00ab\u2009\u00c0 l\u2019Universit\u00e9 de Moncton, nous formons des personnes qui choisissent de servir, de soigner et de b\u00e2tir des communaut\u00e9s en sant\u00e9\u2009\u00bb, explique le Dr Denis Prud\u2019homme, recteur et vice-chancelier.\n\t\t\t\t\t\t\t\t<\/div>\n\t\t\t\t<\/div>\n\t\t\t\t<div class=\"elementor-element elementor-element-8bcce84 mobile_pera elementor-widget elementor-widget-text-editor\" data-id=\"8bcce84\" data-element_type=\"widget\" data-e-type=\"widget\" data-widget_type=\"text-editor.default\">\n\t\t\t\t<div class=\"elementor-widget-container\">\n\t\t\t\t\t\t\t\t\tAvec un objectif de deux millions de dollars sur trois ans, cette campagne permettra de cr\u00e9er des fonds de bourses pour donner aux personnes \u00e9tudiantes en kin\u00e9siologie, m\u00e9decine, nutrition, psychologie et sciences infirmi\u00e8res les moyens de r\u00e9ussir et de r\u00e9pondre aux besoins criants de nos collectivit\u00e9s.\n\t\t\t\t\t\t\t\t<\/div>\n\t\t\t\t<\/div>\n\t\t\t\t<div class=\"elementor-element elementor-element-9e770db mobile_pera elementor-widget elementor-widget-text-editor\" data-id=\"9e770db\" data-element_type=\"widget\" data-e-type=\"widget\" data-widget_type=\"text-editor.default\">\n\t\t\t\t<div class=\"elementor-widget-container\">\n\t\t\t\t\t\t\t\t\tPour la Dre Nicole LeBlanc, directrice et doyenne associ\u00e9e au CFMNB, \u00ab\u2009chaque don permet de b\u00e2tir un r\u00e9seau de soins \u00e0 l\u2019image de nos valeurs &#8211; humain, accessible et tourn\u00e9 vers l\u2019avenir.\u2009\u00bb\n\t\t\t\t\t\t\t\t<\/div>\n\t\t\t\t<\/div>\n\t\t\t\t<div class=\"elementor-element elementor-element-376cb7a mobile_pera elementor-widget elementor-widget-text-editor\" data-id=\"376cb7a\" data-element_type=\"widget\" data-e-type=\"widget\" data-widget_type=\"text-editor.default\">\n\t\t\t\t<div class=\"elementor-widget-container\">\n\t\t\t\t\t\t\t\t\tPlusieurs initiatives r\u00e9centes en mati\u00e8re de sant\u00e9 t\u00e9moignent d\u2019un \u00e9lan collectif pour renforcer la capacit\u00e9 de formation et de r\u00e9tention des professionnelles et professionnels du domaine de la sant\u00e9 d\u2019ici, notamment en mati\u00e8re de soins primaires et de sant\u00e9 mentale.\n\t\t\t\t\t\t\t\t<\/div>\n\t\t\t\t<\/div>\n\t\t\t\t<div class=\"elementor-element elementor-element-77df05b mobile_pera elementor-widget elementor-widget-text-editor\" data-id=\"77df05b\" data-element_type=\"widget\" data-e-type=\"widget\" data-widget_type=\"text-editor.default\">\n\t\t\t\t<div class=\"elementor-widget-container\">\n\t\t\t\t\t\t\t\t\tCette campagne de financement r\u00e9affirme l\u2019engagement de l\u2019Universit\u00e9 de Moncton et du CFMNB envers la rel\u00e8ve en sant\u00e9.\n\t\t\t\t\t\t\t\t<\/div>\n\t\t\t\t<\/div>\n\t\t\t\t<div class=\"elementor-element elementor-element-39ffcca mobile_pera elementor-widget elementor-widget-text-editor\" data-id=\"39ffcca\" data-element_type=\"widget\" data-e-type=\"widget\" data-widget_type=\"text-editor.default\">\n\t\t\t\t<div class=\"elementor-widget-container\">\n\t\t\t\t\t\t\t\t\tParce qu\u2019appuyer le parcours des personnes \u00e9tudiantes en sant\u00e9 c\u2019est investir dans notre avenir collectif et le mieux-\u00eatre durable de nos communaut\u00e9s.\n\t\t\t\t\t\t\t\t<\/div>\n\t\t\t\t<\/div>\n\t\t\t\t<div class=\"elementor-element elementor-element-ab39c2f mobile_pera elementor-widget elementor-widget-text-editor\" data-id=\"ab39c2f\" data-element_type=\"widget\" data-e-type=\"widget\" data-widget_type=\"text-editor.default\">\n\t\t\t\t<div class=\"elementor-widget-container\">\n\t\t\t\t\t\t\t\t\t<p><i>Contenu commandit\u00e9<\/i><\/p>\t\t\t\t\t\t\t\t<\/div>\n\t\t\t\t<\/div>\n\t\t\t\t\t<\/div>\n\t\t<\/div>\n\t\t\t\t\t<\/div>\n\t\t<\/section>\n\t\t\t\t<\/div>\n\t\t","protected":false},"excerpt":{"rendered":"<p>Un c\u0153ur tourn\u00e9 vers la rel\u00e8ve en science infirmi\u00e8re De gauche \u00e0 droite : Jeanne Farrah, directrice g\u00e9n\u00e9rale, Philanthropie et relations avec les alumni, Dr Denis Prud\u2019homme, recteur et vice-chancelier, Odette Landry, donatrice et L\u00e9onard Goguen, donateur. C\u2019est avec \u00e9motion qu\u2019Odette Landry est revenue \u00e0 l\u2019Universit\u00e9 de Moncton pour poser un geste concret en faveur [&hellip;]<\/p>\n","protected":false},"author":1,"featured_media":0,"parent":0,"menu_order":8,"comment_status":"closed","ping_status":"closed","template":"","meta":{"site-sidebar-layout":"no-sidebar","site-content-layout":"page-builder","ast-site-content-layout":"default","site-content-style":"default","site-sidebar-style":"default","ast-global-header-display":"","ast-banner-title-visibility":"","ast-main-header-display":"","ast-hfb-above-header-display":"","ast-hfb-below-header-display":"","ast-hfb-mobile-header-display":"","site-post-title":"disabled","ast-breadcrumbs-content":"","ast-featured-img":"disabled","footer-sml-layout":"","ast-disable-related-posts":"","theme-transparent-header-meta":"default","adv-header-id-meta":"","stick-header-meta":"","header-above-stick-meta":"","header-main-stick-meta":"","header-below-stick-meta":"","astra-migrate-meta-layouts":"default","ast-page-background-enabled":"default","ast-page-background-meta":{"desktop":{"background-color":"var(--ast-global-color-4)","background-image":"","background-repeat":"repeat","background-position":"center center","background-size":"auto","background-attachment":"scroll","background-type":"","background-media":"","overlay-type":"","overlay-color":"","overlay-opacity":"","overlay-gradient":""},"tablet":{"background-color":"","background-image":"","background-repeat":"repeat","background-position":"center center","background-size":"auto","background-attachment":"scroll","background-type":"","background-media":"","overlay-type":"","overlay-color":"","overlay-opacity":"","overlay-gradient":""},"mobile":{"background-color":"","background-image":"","background-repeat":"repeat","background-position":"center center","background-size":"auto","background-attachment":"scroll","background-type":"","background-media":"","overlay-type":"","overlay-color":"","overlay-opacity":"","overlay-gradient":""}},"ast-content-background-meta":{"desktop":{"background-color":"var(--ast-global-color-5)","background-image":"","background-repeat":"repeat","background-position":"center center","background-size":"auto","background-attachment":"scroll","background-type":"","background-media":"","overlay-type":"","overlay-color":"","overlay-opacity":"","overlay-gradient":""},"tablet":{"background-color":"var(--ast-global-color-5)","background-image":"","background-repeat":"repeat","background-position":"center center","background-size":"auto","background-attachment":"scroll","background-type":"","background-media":"","overlay-type":"","overlay-color":"","overlay-opacity":"","overlay-gradient":""},"mobile":{"background-color":"var(--ast-global-color-5)","background-image":"","background-repeat":"repeat","background-position":"center center","background-size":"auto","background-attachment":"scroll","background-type":"","background-media":"","overlay-type":"","overlay-color":"","overlay-opacity":"","overlay-gradient":""}},"footnotes":""},"page-categories":[],"class_list":["post-7871","page","type-page","status-publish","hentry"],"_links":{"self":[{"href":"https:\/\/kiosque.acadienouvelle.com\/philanthropie-2025\/wp-json\/wp\/v2\/pages\/7871","targetHints":{"allow":["GET"]}}],"collection":[{"href":"https:\/\/kiosque.acadienouvelle.com\/philanthropie-2025\/wp-json\/wp\/v2\/pages"}],"about":[{"href":"https:\/\/kiosque.acadienouvelle.com\/philanthropie-2025\/wp-json\/wp\/v2\/types\/page"}],"author":[{"embeddable":true,"href":"https:\/\/kiosque.acadienouvelle.com\/philanthropie-2025\/wp-json\/wp\/v2\/users\/1"}],"replies":[{"embeddable":true,"href":"https:\/\/kiosque.acadienouvelle.com\/philanthropie-2025\/wp-json\/wp\/v2\/comments?post=7871"}],"version-history":[{"count":20,"href":"https:\/\/kiosque.acadienouvelle.com\/philanthropie-2025\/wp-json\/wp\/v2\/pages\/7871\/revisions"}],"predecessor-version":[{"id":7970,"href":"https:\/\/kiosque.acadienouvelle.com\/philanthropie-2025\/wp-json\/wp\/v2\/pages\/7871\/revisions\/7970"}],"wp:attachment":[{"href":"https:\/\/kiosque.acadienouvelle.com\/philanthropie-2025\/wp-json\/wp\/v2\/media?parent=7871"}],"wp:term":[{"taxonomy":"page-categories","embeddable":true,"href":"https:\/\/kiosque.acadienouvelle.com\/philanthropie-2025\/wp-json\/wp\/v2\/page-categories?post=7871"}],"curies":[{"name":"wp","href":"https:\/\/api.w.org\/{rel}","templated":true}]}}