{"id":7899,"date":"2025-10-29T18:47:02","date_gmt":"2025-10-29T18:47:02","guid":{"rendered":"https:\/\/kiosque.acadienouvelle.com\/repertoire-jeunesse-2025\/?page_id=7899"},"modified":"2025-11-05T20:37:27","modified_gmt":"2025-11-05T20:37:27","slug":"artistique-culturelle","status":"publish","type":"page","link":"https:\/\/kiosque.acadienouvelle.com\/repertoire-jeunesse-2025\/artistique-culturelle\/","title":{"rendered":"Bourses artistiques, culturelles et linguistiques"},"content":{"rendered":"\t\t<div data-elementor-type=\"wp-page\" data-elementor-id=\"7899\" class=\"elementor elementor-7899\" data-elementor-post-type=\"page\">\n\t\t\t\t\t\t<section class=\"elementor-section elementor-top-section elementor-element elementor-element-74ba676 header_title banner_img elementor-section-full_width elementor-section-stretched elementor-section-height-default elementor-section-height-default\" data-id=\"74ba676\" data-element_type=\"section\" data-e-type=\"section\" data-settings=\"{&quot;background_background&quot;:&quot;classic&quot;,&quot;stretch_section&quot;:&quot;section-stretched&quot;}\">\n\t\t\t\t\t\t\t<div class=\"elementor-background-overlay\"><\/div>\n\t\t\t\t\t\t\t<div class=\"elementor-container elementor-column-gap-default\">\n\t\t\t\t\t<div class=\"elementor-column elementor-col-100 elementor-top-column elementor-element elementor-element-767e025\" data-id=\"767e025\" data-element_type=\"column\" data-e-type=\"column\" data-settings=\"{&quot;background_background&quot;:&quot;classic&quot;}\">\n\t\t\t<div class=\"elementor-widget-wrap elementor-element-populated\">\n\t\t\t\t\t\t<div class=\"elementor-element elementor-element-0edd0c1 elementor-widget elementor-widget-heading\" data-id=\"0edd0c1\" data-element_type=\"widget\" data-e-type=\"widget\" data-widget_type=\"heading.default\">\n\t\t\t\t<div class=\"elementor-widget-container\">\n\t\t\t\t\t<h2 class=\"elementor-heading-title elementor-size-default\">Bourses artistiques, culturelles et linguistiques<\/h2>\t\t\t\t<\/div>\n\t\t\t\t<\/div>\n\t\t\t\t\t<\/div>\n\t\t<\/div>\n\t\t\t\t\t<\/div>\n\t\t<\/section>\n\t\t\t\t<section class=\"elementor-section elementor-top-section elementor-element elementor-element-d9a853a elementor-section-boxed elementor-section-height-default elementor-section-height-default\" data-id=\"d9a853a\" data-element_type=\"section\" data-e-type=\"section\">\n\t\t\t\t\t\t<div class=\"elementor-container elementor-column-gap-default\">\n\t\t\t\t\t<div class=\"elementor-column elementor-col-100 elementor-top-column elementor-element elementor-element-68d9c5a page_contain\" data-id=\"68d9c5a\" data-element_type=\"column\" data-e-type=\"column\" data-settings=\"{&quot;background_background&quot;:&quot;classic&quot;}\">\n\t\t\t<div class=\"elementor-widget-wrap elementor-element-populated\">\n\t\t\t\t<link rel=\"stylesheet\" href=\"https:\/\/use.fontawesome.com\/releases\/v5.5.0\/css\/all.css\" integrity=\"sha384-B4dIYHKNBt8Bc12p+WXckhzcICo0wtJAoU8YZTY5qE0Id1GSseTk6S+L3BlXeVIU\" crossorigin=\"anonymous\">\r\n\t\t<div class=\"elementor-element elementor-element-936814b mobile_pera elementor-widget elementor-widget-text-editor\" data-id=\"936814b\" data-element_type=\"widget\" data-e-type=\"widget\" data-widget_type=\"text-editor.default\">\n\t\t\t\t<div class=\"elementor-widget-container\">\n\t\t\t\t\t\t\t\t\t<p style=\"text-align: left;\">BOURSES<\/p>\t\t\t\t\t\t\t\t<\/div>\n\t\t\t\t<\/div>\n\t\t\t\t<div class=\"elementor-element elementor-element-d0a0a3b mobile_pera elementor-widget__width-initial elementor-widget elementor-widget-text-editor\" data-id=\"d0a0a3b\" data-element_type=\"widget\" data-e-type=\"widget\" data-widget_type=\"text-editor.default\">\n\t\t\t\t<div class=\"elementor-widget-container\">\n\t\t\t\t\t\t\t\t\t<p><b>BOURSES D\u2019\u00c9TUDES EN ART&nbsp; (c\/u)<\/b><\/p>\n<p><b>Domaines d\u2019\u00e9tudes<\/b> : Cr\u00e9ation litt\u00e9raire, m\u00e9tiers d\u2019art ou administration des arts, films ou vid\u00e9os, arts visuels ou photographie, interdisciplinaire ou multidisciplinaire, traduction litt\u00e9raire, th\u00e9\u00e2tre, musique ou danse.<\/p>\n<p><b>Valeur <\/b>: 2 500 $ pour \u00e9tudes \u00e0 temps plein, 1 000 $ pour \u00e9tudes \u00e0 temps partiel ou \u00e0 court terme.<\/p>\n<p><b>Crit\u00e8res <\/b>: La personne candidate doit :<\/p>\n<p>\u2022 Avoir la citoyennet\u00e9 ou la r\u00e9sidence permanente canadienne<\/p>\n<p>\u2022 R\u00e9sider au Nouveau-Brunswick<\/p>\n<p>\u2022 Poss\u00e9der une formation et un talent exceptionnel dans une discipline artistique.&nbsp;&nbsp;<\/p>\n<p>\u2022 Avoir l\u2019intention d\u2019\u00e9tudier dans les domaines sp\u00e9cifi\u00e9s dans un \u00e9tablissement reconnu ou avec un.e professeur.e priv\u00e9.e inscrit.e.&nbsp;&nbsp;<\/p>\n<p>\u2022 Avoir l\u2019intention de s\u2019inscrire \u00e0 un programme d\u2019\u00e9tudes postsecondaires.<\/p>\n<p><b>Date limite <\/b>: 2 f\u00e9vrier 2026<\/p>\n<p><b>Renseignements <\/b>:&nbsp;<\/p>\n<p><b>Conseil des arts du Nouveau-Brunswick<br><\/b><span style=\"font-style: inherit; font-weight: inherit;\">634, rue Queen, bureau 300<br><\/span><span style=\"font-style: inherit; font-weight: inherit;\">Fredericton (N.-B.) E3B 1C2<\/span><\/p>\n<p><b>T\u00e9l\u00e9phone <\/b>: 1 866 460-ARTS<\/p>\n<p><b>Site Web<\/b> : artsnb.ca\/web\/programs\/arts-scholarships\/?lang=fr<\/p>\n<p><b>&nbsp;<\/b><\/p>\n<p><b>SHEILA HUGH MACKAY FOUNDATION INC. (c\/u)<\/b><\/p>\n<p><b>Domaines d\u2019\u00e9tudes<\/b> : Arts<\/p>\n<p><b>Valeur <\/b>: 5 000$<\/p>\n<p><b>Crit\u00e8res <\/b>: La personne candidate doit :<\/p>\n<p>\u2022 Avoir obtenu un dipl\u00f4me d\u2019\u00e9tudes secondaires du Nouveau-Brunswick ;<\/p>\n<p>\u2022 Avoir l\u2019intention de poursuivre des \u00e9tudes postsecondaires en arts.&nbsp;&nbsp;<\/p>\n<p>Un comit\u00e9 de s\u00e9lection \u00e9valuera le portfolio des personnes candidates ; portfolio qui sera compos\u00e9 de dessins ou de peintures faits par l\u2019\u00e9tudiant.e.<\/p>\n<p><b>Date limite<\/b> : \u00c0 voir sur le site Web<\/p>\n<p><b>Renseignements <\/b>:<\/p>\n<p>Vous pouvez vous procurer un formulaire aupr\u00e8s des enseignant.e.s d\u2019art des \u00e9coles ou par courriel.<\/p>\n<p>The Sheila Hugh Mackay Foundation Inc.<br><!--StartFragment--><span data-olk-copy-source=\"MessageBody\">C.P. 416, Saint John (N.-B.)&nbsp;&nbsp;E2L 4L9<\/span><!--EndFragment--><\/p>\n<p><b>Courriel <\/b>: sheilahughmackay@nb.aibn.com<\/p>\n<p><b>Site Web<\/b> : sheilahughmackay.ca\/fr\/programme-de-bourses\/<span style=\"font-style: inherit; font-weight: inherit;\">bourse-superieures-sheila-mackay\/<\/span><\/p>\n<p><b>&nbsp;<\/b><\/p>\n<p><b>BOURSE FRED-ROSS&nbsp; (c\/u)<\/b><\/p>\n<p><b>Domaine d\u2019\u00e9tudes<\/b> : Arts<\/p>\n<p><b>Valeur <\/b>: 8 000 $<\/p>\n<p><b>Crit\u00e8res <\/b>: La personne candidate doit :<\/p>\n<p>\u2022 \u00catre inscrite \u00e0 un programme en arts visuels.&nbsp;<\/p>\n<p>\u2022 Il est fortement recommand\u00e9 \u00e0 tout.e futur.e \u00e9tudiant.e du B.A.V. ou du B.A.V orientation enseignement de faire une demande pour la bourse.&nbsp;<\/p>\n<p>Cette bourse est offerte par la Fondation Sheila Hugh Mackay depuis 2001.&nbsp;<\/p>\n<p><b>Date limite<\/b> : \u00c0 voir sur le site Web<\/p>\n<p><b>Renseignements <\/b>:&nbsp;<\/p>\n<p>Vous pouvez vous procurer un formulaire aupr\u00e8s des enseignant.e.s d\u2019art des \u00e9coles ou par courriel.<\/p>\n<p>The Sheila Hugh Mackay Foundation Inc.&nbsp;<br><!--StartFragment--><span data-olk-copy-source=\"MessageBody\">C.P. 416, Saint John (N.-B.)&nbsp;&nbsp;E2L 4L9<\/span><!--EndFragment--><\/p>\n<p><b>Courriel <\/b>: sheilahughmackay@nb.aibn.com&nbsp;<\/p>\n<p><b>Site Web<\/b> : sheilahughmackay.ca\/fr\/programme-de-bourses\/<span style=\"font-style: inherit; font-weight: inherit;\">bourse-fred-ross\/<\/span><\/p>\n<p><b>&nbsp;<\/b><\/p>\n<h6><b>SERVICES<\/b><\/h6>\n<p><b>PROGRAMME EXPLORE \u2013 LANGUE SECONDE (a)<\/b><\/p>\n<p><b>Description <\/b>: Le programme Explore permet aux \u00e9tudiant.e.s de suivre un cours intensif de langue seconde (fran\u00e7ais ou anglais) dans un \u00e9tablissement d\u2019enseignement postsecondaire du Canada (visitez le site Web et consulter la liste d\u2019\u00e9tablissements offrant le cours).<\/p>\n<p><b>Valeur de la bourse <\/b>: 2 800 $<\/p>\n<p><b>Crit\u00e8res <\/b>: La personne candidate doit :<\/p>\n<p>\u2022 Avoir la citoyennet\u00e9 ou la r\u00e9sidence permanente canadienne ;<\/p>\n<p>\u2022 Avoir termin\u00e9 au moins la 11e ann\u00e9e avant le d\u00e9but des cours ;<\/p>\n<p>\u2022 Avoir \u00e9tudi\u00e9 \u00e0 temps plein pendant au moins un semestre de l\u2019ann\u00e9e en cours.<\/p>\n<p><b>Dur\u00e9e <\/b>: 5 semaines<\/p>\n<p><b>Date limite<\/b> : Voir site internet<\/p>\n<p><b>Renseignements <\/b>:<\/p>\n<p>Vous devez faire parvenir un exemplaire de votre demande d\u00fbment remplie, accompagn\u00e9e d\u2019une photocopie de votre extrait de naissance ou preuve de citoyennet\u00e9 canadienne ou de r\u00e9sidence permanente et une photocopie de votre carte d\u2019assurance sociale. Vous pouvez vous procurer le formulaire \u00e0 www.jexplore.ca et le faire parvenir avec les documents requis au coordonnateur de votre province.<\/p>\n<p><b>Au Nouveau-Brunswick (anglais langue seconde) :<\/b><\/p>\n<p>Coordonnatrice provinciale, programme Explore<br><span style=\"font-style: inherit; font-weight: inherit;\">Minist\u00e8re de l\u2019\u00c9ducation, Place 2000<br><\/span><!--StartFragment--><span data-olk-copy-source=\"MessageBody\">C.P. 6000, Fredericton (N.-B.)&nbsp;&nbsp;E3B 5H1<\/span><!--EndFragment--><\/p>\n<p><b>T\u00e9l\u00e9phone <\/b>: 1 877 866-4242<\/p>\n<p><b>Site Web<\/b> : www.jexplore.ca<\/p>\t\t\t\t\t\t\t\t<\/div>\n\t\t\t\t<\/div>\n\t\t\t\t\t<\/div>\n\t\t<\/div>\n\t\t\t\t\t<\/div>\n\t\t<\/section>\n\t\t\t\t<\/div>\n\t\t","protected":false},"excerpt":{"rendered":"<p>Bourses artistiques, culturelles et linguistiques BOURSES BOURSES D\u2019\u00c9TUDES EN ART&nbsp; (c\/u) Domaines d\u2019\u00e9tudes : Cr\u00e9ation litt\u00e9raire, m\u00e9tiers d\u2019art ou administration des arts, films ou vid\u00e9os, arts visuels ou photographie, interdisciplinaire ou multidisciplinaire, traduction litt\u00e9raire, th\u00e9\u00e2tre, musique ou danse. Valeur : 2 500 $ pour \u00e9tudes \u00e0 temps plein, 1 000 $ pour \u00e9tudes \u00e0 temps [&hellip;]<\/p>\n","protected":false},"author":1,"featured_media":0,"parent":0,"menu_order":21,"comment_status":"closed","ping_status":"closed","template":"","meta":{"site-sidebar-layout":"no-sidebar","site-content-layout":"page-builder","ast-site-content-layout":"default","site-content-style":"default","site-sidebar-style":"default","ast-global-header-display":"","ast-banner-title-visibility":"","ast-main-header-display":"","ast-hfb-above-header-display":"","ast-hfb-below-header-display":"","ast-hfb-mobile-header-display":"","site-post-title":"disabled","ast-breadcrumbs-content":"","ast-featured-img":"disabled","footer-sml-layout":"","ast-disable-related-posts":"","theme-transparent-header-meta":"default","adv-header-id-meta":"","stick-header-meta":"","header-above-stick-meta":"","header-main-stick-meta":"","header-below-stick-meta":"","astra-migrate-meta-layouts":"default","ast-page-background-enabled":"default","ast-page-background-meta":{"desktop":{"background-color":"var(--ast-global-color-4)","background-image":"","background-repeat":"repeat","background-position":"center center","background-size":"auto","background-attachment":"scroll","background-type":"","background-media":"","overlay-type":"","overlay-color":"","overlay-opacity":"","overlay-gradient":""},"tablet":{"background-color":"","background-image":"","background-repeat":"repeat","background-position":"center center","background-size":"auto","background-attachment":"scroll","background-type":"","background-media":"","overlay-type":"","overlay-color":"","overlay-opacity":"","overlay-gradient":""},"mobile":{"background-color":"","background-image":"","background-repeat":"repeat","background-position":"center center","background-size":"auto","background-attachment":"scroll","background-type":"","background-media":"","overlay-type":"","overlay-color":"","overlay-opacity":"","overlay-gradient":""}},"ast-content-background-meta":{"desktop":{"background-color":"var(--ast-global-color-5)","background-image":"","background-repeat":"repeat","background-position":"center center","background-size":"auto","background-attachment":"scroll","background-type":"","background-media":"","overlay-type":"","overlay-color":"","overlay-opacity":"","overlay-gradient":""},"tablet":{"background-color":"var(--ast-global-color-5)","background-image":"","background-repeat":"repeat","background-position":"center center","background-size":"auto","background-attachment":"scroll","background-type":"","background-media":"","overlay-type":"","overlay-color":"","overlay-opacity":"","overlay-gradient":""},"mobile":{"background-color":"var(--ast-global-color-5)","background-image":"","background-repeat":"repeat","background-position":"center center","background-size":"auto","background-attachment":"scroll","background-type":"","background-media":"","overlay-type":"","overlay-color":"","overlay-opacity":"","overlay-gradient":""}},"footnotes":""},"page-categories":[],"class_list":["post-7899","page","type-page","status-publish","hentry"],"_links":{"self":[{"href":"https:\/\/kiosque.acadienouvelle.com\/repertoire-jeunesse-2025\/wp-json\/wp\/v2\/pages\/7899","targetHints":{"allow":["GET"]}}],"collection":[{"href":"https:\/\/kiosque.acadienouvelle.com\/repertoire-jeunesse-2025\/wp-json\/wp\/v2\/pages"}],"about":[{"href":"https:\/\/kiosque.acadienouvelle.com\/repertoire-jeunesse-2025\/wp-json\/wp\/v2\/types\/page"}],"author":[{"embeddable":true,"href":"https:\/\/kiosque.acadienouvelle.com\/repertoire-jeunesse-2025\/wp-json\/wp\/v2\/users\/1"}],"replies":[{"embeddable":true,"href":"https:\/\/kiosque.acadienouvelle.com\/repertoire-jeunesse-2025\/wp-json\/wp\/v2\/comments?post=7899"}],"version-history":[{"count":34,"href":"https:\/\/kiosque.acadienouvelle.com\/repertoire-jeunesse-2025\/wp-json\/wp\/v2\/pages\/7899\/revisions"}],"predecessor-version":[{"id":8418,"href":"https:\/\/kiosque.acadienouvelle.com\/repertoire-jeunesse-2025\/wp-json\/wp\/v2\/pages\/7899\/revisions\/8418"}],"wp:attachment":[{"href":"https:\/\/kiosque.acadienouvelle.com\/repertoire-jeunesse-2025\/wp-json\/wp\/v2\/media?parent=7899"}],"wp:term":[{"taxonomy":"page-categories","embeddable":true,"href":"https:\/\/kiosque.acadienouvelle.com\/repertoire-jeunesse-2025\/wp-json\/wp\/v2\/page-categories?post=7899"}],"curies":[{"name":"wp","href":"https:\/\/api.w.org\/{rel}","templated":true}]}}