{"id":7969,"date":"2025-10-30T18:16:00","date_gmt":"2025-10-30T18:16:00","guid":{"rendered":"https:\/\/kiosque.acadienouvelle.com\/repertoire-jeunesse-2025\/?page_id=7969"},"modified":"2025-11-06T18:54:44","modified_gmt":"2025-11-06T18:54:44","slug":"autres-types-bourses","status":"publish","type":"page","link":"https:\/\/kiosque.acadienouvelle.com\/repertoire-jeunesse-2025\/autres-types-bourses\/","title":{"rendered":"Autres types de bourses"},"content":{"rendered":"\t\t<div data-elementor-type=\"wp-page\" data-elementor-id=\"7969\" class=\"elementor elementor-7969\" data-elementor-post-type=\"page\">\n\t\t\t\t\t\t<section class=\"elementor-section elementor-top-section elementor-element elementor-element-74ba676 header_title banner_img elementor-section-full_width elementor-section-stretched elementor-section-height-default elementor-section-height-default\" data-id=\"74ba676\" data-element_type=\"section\" data-e-type=\"section\" data-settings=\"{&quot;background_background&quot;:&quot;classic&quot;,&quot;stretch_section&quot;:&quot;section-stretched&quot;}\">\n\t\t\t\t\t\t\t<div class=\"elementor-background-overlay\"><\/div>\n\t\t\t\t\t\t\t<div class=\"elementor-container elementor-column-gap-default\">\n\t\t\t\t\t<div class=\"elementor-column elementor-col-100 elementor-top-column elementor-element elementor-element-767e025\" data-id=\"767e025\" data-element_type=\"column\" data-e-type=\"column\" data-settings=\"{&quot;background_background&quot;:&quot;classic&quot;}\">\n\t\t\t<div class=\"elementor-widget-wrap elementor-element-populated\">\n\t\t\t\t\t\t<div class=\"elementor-element elementor-element-0edd0c1 elementor-widget elementor-widget-heading\" data-id=\"0edd0c1\" data-element_type=\"widget\" data-e-type=\"widget\" data-widget_type=\"heading.default\">\n\t\t\t\t<div class=\"elementor-widget-container\">\n\t\t\t\t\t<h2 class=\"elementor-heading-title elementor-size-default\">Autres types de bourses<\/h2>\t\t\t\t<\/div>\n\t\t\t\t<\/div>\n\t\t\t\t\t<\/div>\n\t\t<\/div>\n\t\t\t\t\t<\/div>\n\t\t<\/section>\n\t\t\t\t<section class=\"elementor-section elementor-top-section elementor-element elementor-element-d9a853a elementor-section-boxed elementor-section-height-default elementor-section-height-default\" data-id=\"d9a853a\" data-element_type=\"section\" data-e-type=\"section\">\n\t\t\t\t\t\t<div class=\"elementor-container elementor-column-gap-default\">\n\t\t\t\t\t<div class=\"elementor-column elementor-col-100 elementor-top-column elementor-element elementor-element-68d9c5a page_contain\" data-id=\"68d9c5a\" data-element_type=\"column\" data-e-type=\"column\" data-settings=\"{&quot;background_background&quot;:&quot;classic&quot;}\">\n\t\t\t<div class=\"elementor-widget-wrap elementor-element-populated\">\n\t\t\t\t<link rel=\"stylesheet\" href=\"https:\/\/use.fontawesome.com\/releases\/v5.5.0\/css\/all.css\" integrity=\"sha384-B4dIYHKNBt8Bc12p+WXckhzcICo0wtJAoU8YZTY5qE0Id1GSseTk6S+L3BlXeVIU\" crossorigin=\"anonymous\">\r\n\t\t<div class=\"elementor-element elementor-element-1e8902f mobile_pera elementor-widget elementor-widget-text-editor\" data-id=\"1e8902f\" data-element_type=\"widget\" data-e-type=\"widget\" data-widget_type=\"text-editor.default\">\n\t\t\t\t<div class=\"elementor-widget-container\">\n\t\t\t\t\t\t\t\t\t<p style=\"text-align: left;\">BOURSES<\/p>\t\t\t\t\t\t\t\t<\/div>\n\t\t\t\t<\/div>\n\t\t\t\t<div class=\"elementor-element elementor-element-d0a0a3b mobile_pera elementor-widget elementor-widget-text-editor\" data-id=\"d0a0a3b\" data-element_type=\"widget\" data-e-type=\"widget\" data-widget_type=\"text-editor.default\">\n\t\t\t\t<div class=\"elementor-widget-container\">\n\t\t\t\t\t\t\t\t\t<p><b>BOURSE DE FORMATION \u00c0 LA RECHERCHE (u)<\/b><\/p>\n<p><b>Pr\u00e9sentation <\/b>: Les bourses de formation \u00e0 la recherche permettent aux \u00e9tudiant.e.s de 3e cycle de pr\u00e9parer leur th\u00e8se de doctorat en alternance entre leur universit\u00e9 d\u2019origine et une universit\u00e9 d\u2019accueil situ\u00e9e au Sud (pays hors Am\u00e9rique du Nord et hors Union europ\u00e9enne).<\/p>\n<p>\u00c0 noter que les bourses de formation \u00e0 la recherche ne peuvent en aucun cas \u00eatre attribu\u00e9es entre deux pays du Nord (par exemple, entre le Canada et la France).<\/p>\n<p><b>Conditions d\u2019admission<\/b> : La personne candidate doit :<\/p>\n<p>\u2022 Avoir moins de 40 ans ;<\/p>\n<p>\u2022 \u00catre r\u00e9guli\u00e8rement inscrite dans un \u00e9tablissement sup\u00e9rieur membre de l\u2019AUF ;<\/p>\n<p>\u2022 Choisir un \u00e9tablissement d\u2019accueil obligatoirement situ\u00e9 dans un pays du Sud (pays hors Union europ\u00e9enne et pays hors Am\u00e9rique du Nord) et y obtenir son admission ;<\/p>\n<p>\u2022 Mener alternativement ses recherches dans les \u00e9tablissements d\u2019accueil et d\u2019origine.<\/p>\n<p><b>L\u2019\u00e9tablissement d\u2019origine est celui dans lequel la personne candidate est inscrite ou en activit\u00e9 pendant l\u2019ann\u00e9e en cours. L\u2019\u00e9tablissement d\u2019accueil est celui dans lequel la personne souhaite effectuer sa mobilit\u00e9.<\/b><\/p>\n<p><b>Dur\u00e9e <\/b>: Bourses accord\u00e9es pour une dur\u00e9e d\u2019une ann\u00e9e universitaire, renouvelables deux fois au maximum.<\/p>\n<p><b>Renseignements <\/b>:&nbsp;<\/p>\n<p><b>T\u00e9l\u00e9phone&nbsp;<\/b>: (514) 343-7241<\/p>\n<p><b>Courriel <\/b>: amerique-nord@auf.org<\/p>\n<p><b>Site Web<\/b> : https:\/\/www.auf.org\/ressources-et-services\/bourses<\/p>\n<p><span style=\"font-style: inherit;\"><b>&nbsp;<\/b><\/span><\/p>\n<h6><span style=\"font-style: inherit;\"><b>COLL\u00c8GE COMMUNAUTAIRE DU NOUVEAU-BRUNSWICK<br><\/b><\/span><b style=\"font-size: 20px; font-style: inherit; color: #000000; font-family: Arial, sans-serif;\">BOURSES POUR LES \u00c9TUDIANTS INTERNATIONAUX&nbsp;<span style=\"font-style: inherit;\">ET LES \u00c9TUDIANTES INTERNATIONALES DU CCNB<\/span><\/b><\/h6>\n<p><span style=\"font-style: inherit;\"><b>BOURSE JACQUES BOUREIMA KI<\/b><\/span><\/p>\n<p>Les \u00e9tudiants internationaux inscrits \u00e0 temps plein \u00e0 l\u2019un des campus du CCNB originaires d\u2019un \u00c9tat ou gouvernement membre de la CONFEMEN peuvent b\u00e9n\u00e9ficier de la bourse Jacques Boureima Ki. \u00c0 noter que ce programme exclut les \u00e9tudiants qui profitent d&rsquo;une entente entre le CCNB et leur pays d&rsquo;origine, si l&rsquo;entente influe sur les droits de scolarit\u00e9.&nbsp;<\/p>\n<p><b>Renseignements <\/b>: https:\/\/ccnb.ca\/frais-et-financement\/aide-financiere-et-bourses\/#:~:text=Bourse%20de%20recrutement%20Jacques%20Boureima,Bourse%20Micha%C3%ABlle%20Jean.<\/p>\n<p><b>BOURSE MICHA\u00cbLLE JEAN<\/b><\/p>\n<p>Cette bourse d\u2019\u00e9tudes en formation technique ou professionnelle est offerte \u00e0 des femmes originaires de l\u2019un des \u00c9tats ou gouvernements membres de l\u2019OIF pour assurer des \u00e9tudes dans les domaines non traditionnels.<\/p>\n<p><b>Renseignements <\/b>: boursemichaellejean.pdf (ccnb.ca)<\/p>\n<p><b>BOURSES DE LA FONDATION CCNB \u2013 \u00c9TUDES \u00c0 TEMPS PLEIN<\/b><\/p>\n<p>Plusieurs bourses sont remises dans chaque campus. Vous devez \u00eatre admis \u00e0 temps plein dans un programme postsecondaire d&rsquo;une dur\u00e9e d\u2019au moins 1 an au CCNB, ou au NBCC ou au NBCCD, et faire preuve de besoins financiers document\u00e9s.<\/p>\n<p><b>Renseignements <\/b>: The NBCC Foundation Inc. &#8211; La Fondation du CCNB Inc. (lafondationccnbinc.ca)<\/p>\n<h6><b><span style=\"font-style: inherit;\">CCNB \u2013 BOURSES POUR LES \u00c9TUDIANTS AYANT&nbsp;<\/span><span style=\"font-style: inherit;\">UNE INCAPACIT\u00c9 PERMANENTE<\/span><\/b><\/h6>\n<p><b style=\"font-style: inherit;\">PROGRAMME NATIONAL DE BOURSES D\u2019\u00c9TUDES NEADS<\/b><\/p>\n<p>Le Programme national de bourses d\u2019\u00e9tudes de NEADS est offert dans le but de favoriser le plein acc\u00e8s aux \u00e9tudes postsecondaires pour les personnes handicap\u00e9es, qui doivent souvent assumer des co\u00fbts additionnels pour leurs \u00e9tudes, en plus d\u2019avoir des obstacles d\u2019acc\u00e8s suppl\u00e9mentaires.<\/p>\n<p><b>Admissibilit\u00e9 <\/b>: \u00catre citoyen.ne.s ou r\u00e9sident.e.s permanent.e.s du Canada, avoir un handicap permanent. *\u00catre actuellement inscrit.e.s** dans un \u00e9tablissement postsecondaire comme \u00e9tudiant.e.s \u00e0 temps plein.*<\/p>\n<p><i>*Aux fins du programme de bourses, on entend par \u00ab\u2009handicap permanent\u2009\u00bb une limitation fonctionnelle chronique, qui affecte la capacit\u00e9 d\u2019un.e \u00e9tudiant.e \u00e0 poursuivre pleinement ses \u00e9tudes postsecondaires.<\/i><\/p>\n<p><i>*** Le Programme canadien d\u2019aide financi\u00e8re aux \u00e9tudiant.e.s d\u00e9finit les \u00e9tudes \u00e0 temps plein comme \u00e9tant une charge de cours \u00e0 40 %.<\/i><\/p>\n<p><b>Renseignements <\/b>: https:\/\/www.neads.ca\/fr\/about\/awards<\/p>\n<p><\/p>\n<h6><b><br><\/b><\/h6><h6><b>CCNB \u2013 BOURSES POUR LA POPULATION INDIG\u00c8NE<\/b><\/h6>\n<p><span style=\"font-style: inherit;\"><b>BOURSE INDSPIRE<\/b><\/span><\/p>\n<p>Indspire est un organisme national de charit\u00e9 qui investit dans l\u2019\u00e9ducation des gens des Premi\u00e8res Nations, des Inuits et des M\u00e9tis.<\/p>\n<p><b>Dates limites<\/b> : 1er ao\u00fbt 2025, 1er novembre 2025, 1er f\u00e9vrier 2026.<\/p>\n<p><b>Renseignements <\/b>: indspire.ca\/programs\/students\/bursaries-scholarships\/&nbsp;<\/p>\t\t\t\t\t\t\t\t<\/div>\n\t\t\t\t<\/div>\n\t\t\t\t\t<\/div>\n\t\t<\/div>\n\t\t\t\t\t<\/div>\n\t\t<\/section>\n\t\t\t\t<\/div>\n\t\t","protected":false},"excerpt":{"rendered":"<p>Autres types de bourses BOURSES BOURSE DE FORMATION \u00c0 LA RECHERCHE (u) Pr\u00e9sentation : Les bourses de formation \u00e0 la recherche permettent aux \u00e9tudiant.e.s de 3e cycle de pr\u00e9parer leur th\u00e8se de doctorat en alternance entre leur universit\u00e9 d\u2019origine et une universit\u00e9 d\u2019accueil situ\u00e9e au Sud (pays hors Am\u00e9rique du Nord et hors Union europ\u00e9enne). [&hellip;]<\/p>\n","protected":false},"author":1,"featured_media":0,"parent":0,"menu_order":25,"comment_status":"closed","ping_status":"closed","template":"","meta":{"site-sidebar-layout":"no-sidebar","site-content-layout":"page-builder","ast-site-content-layout":"default","site-content-style":"default","site-sidebar-style":"default","ast-global-header-display":"","ast-banner-title-visibility":"","ast-main-header-display":"","ast-hfb-above-header-display":"","ast-hfb-below-header-display":"","ast-hfb-mobile-header-display":"","site-post-title":"disabled","ast-breadcrumbs-content":"","ast-featured-img":"disabled","footer-sml-layout":"","ast-disable-related-posts":"","theme-transparent-header-meta":"default","adv-header-id-meta":"","stick-header-meta":"","header-above-stick-meta":"","header-main-stick-meta":"","header-below-stick-meta":"","astra-migrate-meta-layouts":"default","ast-page-background-enabled":"default","ast-page-background-meta":{"desktop":{"background-color":"var(--ast-global-color-4)","background-image":"","background-repeat":"repeat","background-position":"center center","background-size":"auto","background-attachment":"scroll","background-type":"","background-media":"","overlay-type":"","overlay-color":"","overlay-opacity":"","overlay-gradient":""},"tablet":{"background-color":"","background-image":"","background-repeat":"repeat","background-position":"center center","background-size":"auto","background-attachment":"scroll","background-type":"","background-media":"","overlay-type":"","overlay-color":"","overlay-opacity":"","overlay-gradient":""},"mobile":{"background-color":"","background-image":"","background-repeat":"repeat","background-position":"center center","background-size":"auto","background-attachment":"scroll","background-type":"","background-media":"","overlay-type":"","overlay-color":"","overlay-opacity":"","overlay-gradient":""}},"ast-content-background-meta":{"desktop":{"background-color":"var(--ast-global-color-5)","background-image":"","background-repeat":"repeat","background-position":"center center","background-size":"auto","background-attachment":"scroll","background-type":"","background-media":"","overlay-type":"","overlay-color":"","overlay-opacity":"","overlay-gradient":""},"tablet":{"background-color":"var(--ast-global-color-5)","background-image":"","background-repeat":"repeat","background-position":"center center","background-size":"auto","background-attachment":"scroll","background-type":"","background-media":"","overlay-type":"","overlay-color":"","overlay-opacity":"","overlay-gradient":""},"mobile":{"background-color":"var(--ast-global-color-5)","background-image":"","background-repeat":"repeat","background-position":"center center","background-size":"auto","background-attachment":"scroll","background-type":"","background-media":"","overlay-type":"","overlay-color":"","overlay-opacity":"","overlay-gradient":""}},"footnotes":""},"page-categories":[],"class_list":["post-7969","page","type-page","status-publish","hentry"],"_links":{"self":[{"href":"https:\/\/kiosque.acadienouvelle.com\/repertoire-jeunesse-2025\/wp-json\/wp\/v2\/pages\/7969","targetHints":{"allow":["GET"]}}],"collection":[{"href":"https:\/\/kiosque.acadienouvelle.com\/repertoire-jeunesse-2025\/wp-json\/wp\/v2\/pages"}],"about":[{"href":"https:\/\/kiosque.acadienouvelle.com\/repertoire-jeunesse-2025\/wp-json\/wp\/v2\/types\/page"}],"author":[{"embeddable":true,"href":"https:\/\/kiosque.acadienouvelle.com\/repertoire-jeunesse-2025\/wp-json\/wp\/v2\/users\/1"}],"replies":[{"embeddable":true,"href":"https:\/\/kiosque.acadienouvelle.com\/repertoire-jeunesse-2025\/wp-json\/wp\/v2\/comments?post=7969"}],"version-history":[{"count":19,"href":"https:\/\/kiosque.acadienouvelle.com\/repertoire-jeunesse-2025\/wp-json\/wp\/v2\/pages\/7969\/revisions"}],"predecessor-version":[{"id":8452,"href":"https:\/\/kiosque.acadienouvelle.com\/repertoire-jeunesse-2025\/wp-json\/wp\/v2\/pages\/7969\/revisions\/8452"}],"wp:attachment":[{"href":"https:\/\/kiosque.acadienouvelle.com\/repertoire-jeunesse-2025\/wp-json\/wp\/v2\/media?parent=7969"}],"wp:term":[{"taxonomy":"page-categories","embeddable":true,"href":"https:\/\/kiosque.acadienouvelle.com\/repertoire-jeunesse-2025\/wp-json\/wp\/v2\/page-categories?post=7969"}],"curies":[{"name":"wp","href":"https:\/\/api.w.org\/{rel}","templated":true}]}}