{"id":7864,"date":"2026-03-03T18:56:59","date_gmt":"2026-03-03T18:56:59","guid":{"rendered":"https:\/\/kiosque.acadienouvelle.com\/vie-50-01-2026\/?page_id=7864"},"modified":"2026-03-03T19:34:16","modified_gmt":"2026-03-03T19:34:16","slug":"afanb-la-prsente-anne-sannonce-bien-remplie","status":"publish","type":"page","link":"https:\/\/kiosque.acadienouvelle.com\/vie-50-01-2026\/afanb-la-prsente-anne-sannonce-bien-remplie\/","title":{"rendered":"AFANB : La pr\u00e9sente ann\u00e9e s\u2019annonce bien remplie"},"content":{"rendered":"\t\t<div data-elementor-type=\"wp-page\" data-elementor-id=\"7864\" class=\"elementor elementor-7864\" data-elementor-post-type=\"page\">\n\t\t\t\t\t\t<section class=\"elementor-section elementor-top-section elementor-element elementor-element-50c1b6e elementor-section-height-min-height header_title banner_img elementor-section-boxed elementor-section-height-default elementor-section-items-middle\" data-id=\"50c1b6e\" data-element_type=\"section\" data-e-type=\"section\" data-settings=\"{&quot;background_background&quot;:&quot;classic&quot;}\">\n\t\t\t\t\t\t\t<div class=\"elementor-background-overlay\"><\/div>\n\t\t\t\t\t\t\t<div class=\"elementor-container elementor-column-gap-default\">\n\t\t\t\t\t<div class=\"elementor-column elementor-col-100 elementor-top-column elementor-element elementor-element-3a2d241\" data-id=\"3a2d241\" data-element_type=\"column\" data-e-type=\"column\">\n\t\t\t<div class=\"elementor-widget-wrap elementor-element-populated\">\n\t\t\t\t\t\t<div class=\"elementor-element elementor-element-9673cd2 elementor-widget elementor-widget-heading\" data-id=\"9673cd2\" data-element_type=\"widget\" data-e-type=\"widget\" data-widget_type=\"heading.default\">\n\t\t\t\t<div class=\"elementor-widget-container\">\n\t\t\t\t\t<h2 class=\"elementor-heading-title elementor-size-default\">AFANB : La pr\u00e9sente ann\u00e9e s\u2019annonce bien remplie<\/h2>\t\t\t\t<\/div>\n\t\t\t\t<\/div>\n\t\t\t\t\t<\/div>\n\t\t<\/div>\n\t\t\t\t\t<\/div>\n\t\t<\/section>\n\t\t\t\t<section class=\"elementor-section elementor-top-section elementor-element elementor-element-d9a853a elementor-section-boxed elementor-section-height-default elementor-section-height-default\" data-id=\"d9a853a\" data-element_type=\"section\" data-e-type=\"section\">\n\t\t\t\t\t\t<div class=\"elementor-container elementor-column-gap-default\">\n\t\t\t\t\t<div class=\"elementor-column elementor-col-100 elementor-top-column elementor-element elementor-element-68d9c5a page_contain\" data-id=\"68d9c5a\" data-element_type=\"column\" data-e-type=\"column\" data-settings=\"{&quot;background_background&quot;:&quot;classic&quot;}\">\n\t\t\t<div class=\"elementor-widget-wrap elementor-element-populated\">\n\t\t\t\t\t\t<div class=\"elementor-element elementor-element-50f1f9b elementor-widget elementor-widget-image\" data-id=\"50f1f9b\" data-element_type=\"widget\" data-e-type=\"widget\" data-widget_type=\"image.default\">\n\t\t\t\t<div class=\"elementor-widget-container\">\n\t\t\t\t\t\t\t\t\t\t\t\t<figure class=\"wp-caption\">\n\t\t\t\t\t\t\t\t\t\t<img fetchpriority=\"high\" decoding=\"async\" width=\"1366\" height=\"768\" src=\"https:\/\/kiosque.acadienouvelle.com\/vie-50-01-2026\/wp-content\/uploads\/sites\/383\/2026\/03\/5-AFANB_landing.jpg\" class=\"attachment-full size-full wp-image-7869\" alt=\"\" srcset=\"https:\/\/kiosque.acadienouvelle.com\/vie-50-01-2026\/wp-content\/uploads\/sites\/383\/2026\/03\/5-AFANB_landing.jpg 1366w, https:\/\/kiosque.acadienouvelle.com\/vie-50-01-2026\/wp-content\/uploads\/sites\/383\/2026\/03\/5-AFANB_landing-300x169.jpg 300w, https:\/\/kiosque.acadienouvelle.com\/vie-50-01-2026\/wp-content\/uploads\/sites\/383\/2026\/03\/5-AFANB_landing-1024x576.jpg 1024w, https:\/\/kiosque.acadienouvelle.com\/vie-50-01-2026\/wp-content\/uploads\/sites\/383\/2026\/03\/5-AFANB_landing-768x432.jpg 768w\" sizes=\"(max-width: 1366px) 100vw, 1366px\" \/>\t\t\t\t\t\t\t\t\t\t\t<figcaption class=\"widget-image-caption wp-caption-text\">Norma Dub\u00e9, pr\u00e9sidente de l\u2019AFANB.<\/figcaption>\n\t\t\t\t\t\t\t\t\t\t<\/figure>\n\t\t\t\t\t\t\t\t\t<\/div>\n\t\t\t\t<\/div>\n\t\t<link rel=\"stylesheet\" href=\"https:\/\/use.fontawesome.com\/releases\/v5.5.0\/css\/all.css\" integrity=\"sha384-B4dIYHKNBt8Bc12p+WXckhzcICo0wtJAoU8YZTY5qE0Id1GSseTk6S+L3BlXeVIU\" crossorigin=\"anonymous\">\r\n\t\t<div class=\"elementor-element elementor-element-d0a0a3b mobile_pera elementor-widget elementor-widget-text-editor\" data-id=\"d0a0a3b\" data-element_type=\"widget\" data-e-type=\"widget\" data-widget_type=\"text-editor.default\">\n\t\t\t\t<div class=\"elementor-widget-container\">\n\t\t\t\t\t\t\t\t\t<p>Les dossiers se multiplient \u00e0 l\u2019Association francophone des a\u00een\u00e9es et a\u00een\u00e9s du Nouveau-Brunswick. Sa pr\u00e9sidente, Norma Dub\u00e9, \u00e9num\u00e8re certaines priorit\u00e9s telles que l\u2019\u00e9tablissement d\u2019une vision pour le vieillissement en fran\u00e7ais, le processus budg\u00e9taire provincial, la r\u00e9vision de la Loi sur les langues officielles et les soins de longue dur\u00e9e.<\/p>\t\t\t\t\t\t\t\t<\/div>\n\t\t\t\t<\/div>\n\t\t\t\t<div class=\"elementor-element elementor-element-f80710b elementor-widget elementor-widget-advertisement\" data-id=\"f80710b\" data-element_type=\"widget\" data-e-type=\"widget\" data-widget_type=\"advertisement.default\">\n\t\t\t\t<div class=\"elementor-widget-container\">\n\t\t\t\t\t<div class=\"ads-align-center\"><div data-m32-ad data-options='{\"sizes\":\"[[300,250]]\",\"dfpId\":\"21658289790,27729547\",\"dfpAdUnitPath\":\"acadienouvelle\/cahiers_quarterpage_300x250\"}'><\/div><\/div>\t\t\t\t<\/div>\n\t\t\t\t<\/div>\n\t\t\t\t<div class=\"elementor-element elementor-element-296a3a5 mobile_pera elementor-widget elementor-widget-text-editor\" data-id=\"296a3a5\" data-element_type=\"widget\" data-e-type=\"widget\" data-widget_type=\"text-editor.default\">\n\t\t\t\t<div class=\"elementor-widget-container\">\n\t\t\t\t\t\t\t\t\t<p>Elle s\u2019est r\u00e9jouie d\u2019abord de la mise en place du poste de ministre responsable des A\u00een\u00e9s.<\/p>\t\t\t\t\t\t\t\t<\/div>\n\t\t\t\t<\/div>\n\t\t\t\t<div class=\"elementor-element elementor-element-c13cf8f mobile_pera elementor-widget elementor-widget-text-editor\" data-id=\"c13cf8f\" data-element_type=\"widget\" data-e-type=\"widget\" data-widget_type=\"text-editor.default\">\n\t\t\t\t<div class=\"elementor-widget-container\">\n\t\t\t\t\t\t\t\t\t<p>\u00ab Je suis tr\u00e8s consciente que nous revendiquons un minist\u00e8re des a\u00een\u00e9s. Mais je me suis dit que nous avons probablement obtenu 80 % de ce que nous demandions en ce qui a trait \u00e0 l\u2019accent sur les questions des personnes a\u00een\u00e9es, l\u2019acc\u00e8s au budget et l\u2019autorit\u00e9 sur ce budget et le personnel. En d\u2019autres mots, la ministre a les outils pour assurer que les questions d\u2019importance pour les a\u00een\u00e9s deviennent prioritaires \u00bb, avance-t-elle en consid\u00e9rant ceci comme une premi\u00e8re \u00e9tape vers un minist\u00e8re \u00e0 part enti\u00e8re.<\/p>\t\t\t\t\t\t\t\t<\/div>\n\t\t\t\t<\/div>\n\t\t\t\t<div class=\"elementor-element elementor-element-0b6ad93 mobile_pera elementor-widget elementor-widget-text-editor\" data-id=\"0b6ad93\" data-element_type=\"widget\" data-e-type=\"widget\" data-widget_type=\"text-editor.default\">\n\t\t\t\t<div class=\"elementor-widget-container\">\n\t\t\t\t\t\t\t\t\t<p><b>La suite des \u00c9tats g\u00e9n\u00e9raux<\/b><\/p>\t\t\t\t\t\t\t\t<\/div>\n\t\t\t\t<\/div>\n\t\t\t\t<div class=\"elementor-element elementor-element-74263c8 mobile_pera elementor-widget elementor-widget-text-editor\" data-id=\"74263c8\" data-element_type=\"widget\" data-e-type=\"widget\" data-widget_type=\"text-editor.default\">\n\t\t\t\t<div class=\"elementor-widget-container\">\n\t\t\t\t\t\t\t\t\t<p>L\u2019AFANB poursuivra aussi ses efforts pour \u00e9tablir une vision du vieillissement en fran\u00e7ais pour la prochaine d\u00e9cennie telle qu\u2019entam\u00e9e lors des \u00c9tats g\u00e9n\u00e9raux. Des rencontres de planification sont \u00e0 l\u2019horaire et les discussions sont en cours. L\u2019Association est \u00e9galement pr\u00e9occup\u00e9e par le prochain budget provincial et des r\u00e9ductions possibles de 10 \u00e0 15 pour cent. \u00ab C\u2019est beaucoup quand on regarde les programmes et les services. Nous allons \u00eatre aux aguets pour voir quels pourraient \u00eatre les impacts sur les a\u00een\u00e9s et tenter de les minimiser \u00bb, avance-t-elle.<\/p>\t\t\t\t\t\t\t\t<\/div>\n\t\t\t\t<\/div>\n\t\t\t\t<div class=\"elementor-element elementor-element-0cf2809 mobile_pera elementor-widget elementor-widget-text-editor\" data-id=\"0cf2809\" data-element_type=\"widget\" data-e-type=\"widget\" data-widget_type=\"text-editor.default\">\n\t\t\t\t<div class=\"elementor-widget-container\">\n\t\t\t\t\t\t\t\t\t<p>Par ailleurs, l\u2019organisme se pr\u00e9pare pour participer au processus de r\u00e9vision de la Loi sur les langues officielles. \u00ab Les services dans sa langue maternelle sont tellement critiques pour les personnes \u00e2g\u00e9es et j\u2019oserai m\u00eame dire que c\u2019est une question de s\u00e9curit\u00e9. \u00c7a doit \u00eatre mis sur la table du comit\u00e9 qui va faire l\u2019\u00e9tude \u00bb, souligne-t-elle.<\/p>\t\t\t\t\t\t\t\t<\/div>\n\t\t\t\t<\/div>\n\t\t\t\t<div class=\"elementor-element elementor-element-08840ac mobile_pera elementor-widget elementor-widget-text-editor\" data-id=\"08840ac\" data-element_type=\"widget\" data-e-type=\"widget\" data-widget_type=\"text-editor.default\">\n\t\t\t\t<div class=\"elementor-widget-container\">\n\t\t\t\t\t\t\t\t\t<p>Enfin, l\u2019association collabore avec d\u2019autres organismes et le gouvernement pour l\u2019\u00e9tablissement d\u2019une strat\u00e9gie pour les soins de longue dur\u00e9e dans la province. <br \/>\u00ab Nous nous assurons que la perspective que nous entendions des a\u00een\u00e9s est refl\u00e9t\u00e9e dans ce plan \u00bb, affirme en conclusion Norma Dub\u00e9.<\/p>\t\t\t\t\t\t\t\t<\/div>\n\t\t\t\t<\/div>\n\t\t\t\t<div class=\"elementor-element elementor-element-2436eaa mobile_pera elementor-widget elementor-widget-text-editor\" data-id=\"2436eaa\" data-element_type=\"widget\" data-e-type=\"widget\" data-widget_type=\"text-editor.default\">\n\t\t\t\t<div class=\"elementor-widget-container\">\n\t\t\t\t\t\t\t\t\t<p><b>Pour tout savoir : https:\/\/www.afanb.org<\/b><\/p>\t\t\t\t\t\t\t\t<\/div>\n\t\t\t\t<\/div>\n\t\t\t\t<div class=\"elementor-element elementor-element-166374c mobile_pera elementor-widget elementor-widget-text-editor\" data-id=\"166374c\" data-element_type=\"widget\" data-e-type=\"widget\" data-widget_type=\"text-editor.default\">\n\t\t\t\t<div class=\"elementor-widget-container\">\n\t\t\t\t\t\t\t\t\t<h1><b>Une nouvel<\/b><b style=\"font-style: inherit;\">le initiative de la FAAFC<\/b><\/h1>\n<div><b>&nbsp;<\/b><\/div>\n<div>\n<h1 style=\"font-style: normal;\"><b><img decoding=\"async\" class=\"aligncenter wp-image-7882 size-medium\" src=\"https:\/\/kiosque.acadienouvelle.com\/vie-50-01-2026\/wp-content\/uploads\/sites\/383\/2026\/03\/5-AFANB_landing_logo-300x300.jpg\" alt=\"\" width=\"300\" height=\"300\" srcset=\"https:\/\/kiosque.acadienouvelle.com\/vie-50-01-2026\/wp-content\/uploads\/sites\/383\/2026\/03\/5-AFANB_landing_logo-300x300.jpg 300w, https:\/\/kiosque.acadienouvelle.com\/vie-50-01-2026\/wp-content\/uploads\/sites\/383\/2026\/03\/5-AFANB_landing_logo-1024x1024.jpg 1024w, https:\/\/kiosque.acadienouvelle.com\/vie-50-01-2026\/wp-content\/uploads\/sites\/383\/2026\/03\/5-AFANB_landing_logo-150x150.jpg 150w, https:\/\/kiosque.acadienouvelle.com\/vie-50-01-2026\/wp-content\/uploads\/sites\/383\/2026\/03\/5-AFANB_landing_logo-768x768.jpg 768w, https:\/\/kiosque.acadienouvelle.com\/vie-50-01-2026\/wp-content\/uploads\/sites\/383\/2026\/03\/5-AFANB_landing_logo-1536x1536.jpg 1536w, https:\/\/kiosque.acadienouvelle.com\/vie-50-01-2026\/wp-content\/uploads\/sites\/383\/2026\/03\/5-AFANB_landing_logo.jpg 2048w\" sizes=\"(max-width: 300px) 100vw, 300px\" \/><\/b><\/h1>\n<p><b>&nbsp;<\/b><\/p>\n<\/div>\n<p>En octobre dernier, la F\u00e9d\u00e9ration des a\u00een\u00e9es et a\u00een\u00e9s francophones du Canada (FAAFC) a&nbsp;<span style=\"font-style: inherit; font-weight: inherit;\">lanc\u00e9 une nouvelle campagne intitul\u00e9e : <\/span><b style=\"font-style: inherit;\">\u00ab Ensemble, nourrir les racines du bien-\u00eatre des a\u00een\u00e9es et a\u00een\u00e9s \u00bb.<\/b><span style=\"font-style: inherit; font-weight: inherit;\"> Elle vise \u00e0 mettre en lumi\u00e8re les bases indispensables qui permettent aux a\u00een\u00e9s de s\u2019\u00e9panouir et de s\u2019engager pleinement dans leur communaut\u00e9 : la s\u00e9curit\u00e9, la sant\u00e9 et l\u2019engagement citoyen.<\/span><\/p>\n<p><span style=\"font-style: inherit; font-weight: inherit;\">La campagne se d\u00e9cline en trois capsules vid\u00e9o qui seront diffus\u00e9es sur les r\u00e9seaux sociaux et le site web de la FAAFC. Ces capsules pr\u00e9sentent des t\u00e9moignages de personnes a\u00een\u00e9es et rappellent que le bien-\u00eatre est la base qui soutient leur sant\u00e9, leur s\u00e9curit\u00e9 et leur engagement citoyen.<\/span><\/p>\n<p>\u00ab Les personnes a\u00een\u00e9es sont au coeur de la vitalit\u00e9 de nos communaut\u00e9s francophones. La sant\u00e9, la s\u00e9curit\u00e9 et l\u2019engagement citoyen sont les racines qui permettent aux personnes a\u00een\u00e9es de grandir et de continuer \u00e0 enrichir la soci\u00e9t\u00e9 \u00bb, a d\u00e9clar\u00e9 Joanne Dumas, pr\u00e9sidente de la FAAFC.<\/p>\n<div>\n<div><b>Pour plus d\u2019information : https:\/\/faafc.ca<\/b><\/div>\n<\/div>\t\t\t\t\t\t\t\t<\/div>\n\t\t\t\t<\/div>\n\t\t\t\t\t<\/div>\n\t\t<\/div>\n\t\t\t\t\t<\/div>\n\t\t<\/section>\n\t\t\t\t<\/div>\n\t\t","protected":false},"excerpt":{"rendered":"<p>AFANB : La pr\u00e9sente ann\u00e9e s\u2019annonce bien remplie Norma Dub\u00e9, pr\u00e9sidente de l\u2019AFANB. Les dossiers se multiplient \u00e0 l\u2019Association francophone des a\u00een\u00e9es et a\u00een\u00e9s du Nouveau-Brunswick. Sa pr\u00e9sidente, Norma Dub\u00e9, \u00e9num\u00e8re certaines priorit\u00e9s telles que l\u2019\u00e9tablissement d\u2019une vision pour le vieillissement en fran\u00e7ais, le processus budg\u00e9taire provincial, la r\u00e9vision de la Loi sur les langues [&hellip;]<\/p>\n","protected":false},"author":7,"featured_media":0,"parent":0,"menu_order":5,"comment_status":"closed","ping_status":"closed","template":"","meta":{"site-sidebar-layout":"no-sidebar","site-content-layout":"page-builder","ast-site-content-layout":"default","site-content-style":"default","site-sidebar-style":"default","ast-global-header-display":"","ast-banner-title-visibility":"","ast-main-header-display":"","ast-hfb-above-header-display":"","ast-hfb-below-header-display":"","ast-hfb-mobile-header-display":"","site-post-title":"disabled","ast-breadcrumbs-content":"","ast-featured-img":"disabled","footer-sml-layout":"","ast-disable-related-posts":"","theme-transparent-header-meta":"default","adv-header-id-meta":"","stick-header-meta":"","header-above-stick-meta":"","header-main-stick-meta":"","header-below-stick-meta":"","astra-migrate-meta-layouts":"default","ast-page-background-enabled":"default","ast-page-background-meta":{"desktop":{"background-color":"var(--ast-global-color-4)","background-image":"","background-repeat":"repeat","background-position":"center center","background-size":"auto","background-attachment":"scroll","background-type":"","background-media":"","overlay-type":"","overlay-color":"","overlay-opacity":"","overlay-gradient":""},"tablet":{"background-color":"","background-image":"","background-repeat":"repeat","background-position":"center center","background-size":"auto","background-attachment":"scroll","background-type":"","background-media":"","overlay-type":"","overlay-color":"","overlay-opacity":"","overlay-gradient":""},"mobile":{"background-color":"","background-image":"","background-repeat":"repeat","background-position":"center center","background-size":"auto","background-attachment":"scroll","background-type":"","background-media":"","overlay-type":"","overlay-color":"","overlay-opacity":"","overlay-gradient":""}},"ast-content-background-meta":{"desktop":{"background-color":"var(--ast-global-color-5)","background-image":"","background-repeat":"repeat","background-position":"center center","background-size":"auto","background-attachment":"scroll","background-type":"","background-media":"","overlay-type":"","overlay-color":"","overlay-opacity":"","overlay-gradient":""},"tablet":{"background-color":"var(--ast-global-color-5)","background-image":"","background-repeat":"repeat","background-position":"center center","background-size":"auto","background-attachment":"scroll","background-type":"","background-media":"","overlay-type":"","overlay-color":"","overlay-opacity":"","overlay-gradient":""},"mobile":{"background-color":"var(--ast-global-color-5)","background-image":"","background-repeat":"repeat","background-position":"center center","background-size":"auto","background-attachment":"scroll","background-type":"","background-media":"","overlay-type":"","overlay-color":"","overlay-opacity":"","overlay-gradient":""}},"footnotes":""},"page-categories":[],"class_list":["post-7864","page","type-page","status-publish","hentry"],"_links":{"self":[{"href":"https:\/\/kiosque.acadienouvelle.com\/vie-50-01-2026\/wp-json\/wp\/v2\/pages\/7864","targetHints":{"allow":["GET"]}}],"collection":[{"href":"https:\/\/kiosque.acadienouvelle.com\/vie-50-01-2026\/wp-json\/wp\/v2\/pages"}],"about":[{"href":"https:\/\/kiosque.acadienouvelle.com\/vie-50-01-2026\/wp-json\/wp\/v2\/types\/page"}],"author":[{"embeddable":true,"href":"https:\/\/kiosque.acadienouvelle.com\/vie-50-01-2026\/wp-json\/wp\/v2\/users\/7"}],"replies":[{"embeddable":true,"href":"https:\/\/kiosque.acadienouvelle.com\/vie-50-01-2026\/wp-json\/wp\/v2\/comments?post=7864"}],"version-history":[{"count":28,"href":"https:\/\/kiosque.acadienouvelle.com\/vie-50-01-2026\/wp-json\/wp\/v2\/pages\/7864\/revisions"}],"predecessor-version":[{"id":7894,"href":"https:\/\/kiosque.acadienouvelle.com\/vie-50-01-2026\/wp-json\/wp\/v2\/pages\/7864\/revisions\/7894"}],"wp:attachment":[{"href":"https:\/\/kiosque.acadienouvelle.com\/vie-50-01-2026\/wp-json\/wp\/v2\/media?parent=7864"}],"wp:term":[{"taxonomy":"page-categories","embeddable":true,"href":"https:\/\/kiosque.acadienouvelle.com\/vie-50-01-2026\/wp-json\/wp\/v2\/page-categories?post=7864"}],"curies":[{"name":"wp","href":"https:\/\/api.w.org\/{rel}","templated":true}]}}