{"id":7928,"date":"2026-03-03T19:54:17","date_gmt":"2026-03-03T19:54:17","guid":{"rendered":"https:\/\/kiosque.acadienouvelle.com\/vie-50-01-2026\/personnes-anes-limportance-de-linclusion-et-la-participation-sociale\/"},"modified":"2026-03-04T13:38:36","modified_gmt":"2026-03-04T13:38:36","slug":"personnes-anes-limportance-de-linclusion-et-la-participation-sociale","status":"publish","type":"page","link":"https:\/\/kiosque.acadienouvelle.com\/vie-50-01-2026\/personnes-anes-limportance-de-linclusion-et-la-participation-sociale\/","title":{"rendered":"PERSONNES A\u00ceN\u00c9ES : L\u2019importance de l&rsquo;inclusion et la participation sociale"},"content":{"rendered":"\t\t<div data-elementor-type=\"wp-page\" data-elementor-id=\"7928\" class=\"elementor elementor-7928\" data-elementor-post-type=\"page\">\n\t\t\t\t\t\t<section class=\"elementor-section elementor-top-section elementor-element elementor-element-50c1b6e elementor-section-height-min-height header_title banner_img elementor-section-boxed elementor-section-height-default elementor-section-items-middle\" data-id=\"50c1b6e\" data-element_type=\"section\" data-e-type=\"section\" data-settings=\"{&quot;background_background&quot;:&quot;classic&quot;}\">\n\t\t\t\t\t\t\t<div class=\"elementor-background-overlay\"><\/div>\n\t\t\t\t\t\t\t<div class=\"elementor-container elementor-column-gap-default\">\n\t\t\t\t\t<div class=\"elementor-column elementor-col-100 elementor-top-column elementor-element elementor-element-3a2d241\" data-id=\"3a2d241\" data-element_type=\"column\" data-e-type=\"column\">\n\t\t\t<div class=\"elementor-widget-wrap elementor-element-populated\">\n\t\t\t\t\t\t<div class=\"elementor-element elementor-element-9673cd2 elementor-widget elementor-widget-heading\" data-id=\"9673cd2\" data-element_type=\"widget\" data-e-type=\"widget\" data-widget_type=\"heading.default\">\n\t\t\t\t<div class=\"elementor-widget-container\">\n\t\t\t\t\t<h2 class=\"elementor-heading-title elementor-size-default\">PERSONNES A\u00ceN\u00c9ES : L\u2019importance de l'inclusion et la participation sociale<\/h2>\t\t\t\t<\/div>\n\t\t\t\t<\/div>\n\t\t\t\t\t<\/div>\n\t\t<\/div>\n\t\t\t\t\t<\/div>\n\t\t<\/section>\n\t\t\t\t<section class=\"elementor-section elementor-top-section elementor-element elementor-element-d9a853a elementor-section-boxed elementor-section-height-default elementor-section-height-default\" data-id=\"d9a853a\" data-element_type=\"section\" data-e-type=\"section\">\n\t\t\t\t\t\t<div class=\"elementor-container elementor-column-gap-default\">\n\t\t\t\t\t<div class=\"elementor-column elementor-col-100 elementor-top-column elementor-element elementor-element-68d9c5a page_contain\" data-id=\"68d9c5a\" data-element_type=\"column\" data-e-type=\"column\" data-settings=\"{&quot;background_background&quot;:&quot;classic&quot;}\">\n\t\t\t<div class=\"elementor-widget-wrap elementor-element-populated\">\n\t\t\t\t\t\t<div class=\"elementor-element elementor-element-50f1f9b elementor-widget elementor-widget-image\" data-id=\"50f1f9b\" data-element_type=\"widget\" data-e-type=\"widget\" data-widget_type=\"image.default\">\n\t\t\t\t<div class=\"elementor-widget-container\">\n\t\t\t\t\t\t\t\t\t\t\t\t<figure class=\"wp-caption\">\n\t\t\t\t\t\t\t\t\t\t<img fetchpriority=\"high\" decoding=\"async\" width=\"1366\" height=\"768\" src=\"https:\/\/kiosque.acadienouvelle.com\/vie-50-01-2026\/wp-content\/uploads\/sites\/383\/2026\/03\/7-personnes_ainees_landing.jpg\" class=\"attachment-full size-full wp-image-7935\" alt=\"\" srcset=\"https:\/\/kiosque.acadienouvelle.com\/vie-50-01-2026\/wp-content\/uploads\/sites\/383\/2026\/03\/7-personnes_ainees_landing.jpg 1366w, https:\/\/kiosque.acadienouvelle.com\/vie-50-01-2026\/wp-content\/uploads\/sites\/383\/2026\/03\/7-personnes_ainees_landing-300x169.jpg 300w, https:\/\/kiosque.acadienouvelle.com\/vie-50-01-2026\/wp-content\/uploads\/sites\/383\/2026\/03\/7-personnes_ainees_landing-1024x576.jpg 1024w, https:\/\/kiosque.acadienouvelle.com\/vie-50-01-2026\/wp-content\/uploads\/sites\/383\/2026\/03\/7-personnes_ainees_landing-768x432.jpg 768w\" sizes=\"(max-width: 1366px) 100vw, 1366px\" \/>\t\t\t\t\t\t\t\t\t\t\t<figcaption class=\"widget-image-caption wp-caption-text\"><\/figcaption>\n\t\t\t\t\t\t\t\t\t\t<\/figure>\n\t\t\t\t\t\t\t\t\t<\/div>\n\t\t\t\t<\/div>\n\t\t<link rel=\"stylesheet\" href=\"https:\/\/use.fontawesome.com\/releases\/v5.5.0\/css\/all.css\" integrity=\"sha384-B4dIYHKNBt8Bc12p+WXckhzcICo0wtJAoU8YZTY5qE0Id1GSseTk6S+L3BlXeVIU\" crossorigin=\"anonymous\">\r\n\t\t<div class=\"elementor-element elementor-element-d0a0a3b mobile_pera elementor-widget elementor-widget-text-editor\" data-id=\"d0a0a3b\" data-element_type=\"widget\" data-e-type=\"widget\" data-widget_type=\"text-editor.default\">\n\t\t\t\t<div class=\"elementor-widget-container\">\n\t\t\t\t\t\t\t\t\t<p>L&rsquo;inclusion sociale des personnes a\u00een\u00e9es est un enjeu s\u00e9rieux car leur exclusion a des r\u00e9percussions sensibles sur la sant\u00e9 mentale et physique et constitut une perte immense pour l&rsquo;ensemble de nos communaut\u00e9s qui perdent des transmetteurs importants de la langue et de la culture fran\u00e7aises.<\/p>\t\t\t\t\t\t\t\t<\/div>\n\t\t\t\t<\/div>\n\t\t\t\t<div class=\"elementor-element elementor-element-fef0d31 elementor-widget elementor-widget-advertisement\" data-id=\"fef0d31\" data-element_type=\"widget\" data-e-type=\"widget\" data-widget_type=\"advertisement.default\">\n\t\t\t\t<div class=\"elementor-widget-container\">\n\t\t\t\t\t<div class=\"ads-align-center\"><div data-m32-ad data-options='{\"sizes\":\"[[300,250]]\",\"dfpId\":\"21658289790,27729547\",\"dfpAdUnitPath\":\"acadienouvelle\/cahiers_quarterpage_300x250\"}'><\/div><\/div>\t\t\t\t<\/div>\n\t\t\t\t<\/div>\n\t\t\t\t<div class=\"elementor-element elementor-element-41291df mobile_pera elementor-widget elementor-widget-text-editor\" data-id=\"41291df\" data-element_type=\"widget\" data-e-type=\"widget\" data-widget_type=\"text-editor.default\">\n\t\t\t\t<div class=\"elementor-widget-container\">\n\t\t\t\t\t\t\t\t\t<p>Dans les provinces de l&rsquo;Atlantique, les personnes a\u00een\u00e9es francophones sont vuln\u00e9rables \u00e0 l\u2019isolement social en raison de plusieurs facteurs de risque dont une population vieillissante plus importante que la moyenne nationale, des niveaux de scolarit\u00e9 g\u00e9n\u00e9ralement plus faibles ainsi que des obstacles \u00e0 l&rsquo;acc\u00e8s aux services n\u00e9cessaires pour maintenir la sant\u00e9 et l&rsquo;autonomie.<\/p>\t\t\t\t\t\t\t\t<\/div>\n\t\t\t\t<\/div>\n\t\t\t\t<div class=\"elementor-element elementor-element-90a3aea mobile_pera elementor-widget elementor-widget-text-editor\" data-id=\"90a3aea\" data-element_type=\"widget\" data-e-type=\"widget\" data-widget_type=\"text-editor.default\">\n\t\t\t\t<div class=\"elementor-widget-container\">\n\t\t\t\t\t\t\t\t\t<p>Avec l&rsquo;appui de la F\u00e9d\u00e9ration des a\u00een\u00e9es et a\u00een\u00e9s francophones du Canada (FAAFC) et gr\u00e2ce \u00e0 la collaboration de nombreux partenaires, l&rsquo;Association francophone des a\u00een\u00e9es et a\u00een\u00e9s du Nouveau-Brunswick (AFANB) joue un r\u00f4le d\u00e9terminant dans l&rsquo;atteinte et la mise en \u0153uvre de ces priorit\u00e9s. Parmi les initiatives structurantes d\u00e9ploy\u00e9es, un projet d\u2019impact collectif est r\u00e9alis\u00e9 en partenariat avec la CBDC Restigouche. Cette d\u00e9marche vise \u00e0 g\u00e9n\u00e9rer des retomb\u00e9es durables et concr\u00e8tes pour les communaut\u00e9s a\u00een\u00e9es francophones des provinces de l&rsquo;Atlantique. Ce projet est financ\u00e9 en partie par le programme de Nouveaux Horizons pour les a\u00een\u00e9s du gouvernement du Canada.<\/p>\t\t\t\t\t\t\t\t<\/div>\n\t\t\t\t<\/div>\n\t\t\t\t<div class=\"elementor-element elementor-element-9b3ce5f mobile_pera elementor-widget elementor-widget-text-editor\" data-id=\"9b3ce5f\" data-element_type=\"widget\" data-e-type=\"widget\" data-widget_type=\"text-editor.default\">\n\t\t\t\t<div class=\"elementor-widget-container\">\n\t\t\t\t\t\t\t\t\t<p>De m\u00eame, l&rsquo;Agence r\u00e9sidentielle Restigouche, la Commission des services r\u00e9gionaux Nord-Ouest (CSRNO), l&rsquo;Association canadienne de sant\u00e9 mentale de Grand-Sault (ACSM), le Conseil pour le d\u00e9veloppement de l&rsquo;alphab\u00e9tisme et des comp\u00e9tences des adultes du Nouveau-Brunswick (CODAC NB) ainsi que le Mouvement acadien des communaut\u00e9s en sant\u00e9 (MACS-NB) arrivent \u00e0 coordonner une panoplie d&rsquo;activit\u00e9s et services de tous genres.<\/p>\t\t\t\t\t\t\t\t<\/div>\n\t\t\t\t<\/div>\n\t\t\t\t<div class=\"elementor-element elementor-element-da530a1 mobile_pera elementor-widget elementor-widget-text-editor\" data-id=\"da530a1\" data-element_type=\"widget\" data-e-type=\"widget\" data-widget_type=\"text-editor.default\">\n\t\t\t\t<div class=\"elementor-widget-container\">\n\t\t\t\t\t\t\t\t\t<p>Tous ces organismes partenaires arrivent \u00e0 am\u00e9liorer les conditions de vie des personnes a\u00een\u00e9es. L\u2019AFANB se dit choy\u00e9e de pouvoir compter sur ces partenariats et les remercie chaleureusement pour leur appui.<\/p>\t\t\t\t\t\t\t\t<\/div>\n\t\t\t\t<\/div>\n\t\t\t\t<div class=\"elementor-element elementor-element-74263c8 mobile_pera elementor-widget elementor-widget-text-editor\" data-id=\"74263c8\" data-element_type=\"widget\" data-e-type=\"widget\" data-widget_type=\"text-editor.default\">\n\t\t\t\t<div class=\"elementor-widget-container\">\n\t\t\t\t\t\t\t\t\t<p><b>LES PRIORIT\u00c9S :<\/b><br \/><span style=\"font-style: inherit; font-weight: inherit;\"><br \/>Am\u00e9liorer les conditions de vie de la population a\u00een\u00e9e \u00e0 travers l&rsquo;ensemble des d\u00e9terminants de la sant\u00e9, en mettant l&rsquo;accent sur le soutien social, la proche aidance, les arts et la culture, la litt\u00e9ratie et l&rsquo;\u00e9ducation, l&#8217;employabilit\u00e9, le logement et le transport communautaire.<\/span><\/p><ul><li>Faciliter l&rsquo;acc\u00e8s des personnes a\u00een\u00e9es \u00e0 un plus grand nombre d&rsquo;activit\u00e9s, de programmes et de services en fran\u00e7ais.<\/li><li>Mettre en valeur ou projeter une image positive des personnes a\u00een\u00e9es et du vieillissement et reconna\u00eetre leur riche contribution \u00e0 la vitalit\u00e9 sociale, \u00e9conomique et culturelle de leur communaut\u00e9.<\/li><li>Renforcer les comp\u00e9tences num\u00e9riques et accro\u00eetre l&rsquo;acc\u00e8s aux technologies num\u00e9riques.<\/li><\/ul>\t\t\t\t\t\t\t\t<\/div>\n\t\t\t\t<\/div>\n\t\t\t\t\t<\/div>\n\t\t<\/div>\n\t\t\t\t\t<\/div>\n\t\t<\/section>\n\t\t\t\t<\/div>\n\t\t","protected":false},"excerpt":{"rendered":"<p>PERSONNES A\u00ceN\u00c9ES : L\u2019importance de l&rsquo;inclusion et la participation sociale L&rsquo;inclusion sociale des personnes a\u00een\u00e9es est un enjeu s\u00e9rieux car leur exclusion a des r\u00e9percussions sensibles sur la sant\u00e9 mentale et physique et constitut une perte immense pour l&rsquo;ensemble de nos communaut\u00e9s qui perdent des transmetteurs importants de la langue et de la culture fran\u00e7aises. [&hellip;]<\/p>\n","protected":false},"author":7,"featured_media":0,"parent":0,"menu_order":7,"comment_status":"closed","ping_status":"closed","template":"","meta":{"site-sidebar-layout":"no-sidebar","site-content-layout":"page-builder","ast-site-content-layout":"default","site-content-style":"default","site-sidebar-style":"default","ast-global-header-display":"","ast-banner-title-visibility":"","ast-main-header-display":"","ast-hfb-above-header-display":"","ast-hfb-below-header-display":"","ast-hfb-mobile-header-display":"","site-post-title":"disabled","ast-breadcrumbs-content":"","ast-featured-img":"disabled","footer-sml-layout":"","ast-disable-related-posts":"","theme-transparent-header-meta":"default","adv-header-id-meta":"","stick-header-meta":"","header-above-stick-meta":"","header-main-stick-meta":"","header-below-stick-meta":"","astra-migrate-meta-layouts":"default","ast-page-background-enabled":"default","ast-page-background-meta":{"desktop":{"background-color":"var(--ast-global-color-4)","background-image":"","background-repeat":"repeat","background-position":"center center","background-size":"auto","background-attachment":"scroll","background-type":"","background-media":"","overlay-type":"","overlay-color":"","overlay-opacity":"","overlay-gradient":""},"tablet":{"background-color":"","background-image":"","background-repeat":"repeat","background-position":"center center","background-size":"auto","background-attachment":"scroll","background-type":"","background-media":"","overlay-type":"","overlay-color":"","overlay-opacity":"","overlay-gradient":""},"mobile":{"background-color":"","background-image":"","background-repeat":"repeat","background-position":"center center","background-size":"auto","background-attachment":"scroll","background-type":"","background-media":"","overlay-type":"","overlay-color":"","overlay-opacity":"","overlay-gradient":""}},"ast-content-background-meta":{"desktop":{"background-color":"var(--ast-global-color-5)","background-image":"","background-repeat":"repeat","background-position":"center center","background-size":"auto","background-attachment":"scroll","background-type":"","background-media":"","overlay-type":"","overlay-color":"","overlay-opacity":"","overlay-gradient":""},"tablet":{"background-color":"var(--ast-global-color-5)","background-image":"","background-repeat":"repeat","background-position":"center center","background-size":"auto","background-attachment":"scroll","background-type":"","background-media":"","overlay-type":"","overlay-color":"","overlay-opacity":"","overlay-gradient":""},"mobile":{"background-color":"var(--ast-global-color-5)","background-image":"","background-repeat":"repeat","background-position":"center center","background-size":"auto","background-attachment":"scroll","background-type":"","background-media":"","overlay-type":"","overlay-color":"","overlay-opacity":"","overlay-gradient":""}},"footnotes":""},"page-categories":[],"class_list":["post-7928","page","type-page","status-publish","hentry"],"_links":{"self":[{"href":"https:\/\/kiosque.acadienouvelle.com\/vie-50-01-2026\/wp-json\/wp\/v2\/pages\/7928","targetHints":{"allow":["GET"]}}],"collection":[{"href":"https:\/\/kiosque.acadienouvelle.com\/vie-50-01-2026\/wp-json\/wp\/v2\/pages"}],"about":[{"href":"https:\/\/kiosque.acadienouvelle.com\/vie-50-01-2026\/wp-json\/wp\/v2\/types\/page"}],"author":[{"embeddable":true,"href":"https:\/\/kiosque.acadienouvelle.com\/vie-50-01-2026\/wp-json\/wp\/v2\/users\/7"}],"replies":[{"embeddable":true,"href":"https:\/\/kiosque.acadienouvelle.com\/vie-50-01-2026\/wp-json\/wp\/v2\/comments?post=7928"}],"version-history":[{"count":12,"href":"https:\/\/kiosque.acadienouvelle.com\/vie-50-01-2026\/wp-json\/wp\/v2\/pages\/7928\/revisions"}],"predecessor-version":[{"id":7942,"href":"https:\/\/kiosque.acadienouvelle.com\/vie-50-01-2026\/wp-json\/wp\/v2\/pages\/7928\/revisions\/7942"}],"wp:attachment":[{"href":"https:\/\/kiosque.acadienouvelle.com\/vie-50-01-2026\/wp-json\/wp\/v2\/media?parent=7928"}],"wp:term":[{"taxonomy":"page-categories","embeddable":true,"href":"https:\/\/kiosque.acadienouvelle.com\/vie-50-01-2026\/wp-json\/wp\/v2\/page-categories?post=7928"}],"curies":[{"name":"wp","href":"https:\/\/api.w.org\/{rel}","templated":true}]}}