{"id":7963,"date":"2025-12-24T19:39:17","date_gmt":"2025-12-24T19:39:17","guid":{"rendered":"https:\/\/kiosque.acadienouvelle.com\/voeux-an-2025\/veille-du-jour-de-lan-dexcellentes-suggestions-pour-clbrer-la-nouvelle-anne\/"},"modified":"2025-12-24T19:47:45","modified_gmt":"2025-12-24T19:47:45","slug":"veille-du-jour-de-lan-dexcellentes-suggestions-pour-clbrer-la-nouvelle-anne","status":"publish","type":"page","link":"https:\/\/kiosque.acadienouvelle.com\/voeux-an-2025\/veille-du-jour-de-lan-dexcellentes-suggestions-pour-clbrer-la-nouvelle-anne\/","title":{"rendered":"Veille du jour de l\u2019An &#8211; D\u2019excellentes suggestions pour c\u00e9l\u00e9brer la nouvelle ann\u00e9e!"},"content":{"rendered":"\t\t<div data-elementor-type=\"wp-page\" data-elementor-id=\"7963\" class=\"elementor elementor-7963\" data-elementor-post-type=\"page\">\n\t\t\t\t\t\t<section class=\"elementor-section elementor-top-section elementor-element elementor-element-50c1b6e elementor-section-height-min-height header_title banner_img elementor-section-boxed elementor-section-height-default elementor-section-items-middle\" data-id=\"50c1b6e\" data-element_type=\"section\" data-e-type=\"section\" data-settings=\"{&quot;background_background&quot;:&quot;classic&quot;}\">\n\t\t\t\t\t\t\t<div class=\"elementor-background-overlay\"><\/div>\n\t\t\t\t\t\t\t<div class=\"elementor-container elementor-column-gap-default\">\n\t\t\t\t\t<div class=\"elementor-column elementor-col-100 elementor-top-column elementor-element elementor-element-3a2d241\" data-id=\"3a2d241\" data-element_type=\"column\" data-e-type=\"column\">\n\t\t\t<div class=\"elementor-widget-wrap elementor-element-populated\">\n\t\t\t\t\t\t<div class=\"elementor-element elementor-element-9673cd2 elementor-widget elementor-widget-heading\" data-id=\"9673cd2\" data-element_type=\"widget\" data-e-type=\"widget\" data-widget_type=\"heading.default\">\n\t\t\t\t<div class=\"elementor-widget-container\">\n\t\t\t\t\t<h2 class=\"elementor-heading-title elementor-size-default\">Veille du jour de l\u2019An - D\u2019excellentes suggestions pour c\u00e9l\u00e9brer la nouvelle ann\u00e9e!<span style=\"font-style: inherit\"><\/span><\/h2>\t\t\t\t<\/div>\n\t\t\t\t<\/div>\n\t\t\t\t\t<\/div>\n\t\t<\/div>\n\t\t\t\t\t<\/div>\n\t\t<\/section>\n\t\t\t\t<section class=\"elementor-section elementor-top-section elementor-element elementor-element-d9a853a elementor-section-boxed elementor-section-height-default elementor-section-height-default\" data-id=\"d9a853a\" data-element_type=\"section\" data-e-type=\"section\">\n\t\t\t\t\t\t<div class=\"elementor-container elementor-column-gap-default\">\n\t\t\t\t\t<div class=\"elementor-column elementor-col-100 elementor-top-column elementor-element elementor-element-68d9c5a page_contain\" data-id=\"68d9c5a\" data-element_type=\"column\" data-e-type=\"column\" data-settings=\"{&quot;background_background&quot;:&quot;classic&quot;}\">\n\t\t\t<div class=\"elementor-widget-wrap elementor-element-populated\">\n\t\t\t\t\t\t<div class=\"elementor-element elementor-element-50f1f9b elementor-widget elementor-widget-image\" data-id=\"50f1f9b\" data-element_type=\"widget\" data-e-type=\"widget\" data-widget_type=\"image.default\">\n\t\t\t\t<div class=\"elementor-widget-container\">\n\t\t\t\t\t\t\t\t\t\t\t\t<figure class=\"wp-caption\">\n\t\t\t\t\t\t\t\t\t\t<img fetchpriority=\"high\" decoding=\"async\" width=\"1366\" height=\"768\" src=\"https:\/\/kiosque.acadienouvelle.com\/voeux-an-2025\/wp-content\/uploads\/sites\/375\/2025\/12\/5-dexcellentes_suggestions_landing.jpg\" class=\"attachment-full size-full wp-image-7968\" alt=\"\" srcset=\"https:\/\/kiosque.acadienouvelle.com\/voeux-an-2025\/wp-content\/uploads\/sites\/375\/2025\/12\/5-dexcellentes_suggestions_landing.jpg 1366w, https:\/\/kiosque.acadienouvelle.com\/voeux-an-2025\/wp-content\/uploads\/sites\/375\/2025\/12\/5-dexcellentes_suggestions_landing-300x169.jpg 300w, https:\/\/kiosque.acadienouvelle.com\/voeux-an-2025\/wp-content\/uploads\/sites\/375\/2025\/12\/5-dexcellentes_suggestions_landing-1024x576.jpg 1024w, https:\/\/kiosque.acadienouvelle.com\/voeux-an-2025\/wp-content\/uploads\/sites\/375\/2025\/12\/5-dexcellentes_suggestions_landing-768x432.jpg 768w\" sizes=\"(max-width: 1366px) 100vw, 1366px\" \/>\t\t\t\t\t\t\t\t\t\t\t<figcaption class=\"widget-image-caption wp-caption-text\"><\/figcaption>\n\t\t\t\t\t\t\t\t\t\t<\/figure>\n\t\t\t\t\t\t\t\t\t<\/div>\n\t\t\t\t<\/div>\n\t\t<link rel=\"stylesheet\" href=\"https:\/\/use.fontawesome.com\/releases\/v5.5.0\/css\/all.css\" integrity=\"sha384-B4dIYHKNBt8Bc12p+WXckhzcICo0wtJAoU8YZTY5qE0Id1GSseTk6S+L3BlXeVIU\" crossorigin=\"anonymous\">\r\n\t\t<div class=\"elementor-element elementor-element-d0a0a3b mobile_pera elementor-widget elementor-widget-text-editor\" data-id=\"d0a0a3b\" data-element_type=\"widget\" data-e-type=\"widget\" data-widget_type=\"text-editor.default\">\n\t\t\t\t<div class=\"elementor-widget-container\">\n\t\t\t\t\t\t\t\t\t<p>Une fois le champagne sabl\u00e9, invitez vos convives \u00e0 inscrire sur un bout de papier leur r\u00e9solution, leur objectif ou leur souhait pour l\u2019ann\u00e9e \u00e0 venir, puis \u00e0 d\u00e9poser ce papier dans la bouteille de champagne vide. Une fois la bouteille scell\u00e9e, faites-vous la promesse de l\u2019ouvrir dans un an, histoire de v\u00e9rifier ce qui a tenu la route!<\/p>\t\t\t\t\t\t\t\t<\/div>\n\t\t\t\t<\/div>\n\t\t\t\t<div class=\"elementor-element elementor-element-b38577e elementor-widget elementor-widget-advertisement\" data-id=\"b38577e\" data-element_type=\"widget\" data-e-type=\"widget\" data-widget_type=\"advertisement.default\">\n\t\t\t\t<div class=\"elementor-widget-container\">\n\t\t\t\t\t<div class=\"ads-align-center\"><div data-m32-ad data-options='{\"sizes\":\"[[300,100]]\",\"dfpId\":\"21658289790,27729547\",\"dfpAdUnitPath\":\"acadienouvelle\/cahiers_onefifthpage_300x100\"}'><\/div><\/div>\t\t\t\t<\/div>\n\t\t\t\t<\/div>\n\t\t\t\t<div class=\"elementor-element elementor-element-0b6ad93 mobile_pera elementor-widget elementor-widget-text-editor\" data-id=\"0b6ad93\" data-element_type=\"widget\" data-e-type=\"widget\" data-widget_type=\"text-editor.default\">\n\t\t\t\t<div class=\"elementor-widget-container\">\n\t\t\t\t\t\t\t\t\t<p><b>Conviez vos invit\u00e9s \u00e0 une soir\u00e9e des Oscars<\/b><\/p>\t\t\t\t\t\t\t\t<\/div>\n\t\t\t\t<\/div>\n\t\t\t\t<div class=\"elementor-element elementor-element-74263c8 mobile_pera elementor-widget elementor-widget-text-editor\" data-id=\"74263c8\" data-element_type=\"widget\" data-e-type=\"widget\" data-widget_type=\"text-editor.default\">\n\t\t\t\t<div class=\"elementor-widget-container\">\n\t\t\t\t\t\t\t\t\t<p>Tenue chic obligatoire, \u00e7a va de soi. Le but : partager de belles d\u00e9couvertes et favoriser la discussion tout en s\u2019amusant. Histoire de bien pr\u00e9parer la f\u00eate, ajoutez \u00e0 vos cartons d\u2019invitation un questionnaire que vos amis devront remplir et vous retourner. Quelques id\u00e9es de questions : \u00ab Quel a \u00e9t\u00e9, en 2025, votre resto pr\u00e9f\u00e9r\u00e9? La meilleure pi\u00e8ce de th\u00e9\u00e2tre et le meilleur film? La chanson de l\u2019ann\u00e9e? L\u2019\u00e9v\u00e9nement sportif le plus marquant? \u00bb Compilez les r\u00e9sultats que vous d\u00e9voilerez durant la soir\u00e9e. Attribuez des prix symboliques pour chaque cat\u00e9gorie. Cela vous fera un souvenir \u00e0 encadrer pour vous rappeler longtemps cette soir\u00e9e m\u00e9morable.<\/p>\t\t\t\t\t\t\t\t<\/div>\n\t\t\t\t<\/div>\n\t\t\t\t<div class=\"elementor-element elementor-element-ce32663 mobile_pera elementor-widget elementor-widget-text-editor\" data-id=\"ce32663\" data-element_type=\"widget\" data-e-type=\"widget\" data-widget_type=\"text-editor.default\">\n\t\t\t\t<div class=\"elementor-widget-container\">\n\t\t\t\t\t\t\t\t\t<p><b>Faites revivre une tradition familiale<\/b><\/p>\t\t\t\t\t\t\t\t<\/div>\n\t\t\t\t<\/div>\n\t\t\t\t<div class=\"elementor-element elementor-element-dfa0c4d mobile_pera elementor-widget elementor-widget-text-editor\" data-id=\"dfa0c4d\" data-element_type=\"widget\" data-e-type=\"widget\" data-widget_type=\"text-editor.default\">\n\t\t\t\t<div class=\"elementor-widget-container\">\n\t\t\t\t\t\t\t\t\t<p>\u00a0Il peut s\u2019agir du m\u00e9morable party pyjama de tante Alice, du brunch familial du jour de l\u2019An ou encore de la b\u00e9n\u00e9diction paternelle. En partageant un moment heureux d\u2019autrefois, vous arriverez \u00e0 la nouvelle ann\u00e9e le sourire aux <br \/>l\u00e8vres. Promis!<\/p>\t\t\t\t\t\t\t\t<\/div>\n\t\t\t\t<\/div>\n\t\t\t\t<div class=\"elementor-element elementor-element-b6debca mobile_pera elementor-widget elementor-widget-text-editor\" data-id=\"b6debca\" data-element_type=\"widget\" data-e-type=\"widget\" data-widget_type=\"text-editor.default\">\n\t\t\t\t<div class=\"elementor-widget-container\">\n\t\t\t\t\t\t\t\t\t<p><b>Organisez votre propre\u00a0<\/b><b style=\"font-style: inherit;\">Bye Bye!<\/b><\/p><div>\u00a0<\/div>\t\t\t\t\t\t\t\t<\/div>\n\t\t\t\t<\/div>\n\t\t\t\t<div class=\"elementor-element elementor-element-1ae37fb mobile_pera elementor-widget elementor-widget-text-editor\" data-id=\"1ae37fb\" data-element_type=\"widget\" data-e-type=\"widget\" data-widget_type=\"text-editor.default\">\n\t\t\t\t<div class=\"elementor-widget-container\">\n\t\t\t\t\t\t\t\t\t<p>Demandez \u00e0 vos convives de raconter une anecdote, un \u00e9v\u00e9nement rigolo ou un moment tendre v\u00e9cu durant l\u2019ann\u00e9e qui s\u2019ach\u00e8ve. Seule consigne : les propos blessants et humiliants sont bannis.<\/p>\t\t\t\t\t\t\t\t<\/div>\n\t\t\t\t<\/div>\n\t\t\t\t<div class=\"elementor-element elementor-element-f3def1a mobile_pera elementor-widget elementor-widget-text-editor\" data-id=\"f3def1a\" data-element_type=\"widget\" data-e-type=\"widget\" data-widget_type=\"text-editor.default\">\n\t\t\t\t<div class=\"elementor-widget-container\">\n\t\t\t\t\t\t\t\t\t<p><b>Avisez vos invit\u00e9s de s\u2019habiller chaudement<\/b><\/p>\t\t\t\t\t\t\t\t<\/div>\n\t\t\t\t<\/div>\n\t\t\t\t<div class=\"elementor-element elementor-element-01920fc mobile_pera elementor-widget elementor-widget-text-editor\" data-id=\"01920fc\" data-element_type=\"widget\" data-e-type=\"widget\" data-widget_type=\"text-editor.default\">\n\t\t\t\t<div class=\"elementor-widget-container\">\n\t\t\t\t\t\t\t\t\t<p>Car le passage \u00e0 l\u2019an 2026 sera marqu\u00e9 par une f\u00eate lumineuse&#8230; \u00e0 l\u2019ext\u00e9rieur! Pour l\u2019occasion, illuminez le jardin avec des dizaines de lampions dispos\u00e9s dans des pots pos\u00e9s au sol. Autour de 23 h 30, invitez vos convives \u00e0 prendre place autour d\u2019un foyer ext\u00e9rieur. Sortez les bulles, puis demandez-leur d\u2019inscrire sur un papier une mauvaise habitude dont ils veulent se d\u00e9barrasser et, sur un autre, un voeu pour la nouvelle ann\u00e9e. Chaque papier contenant un voeu sera ensuite gliss\u00e9 \u00e0 l\u2019int\u00e9rieur d\u2019un ballon. \u00c0 minuit, tous les ballons seront l\u00e2ch\u00e9s dans le ciel, tandis que les autres papiers seront jet\u00e9s au feu pour \u00eatre consum\u00e9s. Ces gestes symboliseront l\u2019espoir d\u2019un renouveau pour chacun d\u2019entre vous.<\/p>\t\t\t\t\t\t\t\t<\/div>\n\t\t\t\t<\/div>\n\t\t\t\t<div class=\"elementor-element elementor-element-097c5d9 mobile_pera elementor-widget elementor-widget-text-editor\" data-id=\"097c5d9\" data-element_type=\"widget\" data-e-type=\"widget\" data-widget_type=\"text-editor.default\">\n\t\t\t\t<div class=\"elementor-widget-container\">\n\t\t\t\t\t\t\t\t\t<p><b>\u00a0Demandez \u00e0 vos invit\u00e9s d\u2019apporter un objet<\/b><\/p>\t\t\t\t\t\t\t\t<\/div>\n\t\t\t\t<\/div>\n\t\t\t\t<div class=\"elementor-element elementor-element-f5be823 mobile_pera elementor-widget elementor-widget-text-editor\" data-id=\"f5be823\" data-element_type=\"widget\" data-e-type=\"widget\" data-widget_type=\"text-editor.default\">\n\t\t\t\t<div class=\"elementor-widget-container\">\n\t\t\t\t\t\t\t\t\t<p>On parle ici d\u2019un objet qui a \u00e9t\u00e9 significatif pour eux en 2025, comme un souvenir de voyage, la cl\u00e9 d\u2019une nouvelle maison, une photo d\u2019un premier petit-enfant ou un outil li\u00e9 \u00e0 une nouvelle passion (exemple, un pinceau d\u2019artiste). Trente minutes avant le d\u00e9compte, ils expliqueront \u00e0 tour de r\u00f4le pourquoi leur objet souvenir a \u00e9t\u00e9 important.<\/p>\t\t\t\t\t\t\t\t<\/div>\n\t\t\t\t<\/div>\n\t\t\t\t<div class=\"elementor-element elementor-element-72f9dbe mobile_pera elementor-widget elementor-widget-text-editor\" data-id=\"72f9dbe\" data-element_type=\"widget\" data-e-type=\"widget\" data-widget_type=\"text-editor.default\">\n\t\t\t\t<div class=\"elementor-widget-container\">\n\t\t\t\t\t\t\t\t\t<p><b>\u00a0Commencez l\u2019ann\u00e9e sous le signe du partage<\/b><\/p>\t\t\t\t\t\t\t\t<\/div>\n\t\t\t\t<\/div>\n\t\t\t\t<div class=\"elementor-element elementor-element-0948613 mobile_pera elementor-widget elementor-widget-text-editor\" data-id=\"0948613\" data-element_type=\"widget\" data-e-type=\"widget\" data-widget_type=\"text-editor.default\">\n\t\t\t\t<div class=\"elementor-widget-container\">\n\t\t\t\t\t\t\t\t\t<p>\u00c7a peut se faire en proposant de faire du b\u00e9n\u00e9volat en famille (ou avec des amis) au jour de l\u2019An. Offrez quelques heures de votre temps aux plus d\u00e9munis ou aux gens seuls en servant des repas dans les organismes d\u2019aide aux sans-abri ou encore en visitant des malades \u00e0 l\u2019h\u00f4pital. Autre fa\u00e7on de faire : organisez une activit\u00e9 \u00ab Donner au suivant \u00bb. Chaque convive doit faire une bonne action pour un autre invit\u00e9 en 2026 (exemples : l\u2019aider \u00e0 d\u00e9m\u00e9nager, lui pr\u00e9parer des conserves, le v\u00e9hiculer pour un rendez-vous chez le m\u00e9decin).<\/p>\t\t\t\t\t\t\t\t<\/div>\n\t\t\t\t<\/div>\n\t\t\t\t<div class=\"elementor-element elementor-element-250c72d mobile_pera elementor-widget elementor-widget-text-editor\" data-id=\"250c72d\" data-element_type=\"widget\" data-e-type=\"widget\" data-widget_type=\"text-editor.default\">\n\t\t\t\t<div class=\"elementor-widget-container\">\n\t\t\t\t\t\t\t\t\t<p>Source : https:\/\/lebelage.ca<\/p>\t\t\t\t\t\t\t\t<\/div>\n\t\t\t\t<\/div>\n\t\t\t\t\t<\/div>\n\t\t<\/div>\n\t\t\t\t\t<\/div>\n\t\t<\/section>\n\t\t\t\t<\/div>\n\t\t","protected":false},"excerpt":{"rendered":"<p>Veille du jour de l\u2019An &#8211; D\u2019excellentes suggestions pour c\u00e9l\u00e9brer la nouvelle ann\u00e9e! Une fois le champagne sabl\u00e9, invitez vos convives \u00e0 inscrire sur un bout de papier leur r\u00e9solution, leur objectif ou leur souhait pour l\u2019ann\u00e9e \u00e0 venir, puis \u00e0 d\u00e9poser ce papier dans la bouteille de champagne vide. Une fois la bouteille scell\u00e9e, [&hellip;]<\/p>\n","protected":false},"author":7,"featured_media":0,"parent":0,"menu_order":5,"comment_status":"closed","ping_status":"closed","template":"","meta":{"site-sidebar-layout":"no-sidebar","site-content-layout":"page-builder","ast-site-content-layout":"default","site-content-style":"default","site-sidebar-style":"default","ast-global-header-display":"","ast-banner-title-visibility":"","ast-main-header-display":"","ast-hfb-above-header-display":"","ast-hfb-below-header-display":"","ast-hfb-mobile-header-display":"","site-post-title":"disabled","ast-breadcrumbs-content":"","ast-featured-img":"disabled","footer-sml-layout":"","ast-disable-related-posts":"","theme-transparent-header-meta":"default","adv-header-id-meta":"","stick-header-meta":"","header-above-stick-meta":"","header-main-stick-meta":"","header-below-stick-meta":"","astra-migrate-meta-layouts":"default","ast-page-background-enabled":"default","ast-page-background-meta":{"desktop":{"background-color":"var(--ast-global-color-4)","background-image":"","background-repeat":"repeat","background-position":"center center","background-size":"auto","background-attachment":"scroll","background-type":"","background-media":"","overlay-type":"","overlay-color":"","overlay-opacity":"","overlay-gradient":""},"tablet":{"background-color":"","background-image":"","background-repeat":"repeat","background-position":"center center","background-size":"auto","background-attachment":"scroll","background-type":"","background-media":"","overlay-type":"","overlay-color":"","overlay-opacity":"","overlay-gradient":""},"mobile":{"background-color":"","background-image":"","background-repeat":"repeat","background-position":"center center","background-size":"auto","background-attachment":"scroll","background-type":"","background-media":"","overlay-type":"","overlay-color":"","overlay-opacity":"","overlay-gradient":""}},"ast-content-background-meta":{"desktop":{"background-color":"var(--ast-global-color-5)","background-image":"","background-repeat":"repeat","background-position":"center center","background-size":"auto","background-attachment":"scroll","background-type":"","background-media":"","overlay-type":"","overlay-color":"","overlay-opacity":"","overlay-gradient":""},"tablet":{"background-color":"var(--ast-global-color-5)","background-image":"","background-repeat":"repeat","background-position":"center center","background-size":"auto","background-attachment":"scroll","background-type":"","background-media":"","overlay-type":"","overlay-color":"","overlay-opacity":"","overlay-gradient":""},"mobile":{"background-color":"var(--ast-global-color-5)","background-image":"","background-repeat":"repeat","background-position":"center center","background-size":"auto","background-attachment":"scroll","background-type":"","background-media":"","overlay-type":"","overlay-color":"","overlay-opacity":"","overlay-gradient":""}},"footnotes":""},"page-categories":[],"class_list":["post-7963","page","type-page","status-publish","hentry"],"_links":{"self":[{"href":"https:\/\/kiosque.acadienouvelle.com\/voeux-an-2025\/wp-json\/wp\/v2\/pages\/7963","targetHints":{"allow":["GET"]}}],"collection":[{"href":"https:\/\/kiosque.acadienouvelle.com\/voeux-an-2025\/wp-json\/wp\/v2\/pages"}],"about":[{"href":"https:\/\/kiosque.acadienouvelle.com\/voeux-an-2025\/wp-json\/wp\/v2\/types\/page"}],"author":[{"embeddable":true,"href":"https:\/\/kiosque.acadienouvelle.com\/voeux-an-2025\/wp-json\/wp\/v2\/users\/7"}],"replies":[{"embeddable":true,"href":"https:\/\/kiosque.acadienouvelle.com\/voeux-an-2025\/wp-json\/wp\/v2\/comments?post=7963"}],"version-history":[{"count":13,"href":"https:\/\/kiosque.acadienouvelle.com\/voeux-an-2025\/wp-json\/wp\/v2\/pages\/7963\/revisions"}],"predecessor-version":[{"id":7977,"href":"https:\/\/kiosque.acadienouvelle.com\/voeux-an-2025\/wp-json\/wp\/v2\/pages\/7963\/revisions\/7977"}],"wp:attachment":[{"href":"https:\/\/kiosque.acadienouvelle.com\/voeux-an-2025\/wp-json\/wp\/v2\/media?parent=7963"}],"wp:term":[{"taxonomy":"page-categories","embeddable":true,"href":"https:\/\/kiosque.acadienouvelle.com\/voeux-an-2025\/wp-json\/wp\/v2\/page-categories?post=7963"}],"curies":[{"name":"wp","href":"https:\/\/api.w.org\/{rel}","templated":true}]}}